{"id":583,"date":"2015-11-26T17:31:47","date_gmt":"2015-11-26T17:31:47","guid":{"rendered":"https:\/\/www.tgreguol.com.br\/blog\/?page_id=583"},"modified":"2026-01-14T17:32:32","modified_gmt":"2026-01-14T17:32:32","slug":"viver-mata-2003","status":"publish","type":"page","link":"https:\/\/www.tgreguol.com.br\/blog\/literatura\/viver-mata-2003\/","title":{"rendered":"Viver Mata"},"content":{"rendered":"<p style=\"text-align: justify;\"><strong>Viver Mata<\/strong><br \/>\n<a href=\"https:\/\/onerpm.link\/5291041734\">OU\u00c7A J\u00c1!<\/a><\/p>\n<p style=\"text-align: justify;\"><a href=\"https:\/\/www.tgreguol.com.br\/blog\/1771-2\/\" target=\"_blank\" rel=\"noopener noreferrer\">POESIAS<\/a><\/p>\n<p style=\"text-align: justify;\">2003<\/p>\n<p style=\"text-align: justify;\">Meu segundo\u00a0livro de poesia. Vinha com um CD encartado com os 7 poemas musicados ou interpretados e com ilustra\u00e7\u00f5es para cada um deles.<\/p>\n<p style=\"text-align: center;\"><strong>Viver Mata na vis\u00e3o po\u00e9tica e musical de T. Greguol<\/strong><\/p>\n<p style=\"text-align: center;\"><em>O jovem artista lan\u00e7a seu segundo projeto, o livro-cd Viver Mata, que mescla poesia e m\u00fasica.<\/em><\/p>\n<p style=\"text-align: left;\">A capacidade de reunir emo\u00e7\u00f5es e pensamentos, transferindo-as para o papel \u00e9 um talento que v\u00e1rias pessoas apresentam. Mas a capacidade de acreditar e transformar esse talento em algo palp\u00e1vel s\u00f3 acontece em alguns casos, como o de T. Greguol, 25, poeta, m\u00fasico e um corajoso que lan\u00e7a sua segunda obra, Viver Mata (livro e CD), de forma independente, no pr\u00f3ximo dia 7 de junho, no Centro Brasileiro Brit\u00e2nico.<\/p>\n<p style=\"text-align: left;\">Em Viver Mata, o leitor ir\u00e1 encontrar os pensamentos de Greguol sobre a vida e a morte, religi\u00e3o e filosofia, pais e filhos, ci\u00eancia, amor. \u201cEscrevi essas poesias ap\u00f3s certo tempo sem escrever, numa \u00e9poca em que v\u00e1rios fatos negativos estavam acontecendo. Dois conhecidos de inf\u00e2ncia foram assassinados, uma amiga passou por uma experi\u00eancia muito desagrad\u00e1vel\u201d. Greguol decidiu abordar esses assuntos utilizando a estrutura dos contos de fadas, com introdu\u00e7\u00e3o e ep\u00edlogo redentor. \u201cTentei n\u00e3o ser manique\u00edsta, pessimista ou \u2018polian\u00edsta\u2019, tentei mostrar que tudo acontece uma \u00fanica vez, sem ser bom ou ruim e que tentar mudar o que aconteceu \u00e9 pura perda de tempo\u201d.<\/p>\n<p style=\"text-align: left;\">Os mesmos temas tamb\u00e9m serviram de inspira\u00e7\u00e3o no seu projeto anterior, Catarse, mas desta vez as poesias est\u00e3o mais relacionadas ao t\u00edtulo. E por falar nisso, por que Viver Mata? \u201cOuvi essa frase pela primeira vez em um filme da TV Cultura, em 1990 e ela ficou gravada na minha cabe\u00e7a. Quando paramos para pensar, vemos que morrer \u00e9 a \u00fanica regra que nunca ter\u00e1 exce\u00e7\u00e3o. E por elimina\u00e7\u00e3o, a \u00fanica coisa que pode fazer algu\u00e9m morrer \u00e9, em resumo, a vida. Logo, viver mata\u201d, explica Greguol.<\/p>\n<p style=\"text-align: left;\">De acordo com Greguol, o projeto Viver Mata come\u00e7ou quando ele decidiu que alguns poemas teriam desenhos de diferentes pessoas para ilustrar o que se lia. Depois, ele notou que esse material poderia se expandir para uma abordagem multim\u00eddia e decidiu musicar as poesias e transform\u00e1-las em um CD. \u201cNo final, a parte musical de Viver Mata ganhou tanto f\u00f4lego que acabou se tornando um projeto independente, a banda Katarse. J\u00e1 temos planos de gravar um cd pr\u00f3prio s\u00f3 nosso\u201d.<\/p>\n<p style=\"text-align: left;\">A noite de aut\u00f3grafos acontece no dia 07 de junho, s\u00e1bado, a partir das 19h30, no Centro Brasileiro Brit\u00e2nico. O livro-cd ser\u00e1 vendido por R$ 15,00.<\/p>\n<p style=\"text-align: left;\">Servi\u00e7o<br \/>\nNoite de Lan\u00e7amento \u2013 Viver Mata<br \/>\nDATA: 7 de junho de 2003, a partir das 19h30<br \/>\nLOCAL: Centro Brasileiro Brit\u00e2nico (4\u00b0 andar)<br \/>\nRua Ferreira de Ara\u00fajo, 741 Pinheiros &#8211; S\u00e3o Paulo\/SP<br \/>\nN\u00famero de p\u00e1ginas: 40<br \/>\nPre\u00e7o: R$ 15,00 (no lan\u00e7amento)<\/p>\n","protected":false},"excerpt":{"rendered":"<p>Viver Mata OU\u00c7A J\u00c1! POESIAS 2003 Meu segundo\u00a0livro de poesia. \u2026<\/p>\n<p class=\"continue-reading-button\"> <a class=\"continue-reading-link\" href=\"https:\/\/www.tgreguol.com.br\/blog\/literatura\/viver-mata-2003\/\">Leia Mais<i class=\"crycon-right-dir\"><\/i><\/a><\/p>\n","protected":false},"author":1,"featured_media":0,"parent":45,"menu_order":0,"comment_status":"closed","ping_status":"closed","template":"","meta":{"nf_dc_page":"","_exactmetrics_skip_tracking":false,"_exactmetrics_sitenote_active":false,"_exactmetrics_sitenote_note":"","_exactmetrics_sitenote_category":0,"footnotes":""},"class_list":["post-583","page","type-page","status-publish","hentry"],"yoast_head":"<!-- This site is optimized with the Yoast SEO plugin v27.5 - https:\/\/yoast.com\/product\/yoast-seo-wordpress\/ -->\n<title>Viver Mata - T. Greguol<\/title>\n<meta name=\"robots\" content=\"index, follow, max-snippet:-1, max-image-preview:large, max-video-preview:-1\" \/>\n<link rel=\"canonical\" href=\"https:\/\/www.tgreguol.com.br\/blog\/literatura\/viver-mata-2003\/\" \/>\n<meta property=\"og:locale\" content=\"pt_BR\" \/>\n<meta property=\"og:type\" content=\"article\" \/>\n<meta property=\"og:title\" content=\"Viver Mata (2003) - T. Greguol\" \/>\n<meta property=\"og:description\" content=\"Meu segundo livro de poesia. Vinha com um CD encartado com os 7 poemas musicados ou interpretados e com ilustra\u00e7\u00f5es para cada um deles.\" \/>\n<meta property=\"og:url\" content=\"https:\/\/www.tgreguol.com.br\/blog\/literatura\/viver-mata-2003\/\" \/>\n<meta property=\"og:site_name\" content=\"T. Greguol\" \/>\n<meta property=\"article:publisher\" content=\"https:\/\/www.facebook.com\/tgreguol\" \/>\n<meta property=\"article:modified_time\" content=\"2026-01-14T17:32:32+00:00\" \/>\n<meta property=\"og:image\" content=\"https:\/\/www.tgreguol.com.br\/blog\/wp-content\/uploads\/2015\/11\/viver-mata.jpg\" \/>\n\t<meta property=\"og:image:width\" content=\"1200\" \/>\n\t<meta property=\"og:image:height\" content=\"628\" \/>\n\t<meta property=\"og:image:type\" content=\"image\/jpeg\" \/>\n<meta name=\"twitter:card\" content=\"summary_large_image\" \/>\n<meta name=\"twitter:site\" content=\"@katarse\" \/>\n<meta name=\"twitter:label1\" content=\"Est. tempo de leitura\" \/>\n\t<meta name=\"twitter:data1\" content=\"3 minutos\" \/>\n<script type=\"application\/ld+json\" class=\"yoast-schema-graph\">{\"@context\":\"https:\\\/\\\/schema.org\",\"@graph\":[{\"@type\":\"WebPage\",\"@id\":\"https:\\\/\\\/www.tgreguol.com.br\\\/blog\\\/literatura\\\/viver-mata-2003\\\/\",\"url\":\"https:\\\/\\\/www.tgreguol.com.br\\\/blog\\\/literatura\\\/viver-mata-2003\\\/\",\"name\":\"Viver Mata - T. Greguol\",\"isPartOf\":{\"@id\":\"https:\\\/\\\/www.tgreguol.com.br\\\/blog\\\/#website\"},\"datePublished\":\"2015-11-26T17:31:47+00:00\",\"dateModified\":\"2026-01-14T17:32:32+00:00\",\"breadcrumb\":{\"@id\":\"https:\\\/\\\/www.tgreguol.com.br\\\/blog\\\/literatura\\\/viver-mata-2003\\\/#breadcrumb\"},\"inLanguage\":\"pt-BR\",\"potentialAction\":[{\"@type\":\"ReadAction\",\"target\":[\"https:\\\/\\\/www.tgreguol.com.br\\\/blog\\\/literatura\\\/viver-mata-2003\\\/\"]}]},{\"@type\":\"BreadcrumbList\",\"@id\":\"https:\\\/\\\/www.tgreguol.com.br\\\/blog\\\/literatura\\\/viver-mata-2003\\\/#breadcrumb\",\"itemListElement\":[{\"@type\":\"ListItem\",\"position\":1,\"name\":\"In\u00edcio\",\"item\":\"https:\\\/\\\/www.tgreguol.com.br\\\/blog\\\/\"},{\"@type\":\"ListItem\",\"position\":2,\"name\":\"Literatura\",\"item\":\"https:\\\/\\\/www.tgreguol.com.br\\\/blog\\\/literatura\\\/\"},{\"@type\":\"ListItem\",\"position\":3,\"name\":\"Viver Mata\"}]},{\"@type\":\"WebSite\",\"@id\":\"https:\\\/\\\/www.tgreguol.com.br\\\/blog\\\/#website\",\"url\":\"https:\\\/\\\/www.tgreguol.com.br\\\/blog\\\/\",\"name\":\"T. Greguol\",\"description\":\"Imaginador\",\"potentialAction\":[{\"@type\":\"SearchAction\",\"target\":{\"@type\":\"EntryPoint\",\"urlTemplate\":\"https:\\\/\\\/www.tgreguol.com.br\\\/blog\\\/?s={search_term_string}\"},\"query-input\":{\"@type\":\"PropertyValueSpecification\",\"valueRequired\":true,\"valueName\":\"search_term_string\"}}],\"inLanguage\":\"pt-BR\"}]}<\/script>\n<!-- \/ Yoast SEO plugin. -->","yoast_head_json":{"title":"Viver Mata - T. Greguol","robots":{"index":"index","follow":"follow","max-snippet":"max-snippet:-1","max-image-preview":"max-image-preview:large","max-video-preview":"max-video-preview:-1"},"canonical":"https:\/\/www.tgreguol.com.br\/blog\/literatura\/viver-mata-2003\/","og_locale":"pt_BR","og_type":"article","og_title":"Viver Mata (2003) - T. Greguol","og_description":"Meu segundo livro de poesia. Vinha com um CD encartado com os 7 poemas musicados ou interpretados e com ilustra\u00e7\u00f5es para cada um deles.","og_url":"https:\/\/www.tgreguol.com.br\/blog\/literatura\/viver-mata-2003\/","og_site_name":"T. Greguol","article_publisher":"https:\/\/www.facebook.com\/tgreguol","article_modified_time":"2026-01-14T17:32:32+00:00","og_image":[{"width":1200,"height":628,"url":"https:\/\/www.tgreguol.com.br\/blog\/wp-content\/uploads\/2015\/11\/viver-mata.jpg","type":"image\/jpeg"}],"twitter_card":"summary_large_image","twitter_site":"@katarse","twitter_misc":{"Est. tempo de leitura":"3 minutos"},"schema":{"@context":"https:\/\/schema.org","@graph":[{"@type":"WebPage","@id":"https:\/\/www.tgreguol.com.br\/blog\/literatura\/viver-mata-2003\/","url":"https:\/\/www.tgreguol.com.br\/blog\/literatura\/viver-mata-2003\/","name":"Viver Mata - T. Greguol","isPartOf":{"@id":"https:\/\/www.tgreguol.com.br\/blog\/#website"},"datePublished":"2015-11-26T17:31:47+00:00","dateModified":"2026-01-14T17:32:32+00:00","breadcrumb":{"@id":"https:\/\/www.tgreguol.com.br\/blog\/literatura\/viver-mata-2003\/#breadcrumb"},"inLanguage":"pt-BR","potentialAction":[{"@type":"ReadAction","target":["https:\/\/www.tgreguol.com.br\/blog\/literatura\/viver-mata-2003\/"]}]},{"@type":"BreadcrumbList","@id":"https:\/\/www.tgreguol.com.br\/blog\/literatura\/viver-mata-2003\/#breadcrumb","itemListElement":[{"@type":"ListItem","position":1,"name":"In\u00edcio","item":"https:\/\/www.tgreguol.com.br\/blog\/"},{"@type":"ListItem","position":2,"name":"Literatura","item":"https:\/\/www.tgreguol.com.br\/blog\/literatura\/"},{"@type":"ListItem","position":3,"name":"Viver Mata"}]},{"@type":"WebSite","@id":"https:\/\/www.tgreguol.com.br\/blog\/#website","url":"https:\/\/www.tgreguol.com.br\/blog\/","name":"T. Greguol","description":"Imaginador","potentialAction":[{"@type":"SearchAction","target":{"@type":"EntryPoint","urlTemplate":"https:\/\/www.tgreguol.com.br\/blog\/?s={search_term_string}"},"query-input":{"@type":"PropertyValueSpecification","valueRequired":true,"valueName":"search_term_string"}}],"inLanguage":"pt-BR"}]}},"_links":{"self":[{"href":"https:\/\/www.tgreguol.com.br\/blog\/wp-json\/wp\/v2\/pages\/583","targetHints":{"allow":["GET"]}}],"collection":[{"href":"https:\/\/www.tgreguol.com.br\/blog\/wp-json\/wp\/v2\/pages"}],"about":[{"href":"https:\/\/www.tgreguol.com.br\/blog\/wp-json\/wp\/v2\/types\/page"}],"author":[{"embeddable":true,"href":"https:\/\/www.tgreguol.com.br\/blog\/wp-json\/wp\/v2\/users\/1"}],"replies":[{"embeddable":true,"href":"https:\/\/www.tgreguol.com.br\/blog\/wp-json\/wp\/v2\/comments?post=583"}],"version-history":[{"count":18,"href":"https:\/\/www.tgreguol.com.br\/blog\/wp-json\/wp\/v2\/pages\/583\/revisions"}],"predecessor-version":[{"id":3801,"href":"https:\/\/www.tgreguol.com.br\/blog\/wp-json\/wp\/v2\/pages\/583\/revisions\/3801"}],"up":[{"embeddable":true,"href":"https:\/\/www.tgreguol.com.br\/blog\/wp-json\/wp\/v2\/pages\/45"}],"wp:attachment":[{"href":"https:\/\/www.tgreguol.com.br\/blog\/wp-json\/wp\/v2\/media?parent=583"}],"curies":[{"name":"wp","href":"https:\/\/api.w.org\/{rel}","templated":true}]}}