{"id":508,"date":"2015-11-25T00:59:09","date_gmt":"2015-11-25T00:59:09","guid":{"rendered":"https:\/\/www.tgreguol.com.br\/blog\/?page_id=508"},"modified":"2017-03-31T12:48:12","modified_gmt":"2017-03-31T12:48:12","slug":"os-fantoches","status":"publish","type":"page","link":"https:\/\/www.tgreguol.com.br\/blog\/os-fantoches\/","title":{"rendered":"Os Fantoches de T. Greguol"},"content":{"rendered":"<p style=\"text-align: justify;\">Fa\u00e7o uns curtas com Fantoches Monstros. A trilha sonora desses curtas \u00e9 feita em maioria pelo <a href=\"https:\/\/www.facebook.com\/suatia?fref=ts\">Eric Hirsch<\/a> e eu s\u00f3 dou uns pitacos. Confiram nosso trabalho aqui, j\u00e1 aqora, vai!<\/p>\n<p><iframe loading=\"lazy\" width=\"900\" height=\"506\" src=\"https:\/\/www.youtube.com\/embed\/b2UYVcoaZ2E?feature=oembed\" frameborder=\"0\" allowfullscreen><\/iframe><\/p>\n<p>Adorou? Quer ajudar a fazer mais?: <a href=\"https:\/\/www.tgreguol.com.br\/blog\/ajude-os-fantoches-de-t-greguol\/\" target=\"_blank\"><strong>CLIQUE AQUI<\/strong><\/a>!<\/p>\n<p>Ou\u00e7a aqui a trilha sonora: <a href=\"https:\/\/www.youtube.com\/watch?v=b2UYVcoaZ2E\" target=\"_blank\">Youtube<\/a> &#8211; <a href=\"https:\/\/soundcloud.com\/katarse\/sets\/trilha-sonora-do-epis-dio-1\" target=\"_blank\">Soundcloud<\/a><\/p>\n<p>Quer ver mais fotos dos bonecos e da feitura?:\u00a0<a href=\"https:\/\/www.flickr.com\/photos\/107304083@N07\/albums\/72157660870484539\" target=\"_blank\"><strong>Clique\u00a0aqui!<\/strong><\/a><\/p>\n","protected":false},"excerpt":{"rendered":"<p>Fa\u00e7o uns curtas com Fantoches Monstros. A trilha sonora desses \u2026<\/p>\n<p class=\"continue-reading-button\"> <a class=\"continue-reading-link\" href=\"https:\/\/www.tgreguol.com.br\/blog\/os-fantoches\/\">Leia Mais<i class=\"crycon-right-dir\"><\/i><\/a><\/p>\n","protected":false},"author":1,"featured_media":0,"parent":0,"menu_order":0,"comment_status":"closed","ping_status":"closed","template":"","meta":{"nf_dc_page":"","_exactmetrics_skip_tracking":false,"_exactmetrics_sitenote_active":false,"_exactmetrics_sitenote_note":"","_exactmetrics_sitenote_category":0,"footnotes":""},"class_list":["post-508","page","type-page","status-publish","hentry"],"yoast_head":"<!-- This site is optimized with the Yoast SEO plugin v27.5 - https:\/\/yoast.com\/product\/yoast-seo-wordpress\/ -->\n<title>Os Fantoches de T. Greguol - T. Greguol<\/title>\n<meta name=\"robots\" content=\"index, follow, max-snippet:-1, max-image-preview:large, max-video-preview:-1\" \/>\n<link rel=\"canonical\" href=\"https:\/\/www.tgreguol.com.br\/blog\/os-fantoches\/\" \/>\n<meta property=\"og:locale\" content=\"pt_BR\" \/>\n<meta property=\"og:type\" content=\"article\" \/>\n<meta property=\"og:title\" content=\"Trilha sonora dos Fantoches de T. Greguol\" \/>\n<meta property=\"og:description\" content=\"Lembram que eu disse que fa\u00e7o uns curtas com fantoches monstros? Pois \u00e9, a trilha sonora desses curtas \u00e9 feita em maioria pelo Eric Hirsch e eu s\u00f3 dou uns pitacos. Confiram nosso trabalho aqui, j\u00e1 agora, vai: http:\/\/bit.ly\/2m7Zumv\" \/>\n<meta property=\"og:url\" content=\"https:\/\/www.tgreguol.com.br\/blog\/os-fantoches\/\" \/>\n<meta property=\"og:site_name\" content=\"T. Greguol\" \/>\n<meta property=\"article:publisher\" content=\"https:\/\/www.facebook.com\/tgreguol\" \/>\n<meta property=\"article:modified_time\" content=\"2017-03-31T12:48:12+00:00\" \/>\n<meta property=\"og:image\" content=\"https:\/\/i0.wp.com\/www.tgreguol.com.br\/blog\/wp-content\/uploads\/2015\/11\/22955117050_e329d9f70f_o.jpg?fit=1024%2C1024\" \/>\n\t<meta property=\"og:image:width\" content=\"1024\" \/>\n\t<meta property=\"og:image:height\" content=\"1024\" \/>\n\t<meta property=\"og:image:type\" content=\"image\/jpeg\" \/>\n<meta name=\"twitter:card\" content=\"summary_large_image\" \/>\n<meta name=\"twitter:site\" content=\"@katarse\" \/>\n<script type=\"application\/ld+json\" class=\"yoast-schema-graph\">{\"@context\":\"https:\\\/\\\/schema.org\",\"@graph\":[{\"@type\":\"WebPage\",\"@id\":\"https:\\\/\\\/www.tgreguol.com.br\\\/blog\\\/os-fantoches\\\/\",\"url\":\"https:\\\/\\\/www.tgreguol.com.br\\\/blog\\\/os-fantoches\\\/\",\"name\":\"Os Fantoches de T. Greguol - T. Greguol\",\"isPartOf\":{\"@id\":\"https:\\\/\\\/www.tgreguol.com.br\\\/blog\\\/#website\"},\"datePublished\":\"2015-11-25T00:59:09+00:00\",\"dateModified\":\"2017-03-31T12:48:12+00:00\",\"breadcrumb\":{\"@id\":\"https:\\\/\\\/www.tgreguol.com.br\\\/blog\\\/os-fantoches\\\/#breadcrumb\"},\"inLanguage\":\"pt-BR\",\"potentialAction\":[{\"@type\":\"ReadAction\",\"target\":[\"https:\\\/\\\/www.tgreguol.com.br\\\/blog\\\/os-fantoches\\\/\"]}]},{\"@type\":\"BreadcrumbList\",\"@id\":\"https:\\\/\\\/www.tgreguol.com.br\\\/blog\\\/os-fantoches\\\/#breadcrumb\",\"itemListElement\":[{\"@type\":\"ListItem\",\"position\":1,\"name\":\"In\u00edcio\",\"item\":\"https:\\\/\\\/www.tgreguol.com.br\\\/blog\\\/\"},{\"@type\":\"ListItem\",\"position\":2,\"name\":\"Os Fantoches de T. Greguol\"}]},{\"@type\":\"WebSite\",\"@id\":\"https:\\\/\\\/www.tgreguol.com.br\\\/blog\\\/#website\",\"url\":\"https:\\\/\\\/www.tgreguol.com.br\\\/blog\\\/\",\"name\":\"T. Greguol\",\"description\":\"Imaginador\",\"potentialAction\":[{\"@type\":\"SearchAction\",\"target\":{\"@type\":\"EntryPoint\",\"urlTemplate\":\"https:\\\/\\\/www.tgreguol.com.br\\\/blog\\\/?s={search_term_string}\"},\"query-input\":{\"@type\":\"PropertyValueSpecification\",\"valueRequired\":true,\"valueName\":\"search_term_string\"}}],\"inLanguage\":\"pt-BR\"}]}<\/script>\n<!-- \/ Yoast SEO plugin. -->","yoast_head_json":{"title":"Os Fantoches de T. Greguol - T. Greguol","robots":{"index":"index","follow":"follow","max-snippet":"max-snippet:-1","max-image-preview":"max-image-preview:large","max-video-preview":"max-video-preview:-1"},"canonical":"https:\/\/www.tgreguol.com.br\/blog\/os-fantoches\/","og_locale":"pt_BR","og_type":"article","og_title":"Trilha sonora dos Fantoches de T. Greguol","og_description":"Lembram que eu disse que fa\u00e7o uns curtas com fantoches monstros? Pois \u00e9, a trilha sonora desses curtas \u00e9 feita em maioria pelo Eric Hirsch e eu s\u00f3 dou uns pitacos. Confiram nosso trabalho aqui, j\u00e1 agora, vai: http:\/\/bit.ly\/2m7Zumv","og_url":"https:\/\/www.tgreguol.com.br\/blog\/os-fantoches\/","og_site_name":"T. Greguol","article_publisher":"https:\/\/www.facebook.com\/tgreguol","article_modified_time":"2017-03-31T12:48:12+00:00","og_image":[{"width":1024,"height":1024,"url":"https:\/\/i0.wp.com\/www.tgreguol.com.br\/blog\/wp-content\/uploads\/2015\/11\/22955117050_e329d9f70f_o.jpg?fit=1024%2C1024","type":"image\/jpeg"}],"twitter_card":"summary_large_image","twitter_site":"@katarse","schema":{"@context":"https:\/\/schema.org","@graph":[{"@type":"WebPage","@id":"https:\/\/www.tgreguol.com.br\/blog\/os-fantoches\/","url":"https:\/\/www.tgreguol.com.br\/blog\/os-fantoches\/","name":"Os Fantoches de T. Greguol - T. Greguol","isPartOf":{"@id":"https:\/\/www.tgreguol.com.br\/blog\/#website"},"datePublished":"2015-11-25T00:59:09+00:00","dateModified":"2017-03-31T12:48:12+00:00","breadcrumb":{"@id":"https:\/\/www.tgreguol.com.br\/blog\/os-fantoches\/#breadcrumb"},"inLanguage":"pt-BR","potentialAction":[{"@type":"ReadAction","target":["https:\/\/www.tgreguol.com.br\/blog\/os-fantoches\/"]}]},{"@type":"BreadcrumbList","@id":"https:\/\/www.tgreguol.com.br\/blog\/os-fantoches\/#breadcrumb","itemListElement":[{"@type":"ListItem","position":1,"name":"In\u00edcio","item":"https:\/\/www.tgreguol.com.br\/blog\/"},{"@type":"ListItem","position":2,"name":"Os Fantoches de T. Greguol"}]},{"@type":"WebSite","@id":"https:\/\/www.tgreguol.com.br\/blog\/#website","url":"https:\/\/www.tgreguol.com.br\/blog\/","name":"T. Greguol","description":"Imaginador","potentialAction":[{"@type":"SearchAction","target":{"@type":"EntryPoint","urlTemplate":"https:\/\/www.tgreguol.com.br\/blog\/?s={search_term_string}"},"query-input":{"@type":"PropertyValueSpecification","valueRequired":true,"valueName":"search_term_string"}}],"inLanguage":"pt-BR"}]}},"_links":{"self":[{"href":"https:\/\/www.tgreguol.com.br\/blog\/wp-json\/wp\/v2\/pages\/508","targetHints":{"allow":["GET"]}}],"collection":[{"href":"https:\/\/www.tgreguol.com.br\/blog\/wp-json\/wp\/v2\/pages"}],"about":[{"href":"https:\/\/www.tgreguol.com.br\/blog\/wp-json\/wp\/v2\/types\/page"}],"author":[{"embeddable":true,"href":"https:\/\/www.tgreguol.com.br\/blog\/wp-json\/wp\/v2\/users\/1"}],"replies":[{"embeddable":true,"href":"https:\/\/www.tgreguol.com.br\/blog\/wp-json\/wp\/v2\/comments?post=508"}],"version-history":[{"count":14,"href":"https:\/\/www.tgreguol.com.br\/blog\/wp-json\/wp\/v2\/pages\/508\/revisions"}],"predecessor-version":[{"id":2100,"href":"https:\/\/www.tgreguol.com.br\/blog\/wp-json\/wp\/v2\/pages\/508\/revisions\/2100"}],"wp:attachment":[{"href":"https:\/\/www.tgreguol.com.br\/blog\/wp-json\/wp\/v2\/media?parent=508"}],"curies":[{"name":"wp","href":"https:\/\/api.w.org\/{rel}","templated":true}]}}