{"id":504,"date":"2015-11-25T00:57:48","date_gmt":"2015-11-25T00:57:48","guid":{"rendered":"https:\/\/www.tgreguol.com.br\/blog\/?page_id=504"},"modified":"2020-11-11T02:23:32","modified_gmt":"2020-11-11T02:23:32","slug":"banda-katarse","status":"publish","type":"page","link":"https:\/\/www.tgreguol.com.br\/blog\/banda-katarse\/","title":{"rendered":"Banda Katarse"},"content":{"rendered":"<p style=\"text-align: justify;\">Em 2002 lancei um livro, \u201c<a href=\"https:\/\/www.tgreguol.com.br\/blog\/literatura\/catarse-2002\/\" target=\"_blank\" rel=\"noopener noreferrer\">Catarse<\/a>\u201d e em 2003, o &#8220;<a href=\"https:\/\/www.tgreguol.com.br\/blog\/literatura\/viver-mata-2003\/\" target=\"_blank\" rel=\"noopener noreferrer\">Viver Mata<\/a>&#8220;. Mas como ningu\u00e9m lia minhas poesias, decidi montar uma banda para cantar o que antes escrevia, a <a href=\"https:\/\/www.tgreguol.com.br\/blog\/banda-katarse\/albuns\/\" target=\"_blank\" rel=\"noopener noreferrer\">KATARSE<\/a>. Em 2004 lan\u00e7amos &#8220;<a href=\"https:\/\/www.tgreguol.com.br\/blog\/banda-katarse\/a-monstruosa-panaceia-de-bodisatva\/\" target=\"_blank\" rel=\"noopener noreferrer\">A Monstruosa Panaceia de Bodisatva<\/a>&#8220;. Mais confiantes, unimos for\u00e7as com o produtor <a href=\"https:\/\/www.facebook.com\/gui.vieira.54?fref=ts\" target=\"_blank\" rel=\"noopener noreferrer\">biu<\/a> e em 2005 lan\u00e7amos \u201c<a href=\"https:\/\/www.tgreguol.com.br\/blog\/banda-katarse\/a-prosaica-onipresenca-da-criatura\/\" target=\"_blank\" rel=\"noopener noreferrer\">A Prosaica Onipresen\u00e7a da Criatura<\/a>\u201d. Assim como o \u201c<a href=\"https:\/\/www.tgreguol.com.br\/blog\/banda-katarse\/a-obtusa-simplicidade-do-ser\/\" target=\"_blank\" rel=\"noopener noreferrer\">A Obtusa Simplicidade do Ser<\/a>\u201d em 2008, que conta com a participa\u00e7\u00e3o de <a href=\"https:\/\/www.facebook.com\/andreabujamraoficial\/?fref=ts\" target=\"_blank\" rel=\"noopener noreferrer\">Andr\u00e9 Abujamra<\/a>. A KATARSE \u00e9 uma banda de m\u00fasica \u201cdan\u00e7antefilos\u00f3ficafuriosatosca&#8221; e o show \u00e9 bem divertido. E aconteceu de 2002 a 2015.<br \/><br \/><span class=\"Apple-converted-space\"><a href=\"https:\/\/www.tgreguol.com.br\/blog\/banda-katarse\/albuns\/\" target=\"_blank\" rel=\"noopener noreferrer\">\u00c1LBUNS<\/a>\u00a0\u2013 <a href=\"https:\/\/www.youtube.com\/watch?v=ZR5ZEVYrYzM&amp;list=PL2B36E3C2716FA073&amp;index=1\" target=\"_blank\" rel=\"noopener noreferrer\">Clipes<\/a> \u2013 <a href=\"https:\/\/www.tgreguol.com.br\/blog\/imprensa-2-2\/historico-de-show\/\" target=\"_blank\" rel=\"noopener noreferrer\">Hist\u00f3rico de Shows<\/a>\u00a0\u2013 <a href=\"https:\/\/www.tgreguol.com.br\/blog\/imprensa-2-2\/materias\/\" target=\"_blank\" rel=\"noopener noreferrer\">Mat\u00e9rias<\/a>\u00a0\u2013\u00a0 <a href=\"http:\/\/bit.ly\/1MNhQw7\" target=\"_blank\" rel=\"noopener noreferrer\">Fotos<\/a> \u2013\u00a0 <a href=\"https:\/\/www.facebook.com\/KATARSE-279042764459\/timeline\/\" target=\"_blank\" rel=\"noopener noreferrer\">Facebook <\/a>\u00a0&#8211; <a href=\"https:\/\/www.tgreguol.com.br\/blog\/letras\/\" target=\"_blank\" rel=\"noopener noreferrer\">Letras<\/a><\/span><\/p>\n<p style=\"text-align: justify;\"><strong>A Katarse foi:<\/strong><br \/><a href=\"https:\/\/www.facebook.com\/tersiogreguol?fref=ts\" target=\"_blank\" rel=\"noopener noreferrer\">T. Greguol<\/a>, vocal (2002 &#8211; 2015)<br \/><a href=\"https:\/\/www.facebook.com\/mario.amorececchini?fref=ts\" target=\"_blank\" rel=\"noopener noreferrer\">M\u00e1rio Amore<\/a>, guitarra (2002 &#8211; 2015)<br \/><a href=\"https:\/\/www.facebook.com\/kleber.e.rocha?fref=ts\" target=\"_blank\" rel=\"noopener noreferrer\">Bibinho<\/a>, bateria (2005 &#8211; 2009, 2015)<br \/><a href=\"https:\/\/www.facebook.com\/amorececchini?fref=ts\" target=\"_blank\" rel=\"noopener noreferrer\">Miggy<\/a>, baixo (2005 &#8211; 2009, 2011, 2015)<br \/><a href=\"https:\/\/www.facebook.com\/ederson.lima.5?fref=ts\" target=\"_blank\" rel=\"noopener noreferrer\">Eddie<\/a>, trombone (2012 &#8211; 2015)<br \/><a href=\"https:\/\/www.facebook.com\/victor.desousa.96?fref=ts\" target=\"_blank\" rel=\"noopener noreferrer\">Victor De Souza<\/a>, trompete (2012 &#8211; 2015)<br \/><a href=\"https:\/\/www.facebook.com\/sonny.cancio?fref=ts\" target=\"_blank\" rel=\"noopener noreferrer\">Sonny<\/a>, saxofone (2012 &#8211; 2015)<br \/><a href=\"https:\/\/www.facebook.com\/gutu.galuppo?fref=ts\" target=\"_blank\" rel=\"noopener noreferrer\">Gutu Galuppo<\/a>, baixo (2002 &#8211; 2004, 2012 &#8211; 2013)<br \/><a href=\"https:\/\/www.facebook.com\/artur.attarian?fref=ts\" target=\"_blank\" rel=\"noopener noreferrer\">Artur Attarian<\/a>, bateria (2002 &#8211; 2004)<br \/><a href=\"https:\/\/www.facebook.com\/gustavo.scripelliti?fref=ts\" target=\"_blank\" rel=\"noopener noreferrer\">Gustavo Scripelliti<\/a>, bateria (2011 &#8211; 2013)<br \/><a href=\"https:\/\/www.facebook.com\/maximus.karecas?fref=ts\" target=\"_blank\" rel=\"noopener noreferrer\">Max<\/a>, baixo (2005)<\/p>\n\n\n<p><\/p>\n","protected":false},"excerpt":{"rendered":"<p>Em 2002 lancei um livro, \u201cCatarse\u201d e em 2003, o \u2026<\/p>\n<p class=\"continue-reading-button\"> <a class=\"continue-reading-link\" href=\"https:\/\/www.tgreguol.com.br\/blog\/banda-katarse\/\">Leia Mais<i class=\"crycon-right-dir\"><\/i><\/a><\/p>\n","protected":false},"author":1,"featured_media":0,"parent":0,"menu_order":0,"comment_status":"closed","ping_status":"closed","template":"","meta":{"nf_dc_page":"","_exactmetrics_skip_tracking":false,"_exactmetrics_sitenote_active":false,"_exactmetrics_sitenote_note":"","_exactmetrics_sitenote_category":0,"footnotes":""},"class_list":["post-504","page","type-page","status-publish","hentry"],"yoast_head":"<!-- This site is optimized with the Yoast SEO plugin v27.5 - https:\/\/yoast.com\/product\/yoast-seo-wordpress\/ -->\n<title>Banda Katarse - T. Greguol<\/title>\n<meta name=\"robots\" content=\"index, follow, max-snippet:-1, max-image-preview:large, max-video-preview:-1\" \/>\n<link rel=\"canonical\" href=\"https:\/\/www.tgreguol.com.br\/blog\/banda-katarse\/\" \/>\n<meta property=\"og:locale\" content=\"pt_BR\" \/>\n<meta property=\"og:type\" content=\"article\" \/>\n<meta property=\"og:title\" content=\"KATARSE (2002 - 2015)\" \/>\n<meta property=\"og:description\" content=\"Ou\u00e7a e veja tudo que a Katarse produziu em seus 13 anos de vida.\" \/>\n<meta property=\"og:url\" content=\"https:\/\/www.tgreguol.com.br\/blog\/banda-katarse\/\" \/>\n<meta property=\"og:site_name\" content=\"T. Greguol\" \/>\n<meta property=\"article:publisher\" content=\"https:\/\/www.facebook.com\/tgreguol\" \/>\n<meta property=\"article:modified_time\" content=\"2020-11-11T02:23:32+00:00\" \/>\n<meta property=\"og:image\" content=\"https:\/\/i0.wp.com\/www.tgreguol.com.br\/blog\/wp-content\/uploads\/2015\/11\/Logo-Mascote1.jpg?fit=1200%2C628\" \/>\n\t<meta property=\"og:image:width\" content=\"1200\" \/>\n\t<meta property=\"og:image:height\" content=\"628\" \/>\n\t<meta property=\"og:image:type\" content=\"image\/jpeg\" \/>\n<meta name=\"twitter:card\" content=\"summary_large_image\" \/>\n<meta name=\"twitter:site\" content=\"@katarse\" \/>\n<meta name=\"twitter:label1\" content=\"Est. tempo de leitura\" \/>\n\t<meta name=\"twitter:data1\" content=\"1 minuto\" \/>\n<script type=\"application\/ld+json\" class=\"yoast-schema-graph\">{\"@context\":\"https:\\\/\\\/schema.org\",\"@graph\":[{\"@type\":\"WebPage\",\"@id\":\"https:\\\/\\\/www.tgreguol.com.br\\\/blog\\\/banda-katarse\\\/\",\"url\":\"https:\\\/\\\/www.tgreguol.com.br\\\/blog\\\/banda-katarse\\\/\",\"name\":\"Banda Katarse - T. Greguol\",\"isPartOf\":{\"@id\":\"https:\\\/\\\/www.tgreguol.com.br\\\/blog\\\/#website\"},\"datePublished\":\"2015-11-25T00:57:48+00:00\",\"dateModified\":\"2020-11-11T02:23:32+00:00\",\"breadcrumb\":{\"@id\":\"https:\\\/\\\/www.tgreguol.com.br\\\/blog\\\/banda-katarse\\\/#breadcrumb\"},\"inLanguage\":\"pt-BR\",\"potentialAction\":[{\"@type\":\"ReadAction\",\"target\":[\"https:\\\/\\\/www.tgreguol.com.br\\\/blog\\\/banda-katarse\\\/\"]}]},{\"@type\":\"BreadcrumbList\",\"@id\":\"https:\\\/\\\/www.tgreguol.com.br\\\/blog\\\/banda-katarse\\\/#breadcrumb\",\"itemListElement\":[{\"@type\":\"ListItem\",\"position\":1,\"name\":\"In\u00edcio\",\"item\":\"https:\\\/\\\/www.tgreguol.com.br\\\/blog\\\/\"},{\"@type\":\"ListItem\",\"position\":2,\"name\":\"Banda Katarse\"}]},{\"@type\":\"WebSite\",\"@id\":\"https:\\\/\\\/www.tgreguol.com.br\\\/blog\\\/#website\",\"url\":\"https:\\\/\\\/www.tgreguol.com.br\\\/blog\\\/\",\"name\":\"T. Greguol\",\"description\":\"Imaginador\",\"potentialAction\":[{\"@type\":\"SearchAction\",\"target\":{\"@type\":\"EntryPoint\",\"urlTemplate\":\"https:\\\/\\\/www.tgreguol.com.br\\\/blog\\\/?s={search_term_string}\"},\"query-input\":{\"@type\":\"PropertyValueSpecification\",\"valueRequired\":true,\"valueName\":\"search_term_string\"}}],\"inLanguage\":\"pt-BR\"}]}<\/script>\n<!-- \/ Yoast SEO plugin. -->","yoast_head_json":{"title":"Banda Katarse - T. Greguol","robots":{"index":"index","follow":"follow","max-snippet":"max-snippet:-1","max-image-preview":"max-image-preview:large","max-video-preview":"max-video-preview:-1"},"canonical":"https:\/\/www.tgreguol.com.br\/blog\/banda-katarse\/","og_locale":"pt_BR","og_type":"article","og_title":"KATARSE (2002 - 2015)","og_description":"Ou\u00e7a e veja tudo que a Katarse produziu em seus 13 anos de vida.","og_url":"https:\/\/www.tgreguol.com.br\/blog\/banda-katarse\/","og_site_name":"T. Greguol","article_publisher":"https:\/\/www.facebook.com\/tgreguol","article_modified_time":"2020-11-11T02:23:32+00:00","og_image":[{"width":1200,"height":628,"url":"https:\/\/i0.wp.com\/www.tgreguol.com.br\/blog\/wp-content\/uploads\/2015\/11\/Logo-Mascote1.jpg?fit=1200%2C628","type":"image\/jpeg"}],"twitter_card":"summary_large_image","twitter_site":"@katarse","twitter_misc":{"Est. tempo de leitura":"1 minuto"},"schema":{"@context":"https:\/\/schema.org","@graph":[{"@type":"WebPage","@id":"https:\/\/www.tgreguol.com.br\/blog\/banda-katarse\/","url":"https:\/\/www.tgreguol.com.br\/blog\/banda-katarse\/","name":"Banda Katarse - T. Greguol","isPartOf":{"@id":"https:\/\/www.tgreguol.com.br\/blog\/#website"},"datePublished":"2015-11-25T00:57:48+00:00","dateModified":"2020-11-11T02:23:32+00:00","breadcrumb":{"@id":"https:\/\/www.tgreguol.com.br\/blog\/banda-katarse\/#breadcrumb"},"inLanguage":"pt-BR","potentialAction":[{"@type":"ReadAction","target":["https:\/\/www.tgreguol.com.br\/blog\/banda-katarse\/"]}]},{"@type":"BreadcrumbList","@id":"https:\/\/www.tgreguol.com.br\/blog\/banda-katarse\/#breadcrumb","itemListElement":[{"@type":"ListItem","position":1,"name":"In\u00edcio","item":"https:\/\/www.tgreguol.com.br\/blog\/"},{"@type":"ListItem","position":2,"name":"Banda Katarse"}]},{"@type":"WebSite","@id":"https:\/\/www.tgreguol.com.br\/blog\/#website","url":"https:\/\/www.tgreguol.com.br\/blog\/","name":"T. Greguol","description":"Imaginador","potentialAction":[{"@type":"SearchAction","target":{"@type":"EntryPoint","urlTemplate":"https:\/\/www.tgreguol.com.br\/blog\/?s={search_term_string}"},"query-input":{"@type":"PropertyValueSpecification","valueRequired":true,"valueName":"search_term_string"}}],"inLanguage":"pt-BR"}]}},"_links":{"self":[{"href":"https:\/\/www.tgreguol.com.br\/blog\/wp-json\/wp\/v2\/pages\/504","targetHints":{"allow":["GET"]}}],"collection":[{"href":"https:\/\/www.tgreguol.com.br\/blog\/wp-json\/wp\/v2\/pages"}],"about":[{"href":"https:\/\/www.tgreguol.com.br\/blog\/wp-json\/wp\/v2\/types\/page"}],"author":[{"embeddable":true,"href":"https:\/\/www.tgreguol.com.br\/blog\/wp-json\/wp\/v2\/users\/1"}],"replies":[{"embeddable":true,"href":"https:\/\/www.tgreguol.com.br\/blog\/wp-json\/wp\/v2\/comments?post=504"}],"version-history":[{"count":42,"href":"https:\/\/www.tgreguol.com.br\/blog\/wp-json\/wp\/v2\/pages\/504\/revisions"}],"predecessor-version":[{"id":3225,"href":"https:\/\/www.tgreguol.com.br\/blog\/wp-json\/wp\/v2\/pages\/504\/revisions\/3225"}],"wp:attachment":[{"href":"https:\/\/www.tgreguol.com.br\/blog\/wp-json\/wp\/v2\/media?parent=504"}],"curies":[{"name":"wp","href":"https:\/\/api.w.org\/{rel}","templated":true}]}}