{"id":3819,"date":"2026-05-08T21:54:20","date_gmt":"2026-05-08T21:54:20","guid":{"rendered":"https:\/\/www.tgreguol.com.br\/blog\/?page_id=3819"},"modified":"2026-05-08T21:54:21","modified_gmt":"2026-05-08T21:54:21","slug":"3819-2","status":"publish","type":"page","link":"https:\/\/www.tgreguol.com.br\/blog\/3819-2\/","title":{"rendered":""},"content":{"rendered":"\n<p class=\"\">O que me interessa em E S\u00d3, d\u00e9cimo primeiro \u00e1lbum de T. Greguol, lan\u00e7ado em 2026, n\u00e3o \u00e9 apenas a m\u00fasica, mas o dispositivo que a organiza. H\u00e1 aqui uma pol\u00edtica do encontro que \u00e9 tamb\u00e9m uma pol\u00edtica do luto. O coletivo se forma e se desfaz na mesma respira\u00e7\u00e3o, sem deixar institui\u00e7\u00e3o, sem cristalizar v\u00ednculos.<\/p>\n\n\n\n<p class=\"\">\u00c9 o avesso exato do que a cultura do desempenho exige: que tudo persista, que tudo acumule, que toda colabora\u00e7\u00e3o se converta em rede, capital, legado. Greguol faz o contr\u00e1rio: ele deixa ir.<\/p>\n\n\n\n<p class=\"\">Nisso reside uma oniropol\u00edtica precisa, no sentido em que o sonho tamb\u00e9m funciona assim: convoca figurantes que nunca mais voltam, monta cenas que n\u00e3o se repetem, e o sujeito acorda sem poder reter nenhum dos rostos. E S\u00d3 \u00e9 um \u00e1lbum que sonha a si mesmo.<\/p>\n\n\n\n<p class=\"\">O gesto se completa no arco entre o livro de 2020 e este disco de 2026. Antes de Saber Eu Tamb\u00e9m N\u00e3o Sabia foi o registro de um ano em que o tempo desabou sobre todos n\u00f3s; E S\u00d3 \u00e9 o que resta depois que o entulho foi retirado.<\/p>\n\n\n\n<p class=\"\">As can\u00e7\u00f5es s\u00e3o, como o pr\u00f3prio Greguol anuncia, \u201csimples sobre assuntos complicados\u201d. Essa simplicidade n\u00e3o \u00e9 ingenuidade, mas precis\u00e3o cl\u00ednica. Quando Metro (100 cm) pergunta qual \u00e9 a unidade de medida do humano e responde \u201co que chora\u201d, ou quando Xipiclix diagnostica que \u201ctodo mundo t\u00e1 com medo e, com medo, voc\u00ea topa tudo\u201d, estamos diante de letras que operam como interpreta\u00e7\u00f5es, no sentido anal\u00edtico do termo.<\/p>\n\n\n\n<p class=\"\">A faixa final, E S\u00f3, letra e m\u00fasica do pr\u00f3prio Greguol, apenas com vozes da fam\u00edlia, encerra o disco como se encerra uma sess\u00e3o: em sil\u00eancio produtivo, sem resolu\u00e7\u00e3o, com o sujeito um pouco mais inteiro por ter falado.<\/p>\n\n\n\n<p class=\"\"><a href=\"https:\/\/www.youtube.com\/@chrisdunker\">Christian Dunker<\/a><br>Psicanalista, professor.<\/p>\n","protected":false},"excerpt":{"rendered":"<p>O que me interessa em E S\u00d3, d\u00e9cimo primeiro \u00e1lbum \u2026<\/p>\n<p class=\"continue-reading-button\"> <a class=\"continue-reading-link\" href=\"https:\/\/www.tgreguol.com.br\/blog\/3819-2\/\">Leia Mais<i class=\"crycon-right-dir\"><\/i><\/a><\/p>\n","protected":false},"author":1,"featured_media":0,"parent":0,"menu_order":0,"comment_status":"closed","ping_status":"closed","template":"","meta":{"nf_dc_page":"","_exactmetrics_skip_tracking":false,"_exactmetrics_sitenote_active":false,"_exactmetrics_sitenote_note":"","_exactmetrics_sitenote_category":0,"footnotes":""},"class_list":["post-3819","page","type-page","status-publish","hentry"],"yoast_head":"<!-- This site is optimized with the Yoast SEO plugin v27.6 - https:\/\/yoast.com\/product\/yoast-seo-wordpress\/ -->\n<title>- T. Greguol<\/title>\n<meta name=\"robots\" content=\"index, follow, max-snippet:-1, max-image-preview:large, max-video-preview:-1\" \/>\n<link rel=\"canonical\" href=\"https:\/\/www.tgreguol.com.br\/blog\/3819-2\/\" \/>\n<meta property=\"og:locale\" content=\"pt_BR\" \/>\n<meta property=\"og:type\" content=\"article\" \/>\n<meta property=\"og:title\" content=\"- T. Greguol\" \/>\n<meta property=\"og:description\" content=\"O que me interessa em E S\u00d3, d\u00e9cimo primeiro \u00e1lbum \u2026 Leia Mais\" \/>\n<meta property=\"og:url\" content=\"https:\/\/www.tgreguol.com.br\/blog\/3819-2\/\" \/>\n<meta property=\"og:site_name\" content=\"T. Greguol\" \/>\n<meta property=\"article:publisher\" content=\"https:\/\/www.facebook.com\/tgreguol\" \/>\n<meta property=\"article:modified_time\" content=\"2026-05-08T21:54:21+00:00\" \/>\n<meta name=\"twitter:card\" content=\"summary_large_image\" \/>\n<meta name=\"twitter:site\" content=\"@katarse\" \/>\n<meta name=\"twitter:label1\" content=\"Est. tempo de leitura\" \/>\n\t<meta name=\"twitter:data1\" content=\"2 minutos\" \/>\n<script type=\"application\/ld+json\" class=\"yoast-schema-graph\">{\"@context\":\"https:\\\/\\\/schema.org\",\"@graph\":[{\"@type\":\"WebPage\",\"@id\":\"https:\\\/\\\/www.tgreguol.com.br\\\/blog\\\/3819-2\\\/\",\"url\":\"https:\\\/\\\/www.tgreguol.com.br\\\/blog\\\/3819-2\\\/\",\"name\":\"- T. Greguol\",\"isPartOf\":{\"@id\":\"https:\\\/\\\/www.tgreguol.com.br\\\/blog\\\/#website\"},\"datePublished\":\"2026-05-08T21:54:20+00:00\",\"dateModified\":\"2026-05-08T21:54:21+00:00\",\"inLanguage\":\"pt-BR\",\"potentialAction\":[{\"@type\":\"ReadAction\",\"target\":[\"https:\\\/\\\/www.tgreguol.com.br\\\/blog\\\/3819-2\\\/\"]}]},{\"@type\":\"WebSite\",\"@id\":\"https:\\\/\\\/www.tgreguol.com.br\\\/blog\\\/#website\",\"url\":\"https:\\\/\\\/www.tgreguol.com.br\\\/blog\\\/\",\"name\":\"T. Greguol\",\"description\":\"Imaginador\",\"potentialAction\":[{\"@type\":\"SearchAction\",\"target\":{\"@type\":\"EntryPoint\",\"urlTemplate\":\"https:\\\/\\\/www.tgreguol.com.br\\\/blog\\\/?s={search_term_string}\"},\"query-input\":{\"@type\":\"PropertyValueSpecification\",\"valueRequired\":true,\"valueName\":\"search_term_string\"}}],\"inLanguage\":\"pt-BR\"}]}<\/script>\n<!-- \/ Yoast SEO plugin. -->","yoast_head_json":{"title":"- T. Greguol","robots":{"index":"index","follow":"follow","max-snippet":"max-snippet:-1","max-image-preview":"max-image-preview:large","max-video-preview":"max-video-preview:-1"},"canonical":"https:\/\/www.tgreguol.com.br\/blog\/3819-2\/","og_locale":"pt_BR","og_type":"article","og_title":"- T. Greguol","og_description":"O que me interessa em E S\u00d3, d\u00e9cimo primeiro \u00e1lbum \u2026 Leia Mais","og_url":"https:\/\/www.tgreguol.com.br\/blog\/3819-2\/","og_site_name":"T. Greguol","article_publisher":"https:\/\/www.facebook.com\/tgreguol","article_modified_time":"2026-05-08T21:54:21+00:00","twitter_card":"summary_large_image","twitter_site":"@katarse","twitter_misc":{"Est. tempo de leitura":"2 minutos"},"schema":{"@context":"https:\/\/schema.org","@graph":[{"@type":"WebPage","@id":"https:\/\/www.tgreguol.com.br\/blog\/3819-2\/","url":"https:\/\/www.tgreguol.com.br\/blog\/3819-2\/","name":"- T. Greguol","isPartOf":{"@id":"https:\/\/www.tgreguol.com.br\/blog\/#website"},"datePublished":"2026-05-08T21:54:20+00:00","dateModified":"2026-05-08T21:54:21+00:00","inLanguage":"pt-BR","potentialAction":[{"@type":"ReadAction","target":["https:\/\/www.tgreguol.com.br\/blog\/3819-2\/"]}]},{"@type":"WebSite","@id":"https:\/\/www.tgreguol.com.br\/blog\/#website","url":"https:\/\/www.tgreguol.com.br\/blog\/","name":"T. Greguol","description":"Imaginador","potentialAction":[{"@type":"SearchAction","target":{"@type":"EntryPoint","urlTemplate":"https:\/\/www.tgreguol.com.br\/blog\/?s={search_term_string}"},"query-input":{"@type":"PropertyValueSpecification","valueRequired":true,"valueName":"search_term_string"}}],"inLanguage":"pt-BR"}]}},"_links":{"self":[{"href":"https:\/\/www.tgreguol.com.br\/blog\/wp-json\/wp\/v2\/pages\/3819","targetHints":{"allow":["GET"]}}],"collection":[{"href":"https:\/\/www.tgreguol.com.br\/blog\/wp-json\/wp\/v2\/pages"}],"about":[{"href":"https:\/\/www.tgreguol.com.br\/blog\/wp-json\/wp\/v2\/types\/page"}],"author":[{"embeddable":true,"href":"https:\/\/www.tgreguol.com.br\/blog\/wp-json\/wp\/v2\/users\/1"}],"replies":[{"embeddable":true,"href":"https:\/\/www.tgreguol.com.br\/blog\/wp-json\/wp\/v2\/comments?post=3819"}],"version-history":[{"count":1,"href":"https:\/\/www.tgreguol.com.br\/blog\/wp-json\/wp\/v2\/pages\/3819\/revisions"}],"predecessor-version":[{"id":3820,"href":"https:\/\/www.tgreguol.com.br\/blog\/wp-json\/wp\/v2\/pages\/3819\/revisions\/3820"}],"wp:attachment":[{"href":"https:\/\/www.tgreguol.com.br\/blog\/wp-json\/wp\/v2\/media?parent=3819"}],"curies":[{"name":"wp","href":"https:\/\/api.w.org\/{rel}","templated":true}]}}