{"id":3738,"date":"2025-02-27T23:58:51","date_gmt":"2025-02-27T23:58:51","guid":{"rendered":"https:\/\/www.tgreguol.com.br\/blog\/?page_id=3738"},"modified":"2025-05-05T17:28:01","modified_gmt":"2025-05-05T17:28:01","slug":"e-se-eu-nao-estiver-dentro-de-mim-e-eu-for-uma-antena","status":"publish","type":"page","link":"https:\/\/www.tgreguol.com.br\/blog\/e-se-eu-nao-estiver-dentro-de-mim-e-eu-for-uma-antena\/","title":{"rendered":"E Se Eu N\u00e3o Estiver Dentro De Mim E Eu For Uma Antena? (2025)"},"content":{"rendered":"\n<p class=\"\">T. Greguol apresenta uma nova exposi\u00e7\u00e3o com obras produzidas entre 2013 e 2025, explorando a rela\u00e7\u00e3o entre figura\u00e7\u00e3o e abstra\u00e7\u00e3o. A mostra investiga apar\u00eancias, hip\u00f3teses, ritmos e significados da exist\u00eancia por meio de diferentes abordagens. Algumas obras combinam figura\u00e7\u00e3o e express\u00e3o subjetiva para criar imagens de criaturas. Outras partem de entrevistas com pessoas variadas, transformando relatos em arte. H\u00e1 tamb\u00e9m trabalhos que unem elementos da comunica\u00e7\u00e3o contempor\u00e2nea \u00e0 pintura e estudos sobre a aus\u00eancia de som, representada por cores e texturas. Exposta em um espa\u00e7o pr\u00f3prio, a mostra permite um contato direto com essa produ\u00e7\u00e3o.<\/p>\n\n\n\n<p class=\"\"><strong><a href=\"https:\/\/www.tgreguol.com.br\/blog\/wp-content\/uploads\/2025\/04\/Catalogo-2025-T.-Greguol.pdf\">CAT\u00c1LOGO DAS OBRAS DISPON\u00cdVEIS<\/a><\/strong><\/p>\n\n\n\n<p class=\"\"><strong>Exposi\u00e7\u00e3o:<\/strong>&nbsp;<em>E Se Eu N\u00e3o Estiver Dentro De Mim E Eu For Uma Antena?<\/em><br><strong>Data:<\/strong>&nbsp;12 de abril de 2025<br><strong>Hor\u00e1rio:<\/strong>&nbsp;15h \u00e0s 21h<br><strong>Local:<\/strong>&nbsp;Rua Jos\u00e9 Salier Peixoto, 107 &#8211; Butant\u00e3<\/p>\n\n\n\n<figure class=\"wp-block-image size-large\"><img loading=\"lazy\" decoding=\"async\" width=\"1024\" height=\"1024\" src=\"https:\/\/www.tgreguol.com.br\/blog\/wp-content\/uploads\/2025\/02\/flyer-digital-2025-1-1024x1024.png\" alt=\"\" class=\"wp-image-3744\" srcset=\"https:\/\/www.tgreguol.com.br\/blog\/wp-content\/uploads\/2025\/02\/flyer-digital-2025-1-1024x1024.png 1024w, https:\/\/www.tgreguol.com.br\/blog\/wp-content\/uploads\/2025\/02\/flyer-digital-2025-1-300x300.png 300w, https:\/\/www.tgreguol.com.br\/blog\/wp-content\/uploads\/2025\/02\/flyer-digital-2025-1-150x150.png 150w, https:\/\/www.tgreguol.com.br\/blog\/wp-content\/uploads\/2025\/02\/flyer-digital-2025-1-768x768.png 768w, https:\/\/www.tgreguol.com.br\/blog\/wp-content\/uploads\/2025\/02\/flyer-digital-2025-1-1536x1536.png 1536w, https:\/\/www.tgreguol.com.br\/blog\/wp-content\/uploads\/2025\/02\/flyer-digital-2025-1.png 1831w\" sizes=\"auto, (max-width: 1024px) 100vw, 1024px\" \/><\/figure>\n","protected":false},"excerpt":{"rendered":"<p>T. Greguol apresenta uma nova exposi\u00e7\u00e3o com obras produzidas entre \u2026<\/p>\n<p class=\"continue-reading-button\"> <a class=\"continue-reading-link\" href=\"https:\/\/www.tgreguol.com.br\/blog\/e-se-eu-nao-estiver-dentro-de-mim-e-eu-for-uma-antena\/\">Leia Mais<i class=\"crycon-right-dir\"><\/i><\/a><\/p>\n","protected":false},"author":1,"featured_media":3740,"parent":0,"menu_order":0,"comment_status":"closed","ping_status":"closed","template":"","meta":{"nf_dc_page":"","_exactmetrics_skip_tracking":false,"_exactmetrics_sitenote_active":false,"_exactmetrics_sitenote_note":"","_exactmetrics_sitenote_category":0,"footnotes":""},"class_list":["post-3738","page","type-page","status-publish","has-post-thumbnail","hentry"],"yoast_head":"<!-- This site is optimized with the Yoast SEO plugin v27.5 - https:\/\/yoast.com\/product\/yoast-seo-wordpress\/ -->\n<title>E Se Eu N\u00e3o Estiver Dentro De Mim E Eu For Uma Antena? (2025) - T. Greguol<\/title>\n<meta name=\"robots\" content=\"index, follow, max-snippet:-1, max-image-preview:large, max-video-preview:-1\" \/>\n<link rel=\"canonical\" href=\"https:\/\/www.tgreguol.com.br\/blog\/e-se-eu-nao-estiver-dentro-de-mim-e-eu-for-uma-antena\/\" \/>\n<meta property=\"og:locale\" content=\"pt_BR\" \/>\n<meta property=\"og:type\" content=\"article\" \/>\n<meta property=\"og:title\" content=\"E Se Eu N\u00e3o Estiver Dentro De Mim E Eu For Uma Antena? (2025) - T. Greguol\" \/>\n<meta property=\"og:description\" content=\"T. Greguol apresenta uma nova exposi\u00e7\u00e3o com obras produzidas entre \u2026 Leia Mais\" \/>\n<meta property=\"og:url\" content=\"https:\/\/www.tgreguol.com.br\/blog\/e-se-eu-nao-estiver-dentro-de-mim-e-eu-for-uma-antena\/\" \/>\n<meta property=\"og:site_name\" content=\"T. Greguol\" \/>\n<meta property=\"article:publisher\" content=\"https:\/\/www.facebook.com\/tgreguol\" \/>\n<meta property=\"article:modified_time\" content=\"2025-05-05T17:28:01+00:00\" \/>\n<meta property=\"og:image\" content=\"https:\/\/www.tgreguol.com.br\/blog\/wp-content\/uploads\/2025\/02\/flyer-digital-2025-1024x1024.png\" \/>\n\t<meta property=\"og:image:width\" content=\"1024\" \/>\n\t<meta property=\"og:image:height\" content=\"1024\" \/>\n\t<meta property=\"og:image:type\" content=\"image\/png\" \/>\n<meta name=\"twitter:card\" content=\"summary_large_image\" \/>\n<meta name=\"twitter:site\" content=\"@katarse\" \/>\n<meta name=\"twitter:label1\" content=\"Est. tempo de leitura\" \/>\n\t<meta name=\"twitter:data1\" content=\"2 minutos\" \/>\n<script type=\"application\/ld+json\" class=\"yoast-schema-graph\">{\"@context\":\"https:\\\/\\\/schema.org\",\"@graph\":[{\"@type\":\"WebPage\",\"@id\":\"https:\\\/\\\/www.tgreguol.com.br\\\/blog\\\/e-se-eu-nao-estiver-dentro-de-mim-e-eu-for-uma-antena\\\/\",\"url\":\"https:\\\/\\\/www.tgreguol.com.br\\\/blog\\\/e-se-eu-nao-estiver-dentro-de-mim-e-eu-for-uma-antena\\\/\",\"name\":\"E Se Eu N\u00e3o Estiver Dentro De Mim E Eu For Uma Antena? (2025) - T. Greguol\",\"isPartOf\":{\"@id\":\"https:\\\/\\\/www.tgreguol.com.br\\\/blog\\\/#website\"},\"primaryImageOfPage\":{\"@id\":\"https:\\\/\\\/www.tgreguol.com.br\\\/blog\\\/e-se-eu-nao-estiver-dentro-de-mim-e-eu-for-uma-antena\\\/#primaryimage\"},\"image\":{\"@id\":\"https:\\\/\\\/www.tgreguol.com.br\\\/blog\\\/e-se-eu-nao-estiver-dentro-de-mim-e-eu-for-uma-antena\\\/#primaryimage\"},\"thumbnailUrl\":\"https:\\\/\\\/www.tgreguol.com.br\\\/blog\\\/wp-content\\\/uploads\\\/2025\\\/02\\\/flyer-digital-2025.png\",\"datePublished\":\"2025-02-27T23:58:51+00:00\",\"dateModified\":\"2025-05-05T17:28:01+00:00\",\"breadcrumb\":{\"@id\":\"https:\\\/\\\/www.tgreguol.com.br\\\/blog\\\/e-se-eu-nao-estiver-dentro-de-mim-e-eu-for-uma-antena\\\/#breadcrumb\"},\"inLanguage\":\"pt-BR\",\"potentialAction\":[{\"@type\":\"ReadAction\",\"target\":[\"https:\\\/\\\/www.tgreguol.com.br\\\/blog\\\/e-se-eu-nao-estiver-dentro-de-mim-e-eu-for-uma-antena\\\/\"]}]},{\"@type\":\"ImageObject\",\"inLanguage\":\"pt-BR\",\"@id\":\"https:\\\/\\\/www.tgreguol.com.br\\\/blog\\\/e-se-eu-nao-estiver-dentro-de-mim-e-eu-for-uma-antena\\\/#primaryimage\",\"url\":\"https:\\\/\\\/www.tgreguol.com.br\\\/blog\\\/wp-content\\\/uploads\\\/2025\\\/02\\\/flyer-digital-2025.png\",\"contentUrl\":\"https:\\\/\\\/www.tgreguol.com.br\\\/blog\\\/wp-content\\\/uploads\\\/2025\\\/02\\\/flyer-digital-2025.png\",\"width\":1831,\"height\":1831,\"caption\":\"Nova expo de T. Greguol\"},{\"@type\":\"BreadcrumbList\",\"@id\":\"https:\\\/\\\/www.tgreguol.com.br\\\/blog\\\/e-se-eu-nao-estiver-dentro-de-mim-e-eu-for-uma-antena\\\/#breadcrumb\",\"itemListElement\":[{\"@type\":\"ListItem\",\"position\":1,\"name\":\"In\u00edcio\",\"item\":\"https:\\\/\\\/www.tgreguol.com.br\\\/blog\\\/\"},{\"@type\":\"ListItem\",\"position\":2,\"name\":\"E Se Eu N\u00e3o Estiver Dentro De Mim E Eu For Uma Antena? (2025)\"}]},{\"@type\":\"WebSite\",\"@id\":\"https:\\\/\\\/www.tgreguol.com.br\\\/blog\\\/#website\",\"url\":\"https:\\\/\\\/www.tgreguol.com.br\\\/blog\\\/\",\"name\":\"T. Greguol\",\"description\":\"Imaginador\",\"potentialAction\":[{\"@type\":\"SearchAction\",\"target\":{\"@type\":\"EntryPoint\",\"urlTemplate\":\"https:\\\/\\\/www.tgreguol.com.br\\\/blog\\\/?s={search_term_string}\"},\"query-input\":{\"@type\":\"PropertyValueSpecification\",\"valueRequired\":true,\"valueName\":\"search_term_string\"}}],\"inLanguage\":\"pt-BR\"}]}<\/script>\n<!-- \/ Yoast SEO plugin. -->","yoast_head_json":{"title":"E Se Eu N\u00e3o Estiver Dentro De Mim E Eu For Uma Antena? (2025) - T. Greguol","robots":{"index":"index","follow":"follow","max-snippet":"max-snippet:-1","max-image-preview":"max-image-preview:large","max-video-preview":"max-video-preview:-1"},"canonical":"https:\/\/www.tgreguol.com.br\/blog\/e-se-eu-nao-estiver-dentro-de-mim-e-eu-for-uma-antena\/","og_locale":"pt_BR","og_type":"article","og_title":"E Se Eu N\u00e3o Estiver Dentro De Mim E Eu For Uma Antena? (2025) - T. Greguol","og_description":"T. Greguol apresenta uma nova exposi\u00e7\u00e3o com obras produzidas entre \u2026 Leia Mais","og_url":"https:\/\/www.tgreguol.com.br\/blog\/e-se-eu-nao-estiver-dentro-de-mim-e-eu-for-uma-antena\/","og_site_name":"T. Greguol","article_publisher":"https:\/\/www.facebook.com\/tgreguol","article_modified_time":"2025-05-05T17:28:01+00:00","og_image":[{"width":1024,"height":1024,"url":"https:\/\/www.tgreguol.com.br\/blog\/wp-content\/uploads\/2025\/02\/flyer-digital-2025-1024x1024.png","type":"image\/png"}],"twitter_card":"summary_large_image","twitter_site":"@katarse","twitter_misc":{"Est. tempo de leitura":"2 minutos"},"schema":{"@context":"https:\/\/schema.org","@graph":[{"@type":"WebPage","@id":"https:\/\/www.tgreguol.com.br\/blog\/e-se-eu-nao-estiver-dentro-de-mim-e-eu-for-uma-antena\/","url":"https:\/\/www.tgreguol.com.br\/blog\/e-se-eu-nao-estiver-dentro-de-mim-e-eu-for-uma-antena\/","name":"E Se Eu N\u00e3o Estiver Dentro De Mim E Eu For Uma Antena? (2025) - T. Greguol","isPartOf":{"@id":"https:\/\/www.tgreguol.com.br\/blog\/#website"},"primaryImageOfPage":{"@id":"https:\/\/www.tgreguol.com.br\/blog\/e-se-eu-nao-estiver-dentro-de-mim-e-eu-for-uma-antena\/#primaryimage"},"image":{"@id":"https:\/\/www.tgreguol.com.br\/blog\/e-se-eu-nao-estiver-dentro-de-mim-e-eu-for-uma-antena\/#primaryimage"},"thumbnailUrl":"https:\/\/www.tgreguol.com.br\/blog\/wp-content\/uploads\/2025\/02\/flyer-digital-2025.png","datePublished":"2025-02-27T23:58:51+00:00","dateModified":"2025-05-05T17:28:01+00:00","breadcrumb":{"@id":"https:\/\/www.tgreguol.com.br\/blog\/e-se-eu-nao-estiver-dentro-de-mim-e-eu-for-uma-antena\/#breadcrumb"},"inLanguage":"pt-BR","potentialAction":[{"@type":"ReadAction","target":["https:\/\/www.tgreguol.com.br\/blog\/e-se-eu-nao-estiver-dentro-de-mim-e-eu-for-uma-antena\/"]}]},{"@type":"ImageObject","inLanguage":"pt-BR","@id":"https:\/\/www.tgreguol.com.br\/blog\/e-se-eu-nao-estiver-dentro-de-mim-e-eu-for-uma-antena\/#primaryimage","url":"https:\/\/www.tgreguol.com.br\/blog\/wp-content\/uploads\/2025\/02\/flyer-digital-2025.png","contentUrl":"https:\/\/www.tgreguol.com.br\/blog\/wp-content\/uploads\/2025\/02\/flyer-digital-2025.png","width":1831,"height":1831,"caption":"Nova expo de T. Greguol"},{"@type":"BreadcrumbList","@id":"https:\/\/www.tgreguol.com.br\/blog\/e-se-eu-nao-estiver-dentro-de-mim-e-eu-for-uma-antena\/#breadcrumb","itemListElement":[{"@type":"ListItem","position":1,"name":"In\u00edcio","item":"https:\/\/www.tgreguol.com.br\/blog\/"},{"@type":"ListItem","position":2,"name":"E Se Eu N\u00e3o Estiver Dentro De Mim E Eu For Uma Antena? (2025)"}]},{"@type":"WebSite","@id":"https:\/\/www.tgreguol.com.br\/blog\/#website","url":"https:\/\/www.tgreguol.com.br\/blog\/","name":"T. Greguol","description":"Imaginador","potentialAction":[{"@type":"SearchAction","target":{"@type":"EntryPoint","urlTemplate":"https:\/\/www.tgreguol.com.br\/blog\/?s={search_term_string}"},"query-input":{"@type":"PropertyValueSpecification","valueRequired":true,"valueName":"search_term_string"}}],"inLanguage":"pt-BR"}]}},"_links":{"self":[{"href":"https:\/\/www.tgreguol.com.br\/blog\/wp-json\/wp\/v2\/pages\/3738","targetHints":{"allow":["GET"]}}],"collection":[{"href":"https:\/\/www.tgreguol.com.br\/blog\/wp-json\/wp\/v2\/pages"}],"about":[{"href":"https:\/\/www.tgreguol.com.br\/blog\/wp-json\/wp\/v2\/types\/page"}],"author":[{"embeddable":true,"href":"https:\/\/www.tgreguol.com.br\/blog\/wp-json\/wp\/v2\/users\/1"}],"replies":[{"embeddable":true,"href":"https:\/\/www.tgreguol.com.br\/blog\/wp-json\/wp\/v2\/comments?post=3738"}],"version-history":[{"count":7,"href":"https:\/\/www.tgreguol.com.br\/blog\/wp-json\/wp\/v2\/pages\/3738\/revisions"}],"predecessor-version":[{"id":3755,"href":"https:\/\/www.tgreguol.com.br\/blog\/wp-json\/wp\/v2\/pages\/3738\/revisions\/3755"}],"wp:featuredmedia":[{"embeddable":true,"href":"https:\/\/www.tgreguol.com.br\/blog\/wp-json\/wp\/v2\/media\/3740"}],"wp:attachment":[{"href":"https:\/\/www.tgreguol.com.br\/blog\/wp-json\/wp\/v2\/media?parent=3738"}],"curies":[{"name":"wp","href":"https:\/\/api.w.org\/{rel}","templated":true}]}}

E Se Eu Não Estiver Dentro De Mim E Eu For Uma Antena? (2025)

<p class="">T. Greguol apresenta uma nova exposição com obras produzidas entre 2013 e 2025, explorando a relação entre figuração e abstração. A mostra investiga aparências, hipóteses, ritmos e significados da existência por meio de diferentes abordagens. Algumas obras combinam figuração e expressão subjetiva para criar imagens de criaturas. Outras partem de entrevistas com pessoas variadas, transformando relatos em arte. Há também trabalhos que unem elementos da comunicação contemporânea à pintura e estudos sobre a ausência de som, representada por cores e texturas. Exposta em um espaço próprio, a mostra permite um contato direto com essa produção.</p>



<p class=""><strong><a href="https://www.tgreguol.com.br/blog/wp-content/uploads/2025/04/Catalogo-2025-T.-Greguol.pdf">CATÁLOGO DAS OBRAS DISPONÍVEIS</a></strong></p>



<p class=""><strong>Exposição:</strong>&nbsp;<em>E Se Eu Não Estiver Dentro De Mim E Eu For Uma Antena?</em><br><strong>Data:</strong>&nbsp;12 de abril de 2025<br><strong>Horário:</strong>&nbsp;15h às 21h<br><strong>Local:</strong>&nbsp;Rua José Salier Peixoto, 107 &#8211; Butantã</p>



<figure class="wp-block-image size-large"><img loading="lazy" decoding="async" width="1024" height="1024" src="https://www.tgreguol.com.br/blog/wp-content/uploads/2025/02/flyer-digital-2025-1-1024x1024.png" alt="" class="wp-image-3744" srcset="https://www.tgreguol.com.br/blog/wp-content/uploads/2025/02/flyer-digital-2025-1-1024x1024.png 1024w, https://www.tgreguol.com.br/blog/wp-content/uploads/2025/02/flyer-digital-2025-1-300x300.png 300w, https://www.tgreguol.com.br/blog/wp-content/uploads/2025/02/flyer-digital-2025-1-150x150.png 150w, https://www.tgreguol.com.br/blog/wp-content/uploads/2025/02/flyer-digital-2025-1-768x768.png 768w, https://www.tgreguol.com.br/blog/wp-content/uploads/2025/02/flyer-digital-2025-1-1536x1536.png 1536w, https://www.tgreguol.com.br/blog/wp-content/uploads/2025/02/flyer-digital-2025-1.png 1831w" sizes="auto, (max-width: 1024px) 100vw, 1024px" /></figure>

<p>T. Greguol apresenta uma nova exposição com obras produzidas entre …</p>
<p class="continue-reading-button"> <a class="continue-reading-link" href="https://www.tgreguol.com.br/blog/e-se-eu-nao-estiver-dentro-de-mim-e-eu-for-uma-antena/">Leia Mais<i class="crycon-right-dir"></i></a></p>

<!-- This site is optimized with the Yoast SEO plugin v27.5 - https://yoast.com/product/yoast-seo-wordpress/ -->
<title>E Se Eu Não Estiver Dentro De Mim E Eu For Uma Antena? (2025) - T. Greguol</title>
<meta name="robots" content="index, follow, max-snippet:-1, max-image-preview:large, max-video-preview:-1" />
<link rel="canonical" href="https://www.tgreguol.com.br/blog/e-se-eu-nao-estiver-dentro-de-mim-e-eu-for-uma-antena/" />
<meta property="og:locale" content="pt_BR" />
<meta property="og:type" content="article" />
<meta property="og:title" content="E Se Eu Não Estiver Dentro De Mim E Eu For Uma Antena? (2025) - T. Greguol" />
<meta property="og:description" content="T. Greguol apresenta uma nova exposição com obras produzidas entre … Leia Mais" />
<meta property="og:url" content="https://www.tgreguol.com.br/blog/e-se-eu-nao-estiver-dentro-de-mim-e-eu-for-uma-antena/" />
<meta property="og:site_name" content="T. Greguol" />
<meta property="article:publisher" content="https://www.facebook.com/tgreguol" />
<meta property="article:modified_time" content="2025-05-05T17:28:01+00:00" />
<meta property="og:image" content="https://www.tgreguol.com.br/blog/wp-content/uploads/2025/02/flyer-digital-2025-1024x1024.png" />
	<meta property="og:image:width" content="1024" />
	<meta property="og:image:height" content="1024" />
	<meta property="og:image:type" content="image/png" />
<meta name="twitter:card" content="summary_large_image" />
<meta name="twitter:site" content="@katarse" />
<meta name="twitter:label1" content="Est. tempo de leitura" />
	<meta name="twitter:data1" content="2 minutos" />
<script type="application/ld+json" class="yoast-schema-graph">{"@context":"https:\/\/schema.org","@graph":[{"@type":"WebPage","@id":"https:\/\/www.tgreguol.com.br\/blog\/e-se-eu-nao-estiver-dentro-de-mim-e-eu-for-uma-antena\/","url":"https:\/\/www.tgreguol.com.br\/blog\/e-se-eu-nao-estiver-dentro-de-mim-e-eu-for-uma-antena\/","name":"E Se Eu Não Estiver Dentro De Mim E Eu For Uma Antena? (2025) - T. Greguol","isPartOf":{"@id":"https:\/\/www.tgreguol.com.br\/blog\/#website"},"primaryImageOfPage":{"@id":"https:\/\/www.tgreguol.com.br\/blog\/e-se-eu-nao-estiver-dentro-de-mim-e-eu-for-uma-antena\/#primaryimage"},"image":{"@id":"https:\/\/www.tgreguol.com.br\/blog\/e-se-eu-nao-estiver-dentro-de-mim-e-eu-for-uma-antena\/#primaryimage"},"thumbnailUrl":"https:\/\/www.tgreguol.com.br\/blog\/wp-content\/uploads\/2025\/02\/flyer-digital-2025.png","datePublished":"2025-02-27T23:58:51+00:00","dateModified":"2025-05-05T17:28:01+00:00","breadcrumb":{"@id":"https:\/\/www.tgreguol.com.br\/blog\/e-se-eu-nao-estiver-dentro-de-mim-e-eu-for-uma-antena\/#breadcrumb"},"inLanguage":"pt-BR","potentialAction":[{"@type":"ReadAction","target":["https:\/\/www.tgreguol.com.br\/blog\/e-se-eu-nao-estiver-dentro-de-mim-e-eu-for-uma-antena\/"]}]},{"@type":"ImageObject","inLanguage":"pt-BR","@id":"https:\/\/www.tgreguol.com.br\/blog\/e-se-eu-nao-estiver-dentro-de-mim-e-eu-for-uma-antena\/#primaryimage","url":"https:\/\/www.tgreguol.com.br\/blog\/wp-content\/uploads\/2025\/02\/flyer-digital-2025.png","contentUrl":"https:\/\/www.tgreguol.com.br\/blog\/wp-content\/uploads\/2025\/02\/flyer-digital-2025.png","width":1831,"height":1831,"caption":"Nova expo de T. Greguol"},{"@type":"BreadcrumbList","@id":"https:\/\/www.tgreguol.com.br\/blog\/e-se-eu-nao-estiver-dentro-de-mim-e-eu-for-uma-antena\/#breadcrumb","itemListElement":[{"@type":"ListItem","position":1,"name":"Início","item":"https:\/\/www.tgreguol.com.br\/blog\/"},{"@type":"ListItem","position":2,"name":"E Se Eu Não Estiver Dentro De Mim E Eu For Uma Antena? (2025)"}]},{"@type":"WebSite","@id":"https:\/\/www.tgreguol.com.br\/blog\/#website","url":"https:\/\/www.tgreguol.com.br\/blog\/","name":"T. Greguol","description":"Imaginador","potentialAction":[{"@type":"SearchAction","target":{"@type":"EntryPoint","urlTemplate":"https:\/\/www.tgreguol.com.br\/blog\/?s={search_term_string}"},"query-input":{"@type":"PropertyValueSpecification","valueRequired":true,"valueName":"search_term_string"}}],"inLanguage":"pt-BR"}]}</script>
<!-- / Yoast SEO plugin. -->

E Se Eu Não Estiver Dentro De Mim E Eu For Uma Antena? (2025) - T. Greguol

T. Greguol apresenta uma nova exposição com obras produzidas entre … Leia Mais

Início
