{"id":3147,"date":"2020-11-06T20:29:58","date_gmt":"2020-11-06T20:29:58","guid":{"rendered":"https:\/\/www.tgreguol.com.br\/blog\/?page_id=3147"},"modified":"2020-11-06T20:47:57","modified_gmt":"2020-11-06T20:47:57","slug":"ficha-tecnica","status":"publish","type":"page","link":"https:\/\/www.tgreguol.com.br\/blog\/ficha-tecnica\/","title":{"rendered":"Ficha T\u00e9cnica"},"content":{"rendered":"\n<p><\/p>\n\n\n\n<p><\/p>\n\n\n\n<p><strong>Masteriza\u00e7\u00e3o<\/strong>: <a rel=\"noreferrer noopener\" href=\"https:\/\/www.instagram.com\/gu1v1e1ra\/\" target=\"_blank\">biu<\/a> <br><strong>Capa:<\/strong> <a rel=\"noreferrer noopener\" href=\"http:\/\/www.44toons.com\/\" target=\"_blank\">Ale McHaddo<\/a> e <a rel=\"noreferrer noopener\" href=\"https:\/\/www.instagram.com\/tgreguol\/\" target=\"_blank\">T. Greguol<\/a><\/p>\n\n\n\n<p><strong>1. Resumindo<\/strong> <strong>(<em>2003.07.07, <a rel=\"noreferrer noopener\" href=\"https:\/\/centro-brasileiro-britanico-cbb.business.site\/\" target=\"_blank\">Centro Brasileiro Brit\u00e2nico<\/a><\/em>)<br><\/strong>LETRA: T. Greguol<br>M\u00daSICA: Gon\u00e7alo Greguol<br>VOZ: T. Greguol<br>GUITARRA: <a rel=\"noreferrer noopener\" href=\"https:\/\/www.facebook.com\/mario.amorececchini\" target=\"_blank\">Mario Amore Cecchini<\/a><br>VIOL\u00c3O: <a rel=\"noreferrer noopener\" href=\"https:\/\/www.instagram.com\/gutugaluppo\/\" target=\"_blank\">Guto Galuppo<\/a><br>BATERIA: <a rel=\"noreferrer noopener\" href=\"https:\/\/www.facebook.com\/artur.attarian\" target=\"_blank\">Artur Attarian Cardoso Camarero<\/a><br>CAPTA\u00c7\u00c3O: <a rel=\"noreferrer noopener\" href=\"https:\/\/www.facebook.com\/cau.cecchini.9\" target=\"_blank\">Cau<\/a><\/p>\n\n\n\n<p><strong>2. Cogumelo (<em>2007.06.21, <a rel=\"noreferrer noopener\" href=\"http:\/\/centrocultural.sp.gov.br\/\" target=\"_blank\">Centro Cultural S\u00e3o Paulo<\/a><\/em>)<\/strong><br>LETRA: T. Greguol<br>M\u00daSICA: <a rel=\"noreferrer noopener\" href=\"https:\/\/www.facebook.com\/fabio.bressane\" target=\"_blank\">F\u00e1bio Bressane<\/a><br>VOZ: T. Greguol<br>GUITARRA: Mario Amore Cecchini<br>BAIXO: <a rel=\"noreferrer noopener\" href=\"https:\/\/www.facebook.com\/amorececchini\" target=\"_blank\">Micael Amore Cecchini<\/a><br>BATERIA: <a rel=\"noreferrer noopener\" href=\"https:\/\/www.facebook.com\/kleber.e.rocha\" target=\"_blank\">Kleber Lopes da Rocha Filho<\/a><br>CAPTA\u00c7\u00c3O: <a rel=\"noreferrer noopener\" href=\"https:\/\/www.instagram.com\/jgpereira1976\/\" target=\"_blank\">Beto<\/a><\/p>\n\n\n\n<p><strong>3. Super her\u00f3i fora de serie (<em>2008.11.15, Saraiva Mega Store Shopping Paulista<\/em>)<\/strong><br>LETRA: T. Greguol<br>M\u00daSICA: T. Greguol &amp; Mario Amore Cecchini<br>VOZ: T. Greguol<br>GUITARRA: Mario Amore Cecchini<br>BAIXO: Micael Amore Cecchini<br>BATERIA: Kleber Lopes da Rocha Filho<br>CAPTA\u00c7\u00c3O: <a rel=\"noreferrer noopener\" href=\"https:\/\/www.facebook.com\/iarinha.sim\" target=\"_blank\">Iara<\/a><\/p>\n\n\n\n<p><strong>4. Ara\u00e7\u00e1 (<em>2008.12.13, F\u00e1brica de Criatividade<\/em>)<br><\/strong>LETRA: T. Greguol<br>M\u00daSICA: <a rel=\"noreferrer noopener\" href=\"https:\/\/www.facebook.com\/guilherme.vianna.7\" target=\"_blank\">Guilherme Vianna<\/a><br>VOZ: T. Greguol<br>GUITARRA: Mario Amore Cecchini<br>BAIXO: Micael Amore Cecchini<br>BATERIA: Kleber Lopes da Rocha Filho<br>CAPTA\u00c7\u00c3O: Marcus Kawada<\/p>\n\n\n\n<p><strong>5. Gizmo, Mogwai (<em>2009.11.10, <a rel=\"noreferrer noopener\" href=\"https:\/\/www.instagram.com\/estudio500\/\" target=\"_blank\">Estudio 500<\/a><\/em>)<\/strong><br>LETRA: T. Greguol<br>M\u00daSICA: <a rel=\"noreferrer noopener\" href=\"https:\/\/www.facebook.com\/renabon\" target=\"_blank\">Rto<\/a><br>VOZ: T. Greguol<br>GUITARRA: Mario Amore Cecchini<br>BAIXO: Micael Amore Cecchini<br>BATERIA: Kleber Lopes da Rocha Filho<br>CAPTA\u00c7\u00c3O: T\u00e9cnico de som do Est\u00fadio 500<\/p>\n\n\n\n<p><strong>6. Gostaria de n\u00e3o ter que chamar um t\u00e1xi (<em>2009.11.10, Estudio 500<\/em>)<\/strong><br>LETRA: T. Greguol<br>M\u00daSICA: <a rel=\"noreferrer noopener\" href=\"https:\/\/www.facebook.com\/humanoinvisivel\" target=\"_blank\">Louren\u00e7o Netto<\/a><br>PRODUTOR: T. Greguol<br>VOZ: T. Greguol<br>GUITARRA: Mario Amore Cecchini<br>BAIXO: Micael Amore Cecchini<br>BATERIA: Kleber Lopes da Rocha Filho<br>CAPTA\u00c7\u00c3O: T\u00e9cnico de som do Est\u00fadio 500<\/p>\n\n\n\n<p><strong>7. F\u00eanix (<em>2009.11.10, Estudio 500<\/em>)<\/strong><br>LETRA &amp; M\u00daSICA: T. Greguol<br>VOZ: T. Greguol<br>GUITARRA: Mario Amore Cecchini<br>BAIXO: Micael Amore Cecchini<br>BATERIA Kleber Lopes da Rocha Filho<br>CAPTA\u00c7\u00c3O: T\u00e9cnico de som do Est\u00fadio 500<\/p>\n\n\n\n<p><strong>8. Acorda (<em>2013.05.04, Espa\u00e7o Serralheria<\/em>)<\/strong><br>LETRA: T. Greguol<br>M\u00daSICA: <a rel=\"noreferrer noopener\" href=\"https:\/\/www.youtube.com\/channel\/UCbuP4yiCvtAz2tKWBRYHTCg\" target=\"_blank\">Vinicius Reale<\/a><br>VOZ: T. Greguol<br>GUITARRA: Mario Amore Cecchini<br>BAIXO: Gutu Galuppo<br>BATERIA: <a rel=\"noreferrer noopener\" href=\"https:\/\/www.instagram.com\/guscripelliti\/\" target=\"_blank\">Gustavo Scripelliti<\/a><br>SAXOFONE: <a rel=\"noreferrer noopener\" href=\"https:\/\/www.instagram.com\/sonnymena\/\" target=\"_blank\">Sonny Mena<\/a><br>TROMBONE: <a rel=\"noreferrer noopener\" href=\"https:\/\/www.instagram.com\/eddiebonelima\/\" target=\"_blank\">Eddie Lima<\/a><br>TROMPETE: <a rel=\"noreferrer noopener\" href=\"https:\/\/www.facebook.com\/victor.desousa.96\" target=\"_blank\">Victor Pires de Sousa<\/a><br>CAPTA\u00c7\u00c3O: T\u00e9cnico de som do Serralheria.<\/p>\n\n\n\n<p><strong>9. Bluesinho que era pra ser um jazz mas n\u00e3o foi, mesmo porque, era pra voc\u00ea e acabou n\u00e3o sendo (<em>2013.05.04, Espa\u00e7o Serralheria<\/em>)<br><\/strong>LETRA &amp; M\u00daSICA: T. Greguol<br>VOZ: T. Greguol<br>GUITARRA: Mario Amore Cecchini<br>BAIXO: Guto Galuppo<br>BATERIA: Gustavo Scripelliti<br>SAXOFONE: Sonny Mena<br>TROMBONE: Eddie Lima<br>TROMPETE: Victor Pires de Sousa<br>CAPTA\u00c7\u00c3O: T\u00e9cnico de som do Serralheria.<\/p>\n\n\n\n<p><strong>10. Desabafo (<em>2015.10.31, Espa\u00e7o Serralheria<\/em>)<br><\/strong>LETRA: T. Greguol<br>M\u00daSICA: Rto<br>VOZ: T. Greguol<br>GUITARRA: Mario Amore Cecchini<br>BAIXO: Micael Amore Cecchini<br>BATERIA: Kleber Lopes da Rocha Filho<br>SAXOFONE: Sonny Mena<br>TROMBONE: Eddie Lima<br>TROMPETE: Victor Pires de Sousa<br>CAPTA\u00c7\u00c3O: Iara<\/p>\n\n\n\n<p><strong>11. O c\u00e9u (<em>2015.10.31, Espa\u00e7o Serralheria<\/em>)<\/strong><br>LETRA: T. Greguol<br>M\u00daSICA: Rto<br>VOZ: T. Greguol<br>GUITARRA: Mario Amore Cecchini<br>BAIXO: Micael Amore Cecchini<br>BATERIA: Kleber Lopes da Rocha Filho<br>SAXOFONE: Sonny Mena<br>TROMBONE: Eddie Lima<br>TROMPETE: Victor Pires de Sousa<br>CAPTA\u00c7\u00c3O: Iara<\/p>\n\n\n\n<p><strong>12. E agora? (<em>2008, Fruit Loop Remix<\/em>)<\/strong><br>LETRA: T. Greguol<br>M\u00daSICA: biu &amp; <a rel=\"noreferrer noopener\" href=\"https:\/\/www.instagram.com\/juninhobill7777\/\" target=\"_blank\">Juninho Bill<\/a><br>VOZ: T. Greguol<br>REMIX: <a rel=\"noreferrer noopener\" href=\"https:\/\/www.instagram.com\/marciliogabriel\/\" target=\"_blank\">Marc\u00edlio Gabriel Ramos<\/a><\/p>\n","protected":false},"excerpt":{"rendered":"<p>Masteriza\u00e7\u00e3o: biu Capa: Ale McHaddo e T. Greguol 1. Resumindo \u2026<\/p>\n<p class=\"continue-reading-button\"> <a class=\"continue-reading-link\" href=\"https:\/\/www.tgreguol.com.br\/blog\/ficha-tecnica\/\">Leia Mais<i class=\"crycon-right-dir\"><\/i><\/a><\/p>\n","protected":false},"author":1,"featured_media":0,"parent":0,"menu_order":0,"comment_status":"closed","ping_status":"closed","template":"","meta":{"nf_dc_page":"","_exactmetrics_skip_tracking":false,"_exactmetrics_sitenote_active":false,"_exactmetrics_sitenote_note":"","_exactmetrics_sitenote_category":0,"footnotes":""},"class_list":["post-3147","page","type-page","status-publish","hentry"],"yoast_head":"<!-- This site is optimized with the Yoast SEO plugin v27.5 - https:\/\/yoast.com\/product\/yoast-seo-wordpress\/ -->\n<title>Ficha T\u00e9cnica - T. Greguol<\/title>\n<meta name=\"robots\" content=\"index, follow, max-snippet:-1, max-image-preview:large, max-video-preview:-1\" \/>\n<link rel=\"canonical\" href=\"https:\/\/www.tgreguol.com.br\/blog\/ficha-tecnica\/\" \/>\n<meta property=\"og:locale\" content=\"pt_BR\" \/>\n<meta property=\"og:type\" content=\"article\" \/>\n<meta property=\"og:title\" content=\"Ficha T\u00e9cnica - T. Greguol\" \/>\n<meta property=\"og:description\" content=\"Masteriza\u00e7\u00e3o: biu Capa: Ale McHaddo e T. Greguol 1. Resumindo \u2026 Leia Mais\" \/>\n<meta property=\"og:url\" content=\"https:\/\/www.tgreguol.com.br\/blog\/ficha-tecnica\/\" \/>\n<meta property=\"og:site_name\" content=\"T. Greguol\" \/>\n<meta property=\"article:publisher\" content=\"https:\/\/www.facebook.com\/tgreguol\" \/>\n<meta property=\"article:modified_time\" content=\"2020-11-06T20:47:57+00:00\" \/>\n<meta name=\"twitter:card\" content=\"summary_large_image\" \/>\n<meta name=\"twitter:site\" content=\"@katarse\" \/>\n<meta name=\"twitter:label1\" content=\"Est. tempo de leitura\" \/>\n\t<meta name=\"twitter:data1\" content=\"2 minutos\" \/>\n<script type=\"application\/ld+json\" class=\"yoast-schema-graph\">{\"@context\":\"https:\\\/\\\/schema.org\",\"@graph\":[{\"@type\":\"WebPage\",\"@id\":\"https:\\\/\\\/www.tgreguol.com.br\\\/blog\\\/ficha-tecnica\\\/\",\"url\":\"https:\\\/\\\/www.tgreguol.com.br\\\/blog\\\/ficha-tecnica\\\/\",\"name\":\"Ficha T\u00e9cnica - T. Greguol\",\"isPartOf\":{\"@id\":\"https:\\\/\\\/www.tgreguol.com.br\\\/blog\\\/#website\"},\"datePublished\":\"2020-11-06T20:29:58+00:00\",\"dateModified\":\"2020-11-06T20:47:57+00:00\",\"breadcrumb\":{\"@id\":\"https:\\\/\\\/www.tgreguol.com.br\\\/blog\\\/ficha-tecnica\\\/#breadcrumb\"},\"inLanguage\":\"pt-BR\",\"potentialAction\":[{\"@type\":\"ReadAction\",\"target\":[\"https:\\\/\\\/www.tgreguol.com.br\\\/blog\\\/ficha-tecnica\\\/\"]}]},{\"@type\":\"BreadcrumbList\",\"@id\":\"https:\\\/\\\/www.tgreguol.com.br\\\/blog\\\/ficha-tecnica\\\/#breadcrumb\",\"itemListElement\":[{\"@type\":\"ListItem\",\"position\":1,\"name\":\"In\u00edcio\",\"item\":\"https:\\\/\\\/www.tgreguol.com.br\\\/blog\\\/\"},{\"@type\":\"ListItem\",\"position\":2,\"name\":\"Ficha T\u00e9cnica\"}]},{\"@type\":\"WebSite\",\"@id\":\"https:\\\/\\\/www.tgreguol.com.br\\\/blog\\\/#website\",\"url\":\"https:\\\/\\\/www.tgreguol.com.br\\\/blog\\\/\",\"name\":\"T. Greguol\",\"description\":\"Imaginador\",\"potentialAction\":[{\"@type\":\"SearchAction\",\"target\":{\"@type\":\"EntryPoint\",\"urlTemplate\":\"https:\\\/\\\/www.tgreguol.com.br\\\/blog\\\/?s={search_term_string}\"},\"query-input\":{\"@type\":\"PropertyValueSpecification\",\"valueRequired\":true,\"valueName\":\"search_term_string\"}}],\"inLanguage\":\"pt-BR\"}]}<\/script>\n<!-- \/ Yoast SEO plugin. -->","yoast_head_json":{"title":"Ficha T\u00e9cnica - T. Greguol","robots":{"index":"index","follow":"follow","max-snippet":"max-snippet:-1","max-image-preview":"max-image-preview:large","max-video-preview":"max-video-preview:-1"},"canonical":"https:\/\/www.tgreguol.com.br\/blog\/ficha-tecnica\/","og_locale":"pt_BR","og_type":"article","og_title":"Ficha T\u00e9cnica - T. Greguol","og_description":"Masteriza\u00e7\u00e3o: biu Capa: Ale McHaddo e T. Greguol 1. Resumindo \u2026 Leia Mais","og_url":"https:\/\/www.tgreguol.com.br\/blog\/ficha-tecnica\/","og_site_name":"T. Greguol","article_publisher":"https:\/\/www.facebook.com\/tgreguol","article_modified_time":"2020-11-06T20:47:57+00:00","twitter_card":"summary_large_image","twitter_site":"@katarse","twitter_misc":{"Est. tempo de leitura":"2 minutos"},"schema":{"@context":"https:\/\/schema.org","@graph":[{"@type":"WebPage","@id":"https:\/\/www.tgreguol.com.br\/blog\/ficha-tecnica\/","url":"https:\/\/www.tgreguol.com.br\/blog\/ficha-tecnica\/","name":"Ficha T\u00e9cnica - T. Greguol","isPartOf":{"@id":"https:\/\/www.tgreguol.com.br\/blog\/#website"},"datePublished":"2020-11-06T20:29:58+00:00","dateModified":"2020-11-06T20:47:57+00:00","breadcrumb":{"@id":"https:\/\/www.tgreguol.com.br\/blog\/ficha-tecnica\/#breadcrumb"},"inLanguage":"pt-BR","potentialAction":[{"@type":"ReadAction","target":["https:\/\/www.tgreguol.com.br\/blog\/ficha-tecnica\/"]}]},{"@type":"BreadcrumbList","@id":"https:\/\/www.tgreguol.com.br\/blog\/ficha-tecnica\/#breadcrumb","itemListElement":[{"@type":"ListItem","position":1,"name":"In\u00edcio","item":"https:\/\/www.tgreguol.com.br\/blog\/"},{"@type":"ListItem","position":2,"name":"Ficha T\u00e9cnica"}]},{"@type":"WebSite","@id":"https:\/\/www.tgreguol.com.br\/blog\/#website","url":"https:\/\/www.tgreguol.com.br\/blog\/","name":"T. Greguol","description":"Imaginador","potentialAction":[{"@type":"SearchAction","target":{"@type":"EntryPoint","urlTemplate":"https:\/\/www.tgreguol.com.br\/blog\/?s={search_term_string}"},"query-input":{"@type":"PropertyValueSpecification","valueRequired":true,"valueName":"search_term_string"}}],"inLanguage":"pt-BR"}]}},"_links":{"self":[{"href":"https:\/\/www.tgreguol.com.br\/blog\/wp-json\/wp\/v2\/pages\/3147","targetHints":{"allow":["GET"]}}],"collection":[{"href":"https:\/\/www.tgreguol.com.br\/blog\/wp-json\/wp\/v2\/pages"}],"about":[{"href":"https:\/\/www.tgreguol.com.br\/blog\/wp-json\/wp\/v2\/types\/page"}],"author":[{"embeddable":true,"href":"https:\/\/www.tgreguol.com.br\/blog\/wp-json\/wp\/v2\/users\/1"}],"replies":[{"embeddable":true,"href":"https:\/\/www.tgreguol.com.br\/blog\/wp-json\/wp\/v2\/comments?post=3147"}],"version-history":[{"count":6,"href":"https:\/\/www.tgreguol.com.br\/blog\/wp-json\/wp\/v2\/pages\/3147\/revisions"}],"predecessor-version":[{"id":3160,"href":"https:\/\/www.tgreguol.com.br\/blog\/wp-json\/wp\/v2\/pages\/3147\/revisions\/3160"}],"wp:attachment":[{"href":"https:\/\/www.tgreguol.com.br\/blog\/wp-json\/wp\/v2\/media?parent=3147"}],"curies":[{"name":"wp","href":"https:\/\/api.w.org\/{rel}","templated":true}]}}