{"id":3032,"date":"2020-10-17T16:20:40","date_gmt":"2020-10-17T16:20:40","guid":{"rendered":"https:\/\/www.tgreguol.com.br\/blog\/?page_id=3032"},"modified":"2026-01-14T18:47:09","modified_gmt":"2026-01-14T18:47:09","slug":"dancantefilosoficofuriosotosco","status":"publish","type":"page","link":"https:\/\/www.tgreguol.com.br\/blog\/dancantefilosoficofuriosotosco\/","title":{"rendered":"dan\u00e7antefilos\u00f3ficofuriosotosco"},"content":{"rendered":"\n<p class=\"\"><\/p>\n\n\n\n<figure class=\"wp-block-image size-large is-resized\"><a href=\"https:\/\/www.tgreguol.com.br\/blog\/banda-katarse\/\" target=\"_blank\" rel=\"noopener noreferrer\"><img loading=\"lazy\" decoding=\"async\" width=\"1000\" height=\"1000\" src=\"https:\/\/www.tgreguol.com.br\/blog\/wp-content\/uploads\/2020\/10\/pequeno-1.jpg\" alt=\"\" class=\"wp-image-3047\" style=\"width:200px;height:200px\" srcset=\"https:\/\/www.tgreguol.com.br\/blog\/wp-content\/uploads\/2020\/10\/pequeno-1.jpg 1000w, https:\/\/www.tgreguol.com.br\/blog\/wp-content\/uploads\/2020\/10\/pequeno-1-300x300.jpg 300w, https:\/\/www.tgreguol.com.br\/blog\/wp-content\/uploads\/2020\/10\/pequeno-1-150x150.jpg 150w, https:\/\/www.tgreguol.com.br\/blog\/wp-content\/uploads\/2020\/10\/pequeno-1-768x768.jpg 768w\" sizes=\"auto, (max-width: 1000px) 100vw, 1000px\" \/><\/a><\/figure>\n\n\n\n<p class=\"\"><strong>Lan\u00e7amento:<\/strong> 20.11.2020<\/p>\n\n\n\n<p class=\"has-text-align-left\"><strong>Sobre:<\/strong> &#8220;dan\u00e7antefilos\u00f3ficofuriosotosco&#8221; \u00e9 o novo \u00e1lbum da banda Katarse. A banda teve seu per\u00edodo criativo entre 2002 e 2009, tendo feito shows at\u00e9 2015, quando cessou suas atividades. O \u00e1lbum cont\u00e9m doze faixas e conta com a participa\u00e7\u00e3o de quase todos os integrantes que j\u00e1 passaram pela banda. Um \u00e1lbum dan\u00e7ante, filos\u00f3fico, furioso e tosco.<\/p>\n\n\n\n<p class=\"has-text-align-left\">Quando eu era adolescente, ali depois dos 80 e antes da internet, rolava nas lojas de cd mais &#8220;alternativas&#8221; (e at\u00e9 nas alternativas mesmo) um tipo de cd pirata. Eram grava\u00e7\u00f5es piratas dos shows de bandas que eu adorava mas nunca poderia ver ao vivo. Esse novo \u00e1lbum da Katarse foi criado baseado nessa mem\u00f3ria espec\u00edfica. Afinal, \u00e9 um \u00e1lbum ao vivo de uma banda que eu adoro, mas nunca poderei ver um show. E tamb\u00e9m tem a mem\u00f3ria afetiva. E o fato de que sempre quando acaba um show, colocam umas m\u00fasicas &#8220;inesperadas&#8221;. E pela arqueologia. E pela celebra\u00e7\u00e3o. Divirta-se!<\/p>\n\n\n\n<p class=\"\"><strong><a href=\"https:\/\/ps.onerpm.com\/3815282607\">OU\u00c7A J\u00c1<\/a><\/strong><\/p>\n\n\n\n<p class=\"\"><strong><a rel=\"noreferrer noopener\" href=\"https:\/\/www.tgreguol.com.br\/blog\/?page_id=3039&amp;preview=true\" target=\"_blank\">LETRAS DAS M\u00daSICA<\/a><\/strong><a href=\"https:\/\/www.tgreguol.com.br\/blog\/?page_id=3039&amp;preview=true\" target=\"_blank\" rel=\"noreferrer noopener\"><strong>S<\/strong><\/a><\/p>\n\n\n\n<p class=\"\"><strong><a rel=\"noreferrer noopener\" href=\"https:\/\/www.tgreguol.com.br\/blog\/ficha-tecnica\/\" target=\"_blank\">FICHA T\u00c9CNICA DO \u00c1LBUM<\/a><\/strong><\/p>\n","protected":false},"excerpt":{"rendered":"<p>Lan\u00e7amento: 20.11.2020 Sobre: &#8220;dan\u00e7antefilos\u00f3ficofuriosotosco&#8221; \u00e9 o novo \u00e1lbum da banda \u2026<\/p>\n<p class=\"continue-reading-button\"> <a class=\"continue-reading-link\" href=\"https:\/\/www.tgreguol.com.br\/blog\/dancantefilosoficofuriosotosco\/\">Leia Mais<i class=\"crycon-right-dir\"><\/i><\/a><\/p>\n","protected":false},"author":1,"featured_media":3045,"parent":0,"menu_order":0,"comment_status":"closed","ping_status":"closed","template":"","meta":{"nf_dc_page":"","_exactmetrics_skip_tracking":false,"_exactmetrics_sitenote_active":false,"_exactmetrics_sitenote_note":"","_exactmetrics_sitenote_category":0,"footnotes":""},"class_list":["post-3032","page","type-page","status-publish","has-post-thumbnail","hentry"],"yoast_head":"<!-- This site is optimized with the Yoast SEO plugin v27.5 - https:\/\/yoast.com\/product\/yoast-seo-wordpress\/ -->\n<title>dan\u00e7antefilos\u00f3ficofuriosotosco - T. Greguol<\/title>\n<meta name=\"robots\" content=\"index, follow, max-snippet:-1, max-image-preview:large, max-video-preview:-1\" \/>\n<link rel=\"canonical\" href=\"https:\/\/www.tgreguol.com.br\/blog\/dancantefilosoficofuriosotosco\/\" \/>\n<meta property=\"og:locale\" content=\"pt_BR\" \/>\n<meta property=\"og:type\" content=\"article\" \/>\n<meta property=\"og:title\" content=\"dan\u00e7antefilos\u00f3ficofuriosotosco - T. Greguol\" \/>\n<meta property=\"og:description\" content=\"Lan\u00e7amento: 20.11.2020 Sobre: &#8220;dan\u00e7antefilos\u00f3ficofuriosotosco&#8221; \u00e9 o novo \u00e1lbum da banda \u2026 Leia Mais\" \/>\n<meta property=\"og:url\" content=\"https:\/\/www.tgreguol.com.br\/blog\/dancantefilosoficofuriosotosco\/\" \/>\n<meta property=\"og:site_name\" content=\"T. Greguol\" \/>\n<meta property=\"article:publisher\" content=\"https:\/\/www.facebook.com\/tgreguol\" \/>\n<meta property=\"article:modified_time\" content=\"2026-01-14T18:47:09+00:00\" \/>\n<meta property=\"og:image\" content=\"https:\/\/www.tgreguol.com.br\/blog\/wp-content\/uploads\/2020\/10\/pequeno.jpg\" \/>\n\t<meta property=\"og:image:width\" content=\"1000\" \/>\n\t<meta property=\"og:image:height\" content=\"1000\" \/>\n\t<meta property=\"og:image:type\" content=\"image\/jpeg\" \/>\n<meta name=\"twitter:card\" content=\"summary_large_image\" \/>\n<meta name=\"twitter:site\" content=\"@katarse\" \/>\n<meta name=\"twitter:label1\" content=\"Est. tempo de leitura\" \/>\n\t<meta name=\"twitter:data1\" content=\"2 minutos\" \/>\n<script type=\"application\/ld+json\" class=\"yoast-schema-graph\">{\"@context\":\"https:\\\/\\\/schema.org\",\"@graph\":[{\"@type\":\"WebPage\",\"@id\":\"https:\\\/\\\/www.tgreguol.com.br\\\/blog\\\/dancantefilosoficofuriosotosco\\\/\",\"url\":\"https:\\\/\\\/www.tgreguol.com.br\\\/blog\\\/dancantefilosoficofuriosotosco\\\/\",\"name\":\"dan\u00e7antefilos\u00f3ficofuriosotosco - T. Greguol\",\"isPartOf\":{\"@id\":\"https:\\\/\\\/www.tgreguol.com.br\\\/blog\\\/#website\"},\"primaryImageOfPage\":{\"@id\":\"https:\\\/\\\/www.tgreguol.com.br\\\/blog\\\/dancantefilosoficofuriosotosco\\\/#primaryimage\"},\"image\":{\"@id\":\"https:\\\/\\\/www.tgreguol.com.br\\\/blog\\\/dancantefilosoficofuriosotosco\\\/#primaryimage\"},\"thumbnailUrl\":\"https:\\\/\\\/www.tgreguol.com.br\\\/blog\\\/wp-content\\\/uploads\\\/2020\\\/10\\\/pequeno.jpg\",\"datePublished\":\"2020-10-17T16:20:40+00:00\",\"dateModified\":\"2026-01-14T18:47:09+00:00\",\"breadcrumb\":{\"@id\":\"https:\\\/\\\/www.tgreguol.com.br\\\/blog\\\/dancantefilosoficofuriosotosco\\\/#breadcrumb\"},\"inLanguage\":\"pt-BR\",\"potentialAction\":[{\"@type\":\"ReadAction\",\"target\":[\"https:\\\/\\\/www.tgreguol.com.br\\\/blog\\\/dancantefilosoficofuriosotosco\\\/\"]}]},{\"@type\":\"ImageObject\",\"inLanguage\":\"pt-BR\",\"@id\":\"https:\\\/\\\/www.tgreguol.com.br\\\/blog\\\/dancantefilosoficofuriosotosco\\\/#primaryimage\",\"url\":\"https:\\\/\\\/www.tgreguol.com.br\\\/blog\\\/wp-content\\\/uploads\\\/2020\\\/10\\\/pequeno.jpg\",\"contentUrl\":\"https:\\\/\\\/www.tgreguol.com.br\\\/blog\\\/wp-content\\\/uploads\\\/2020\\\/10\\\/pequeno.jpg\",\"width\":1000,\"height\":1000},{\"@type\":\"BreadcrumbList\",\"@id\":\"https:\\\/\\\/www.tgreguol.com.br\\\/blog\\\/dancantefilosoficofuriosotosco\\\/#breadcrumb\",\"itemListElement\":[{\"@type\":\"ListItem\",\"position\":1,\"name\":\"In\u00edcio\",\"item\":\"https:\\\/\\\/www.tgreguol.com.br\\\/blog\\\/\"},{\"@type\":\"ListItem\",\"position\":2,\"name\":\"dan\u00e7antefilos\u00f3ficofuriosotosco\"}]},{\"@type\":\"WebSite\",\"@id\":\"https:\\\/\\\/www.tgreguol.com.br\\\/blog\\\/#website\",\"url\":\"https:\\\/\\\/www.tgreguol.com.br\\\/blog\\\/\",\"name\":\"T. Greguol\",\"description\":\"Imaginador\",\"potentialAction\":[{\"@type\":\"SearchAction\",\"target\":{\"@type\":\"EntryPoint\",\"urlTemplate\":\"https:\\\/\\\/www.tgreguol.com.br\\\/blog\\\/?s={search_term_string}\"},\"query-input\":{\"@type\":\"PropertyValueSpecification\",\"valueRequired\":true,\"valueName\":\"search_term_string\"}}],\"inLanguage\":\"pt-BR\"}]}<\/script>\n<!-- \/ Yoast SEO plugin. -->","yoast_head_json":{"title":"dan\u00e7antefilos\u00f3ficofuriosotosco - T. Greguol","robots":{"index":"index","follow":"follow","max-snippet":"max-snippet:-1","max-image-preview":"max-image-preview:large","max-video-preview":"max-video-preview:-1"},"canonical":"https:\/\/www.tgreguol.com.br\/blog\/dancantefilosoficofuriosotosco\/","og_locale":"pt_BR","og_type":"article","og_title":"dan\u00e7antefilos\u00f3ficofuriosotosco - T. Greguol","og_description":"Lan\u00e7amento: 20.11.2020 Sobre: &#8220;dan\u00e7antefilos\u00f3ficofuriosotosco&#8221; \u00e9 o novo \u00e1lbum da banda \u2026 Leia Mais","og_url":"https:\/\/www.tgreguol.com.br\/blog\/dancantefilosoficofuriosotosco\/","og_site_name":"T. Greguol","article_publisher":"https:\/\/www.facebook.com\/tgreguol","article_modified_time":"2026-01-14T18:47:09+00:00","og_image":[{"width":1000,"height":1000,"url":"https:\/\/www.tgreguol.com.br\/blog\/wp-content\/uploads\/2020\/10\/pequeno.jpg","type":"image\/jpeg"}],"twitter_card":"summary_large_image","twitter_site":"@katarse","twitter_misc":{"Est. tempo de leitura":"2 minutos"},"schema":{"@context":"https:\/\/schema.org","@graph":[{"@type":"WebPage","@id":"https:\/\/www.tgreguol.com.br\/blog\/dancantefilosoficofuriosotosco\/","url":"https:\/\/www.tgreguol.com.br\/blog\/dancantefilosoficofuriosotosco\/","name":"dan\u00e7antefilos\u00f3ficofuriosotosco - T. Greguol","isPartOf":{"@id":"https:\/\/www.tgreguol.com.br\/blog\/#website"},"primaryImageOfPage":{"@id":"https:\/\/www.tgreguol.com.br\/blog\/dancantefilosoficofuriosotosco\/#primaryimage"},"image":{"@id":"https:\/\/www.tgreguol.com.br\/blog\/dancantefilosoficofuriosotosco\/#primaryimage"},"thumbnailUrl":"https:\/\/www.tgreguol.com.br\/blog\/wp-content\/uploads\/2020\/10\/pequeno.jpg","datePublished":"2020-10-17T16:20:40+00:00","dateModified":"2026-01-14T18:47:09+00:00","breadcrumb":{"@id":"https:\/\/www.tgreguol.com.br\/blog\/dancantefilosoficofuriosotosco\/#breadcrumb"},"inLanguage":"pt-BR","potentialAction":[{"@type":"ReadAction","target":["https:\/\/www.tgreguol.com.br\/blog\/dancantefilosoficofuriosotosco\/"]}]},{"@type":"ImageObject","inLanguage":"pt-BR","@id":"https:\/\/www.tgreguol.com.br\/blog\/dancantefilosoficofuriosotosco\/#primaryimage","url":"https:\/\/www.tgreguol.com.br\/blog\/wp-content\/uploads\/2020\/10\/pequeno.jpg","contentUrl":"https:\/\/www.tgreguol.com.br\/blog\/wp-content\/uploads\/2020\/10\/pequeno.jpg","width":1000,"height":1000},{"@type":"BreadcrumbList","@id":"https:\/\/www.tgreguol.com.br\/blog\/dancantefilosoficofuriosotosco\/#breadcrumb","itemListElement":[{"@type":"ListItem","position":1,"name":"In\u00edcio","item":"https:\/\/www.tgreguol.com.br\/blog\/"},{"@type":"ListItem","position":2,"name":"dan\u00e7antefilos\u00f3ficofuriosotosco"}]},{"@type":"WebSite","@id":"https:\/\/www.tgreguol.com.br\/blog\/#website","url":"https:\/\/www.tgreguol.com.br\/blog\/","name":"T. Greguol","description":"Imaginador","potentialAction":[{"@type":"SearchAction","target":{"@type":"EntryPoint","urlTemplate":"https:\/\/www.tgreguol.com.br\/blog\/?s={search_term_string}"},"query-input":{"@type":"PropertyValueSpecification","valueRequired":true,"valueName":"search_term_string"}}],"inLanguage":"pt-BR"}]}},"_links":{"self":[{"href":"https:\/\/www.tgreguol.com.br\/blog\/wp-json\/wp\/v2\/pages\/3032","targetHints":{"allow":["GET"]}}],"collection":[{"href":"https:\/\/www.tgreguol.com.br\/blog\/wp-json\/wp\/v2\/pages"}],"about":[{"href":"https:\/\/www.tgreguol.com.br\/blog\/wp-json\/wp\/v2\/types\/page"}],"author":[{"embeddable":true,"href":"https:\/\/www.tgreguol.com.br\/blog\/wp-json\/wp\/v2\/users\/1"}],"replies":[{"embeddable":true,"href":"https:\/\/www.tgreguol.com.br\/blog\/wp-json\/wp\/v2\/comments?post=3032"}],"version-history":[{"count":58,"href":"https:\/\/www.tgreguol.com.br\/blog\/wp-json\/wp\/v2\/pages\/3032\/revisions"}],"predecessor-version":[{"id":3809,"href":"https:\/\/www.tgreguol.com.br\/blog\/wp-json\/wp\/v2\/pages\/3032\/revisions\/3809"}],"wp:featuredmedia":[{"embeddable":true,"href":"https:\/\/www.tgreguol.com.br\/blog\/wp-json\/wp\/v2\/media\/3045"}],"wp:attachment":[{"href":"https:\/\/www.tgreguol.com.br\/blog\/wp-json\/wp\/v2\/media?parent=3032"}],"curies":[{"name":"wp","href":"https:\/\/api.w.org\/{rel}","templated":true}]}}