{"id":2595,"date":"2019-08-01T16:04:31","date_gmt":"2019-08-01T16:04:31","guid":{"rendered":"https:\/\/www.tgreguol.com.br\/blog\/?page_id=2595"},"modified":"2023-11-09T22:54:13","modified_gmt":"2023-11-09T22:54:13","slug":"eu-deveria-ganhar-um-salario-pra-ser-eu","status":"publish","type":"page","link":"https:\/\/www.tgreguol.com.br\/blog\/eu-deveria-ganhar-um-salario-pra-ser-eu\/","title":{"rendered":"\u201cEu Deveria Ganhar Um Sal\u00e1rio Pra Ser Eu\u201d"},"content":{"rendered":"\n<p>Exposi\u00e7\u00e3o de T. Greguol.<br>De 7 a 28 de Setembro de 2019<br><\/p>\n\n\n\n<p>Durante o per\u00edodo da exposi\u00e7\u00e3o, aconteceram apresenta\u00e7\u00f5es musicais de <a href=\"http:\/\/www.rodrigoeba.com.br\/\">Rodrigo Eba!,<\/a> <a href=\"https:\/\/www.caiobars.com.br\/\">Caio Bars,<\/a> <a href=\"https:\/\/www.facebook.com\/vivianbenford\">Vivian Benford<\/a><\/p>\n\n\n\n<p><a aria-label=\"Casa Elefante\n (abre em uma nova aba)\" href=\"https:\/\/www.facebook.com\/elefante277\/\" target=\"_blank\" rel=\"noreferrer noopener\">Casa Elefante<br><\/a>Sobreloja, R. Dr. Ces\u00e1rio Mota J\u00fanior, 277 &#8211; Vila Buarque, S\u00e3o Paulo<br><br>\u201cEU DEVERIA GANHAR UM SAL\u00c1RIO PRA SER EU\u201d<\/p>\n\n\n\n<p>Obras figurativas, id\u00e9ias abstratas. Quando uma ideia me atinge, tento traduzi-la pra fora da minha cabe\u00e7a do jeito mais fiel poss\u00edvel: apar\u00eancia, humor, ritmo, sensa\u00e7\u00e3o, significado. Ent\u00e3o, pra n\u00e3o correr o risco de ser redundante ou de dar spoilers, serei breve na contextualiza\u00e7\u00e3o. Os meus defeitos s\u00e3o todos efeitos colaterais das minhas qualidades. Vem tudo do mesmo lugar. Tipo a pessoa e o s\u00edmio, n\u00e3o tem um sem o outro. Eu deveria ganhar um sal\u00e1rio pra ser eu: hip\u00f3teses, conjecturas, especula\u00e7\u00f5es e suposi\u00e7\u00f5es. Para entender com a nuca e n\u00e3o com a testa, onde ficam as rugas dos pensamentos complicados.<\/p>\n\n\n\n<p><\/p>\n\n\n\n<figure class=\"wp-block-embed is-type-video is-provider-youtube wp-block-embed-youtube wp-embed-aspect-16-9 wp-has-aspect-ratio\"><div class=\"wp-block-embed__wrapper\">\n<iframe loading=\"lazy\" title=\"Expo &quot;Eu Deveria Ganhar Um Sal\u00e1rio Pra Ser Eu&quot; de T. Greguol\" width=\"900\" height=\"506\" src=\"https:\/\/www.youtube.com\/embed\/GQpUlk-vD4s?feature=oembed\" frameborder=\"0\" allow=\"accelerometer; autoplay; clipboard-write; encrypted-media; gyroscope; picture-in-picture; web-share\" allowfullscreen><\/iframe>\n<\/div><\/figure>\n\n\n\n<figure class=\"wp-block-embed is-type-video is-provider-youtube wp-block-embed-youtube wp-embed-aspect-16-9 wp-has-aspect-ratio\"><div class=\"wp-block-embed__wrapper\">\n<iframe loading=\"lazy\" title=\"&quot;S\u00edsifo&quot; - T. Greguol\" width=\"900\" height=\"506\" src=\"https:\/\/www.youtube.com\/embed\/ZHldJ9--Ijc?start=1&#038;feature=oembed\" frameborder=\"0\" allow=\"accelerometer; autoplay; clipboard-write; encrypted-media; gyroscope; picture-in-picture; web-share\" allowfullscreen><\/iframe>\n<\/div><\/figure>\n","protected":false},"excerpt":{"rendered":"<p>Exposi\u00e7\u00e3o de T. Greguol.De 7 a 28 de Setembro de \u2026<\/p>\n<p class=\"continue-reading-button\"> <a class=\"continue-reading-link\" href=\"https:\/\/www.tgreguol.com.br\/blog\/eu-deveria-ganhar-um-salario-pra-ser-eu\/\">Leia Mais<i class=\"crycon-right-dir\"><\/i><\/a><\/p>\n","protected":false},"author":1,"featured_media":0,"parent":0,"menu_order":0,"comment_status":"closed","ping_status":"closed","template":"","meta":{"nf_dc_page":"","_exactmetrics_skip_tracking":false,"_exactmetrics_sitenote_active":false,"_exactmetrics_sitenote_note":"","_exactmetrics_sitenote_category":0,"footnotes":""},"class_list":["post-2595","page","type-page","status-publish","hentry"],"yoast_head":"<!-- This site is optimized with the Yoast SEO plugin v27.5 - https:\/\/yoast.com\/product\/yoast-seo-wordpress\/ -->\n<title>\u201cEu Deveria Ganhar Um Sal\u00e1rio Pra Ser Eu\u201d - T. Greguol<\/title>\n<meta name=\"robots\" content=\"index, follow, max-snippet:-1, max-image-preview:large, max-video-preview:-1\" \/>\n<link rel=\"canonical\" href=\"https:\/\/www.tgreguol.com.br\/blog\/eu-deveria-ganhar-um-salario-pra-ser-eu\/\" \/>\n<meta property=\"og:locale\" content=\"pt_BR\" \/>\n<meta property=\"og:type\" content=\"article\" \/>\n<meta property=\"og:title\" content=\"\u201cEu Deveria Ganhar Um Sal\u00e1rio Pra Ser Eu\u201d - T. Greguol\" \/>\n<meta property=\"og:description\" content=\"Exposi\u00e7\u00e3o de T. Greguol.De 7 a 28 de Setembro de \u2026 Leia Mais\" \/>\n<meta property=\"og:url\" content=\"https:\/\/www.tgreguol.com.br\/blog\/eu-deveria-ganhar-um-salario-pra-ser-eu\/\" \/>\n<meta property=\"og:site_name\" content=\"T. Greguol\" \/>\n<meta property=\"article:publisher\" content=\"https:\/\/www.facebook.com\/tgreguol\" \/>\n<meta property=\"article:modified_time\" content=\"2023-11-09T22:54:13+00:00\" \/>\n<meta name=\"twitter:card\" content=\"summary_large_image\" \/>\n<meta name=\"twitter:site\" content=\"@katarse\" \/>\n<meta name=\"twitter:label1\" content=\"Est. tempo de leitura\" \/>\n\t<meta name=\"twitter:data1\" content=\"1 minuto\" \/>\n<script type=\"application\/ld+json\" class=\"yoast-schema-graph\">{\"@context\":\"https:\\\/\\\/schema.org\",\"@graph\":[{\"@type\":\"WebPage\",\"@id\":\"https:\\\/\\\/www.tgreguol.com.br\\\/blog\\\/eu-deveria-ganhar-um-salario-pra-ser-eu\\\/\",\"url\":\"https:\\\/\\\/www.tgreguol.com.br\\\/blog\\\/eu-deveria-ganhar-um-salario-pra-ser-eu\\\/\",\"name\":\"\u201cEu Deveria Ganhar Um Sal\u00e1rio Pra Ser Eu\u201d - T. Greguol\",\"isPartOf\":{\"@id\":\"https:\\\/\\\/www.tgreguol.com.br\\\/blog\\\/#website\"},\"datePublished\":\"2019-08-01T16:04:31+00:00\",\"dateModified\":\"2023-11-09T22:54:13+00:00\",\"breadcrumb\":{\"@id\":\"https:\\\/\\\/www.tgreguol.com.br\\\/blog\\\/eu-deveria-ganhar-um-salario-pra-ser-eu\\\/#breadcrumb\"},\"inLanguage\":\"pt-BR\",\"potentialAction\":[{\"@type\":\"ReadAction\",\"target\":[\"https:\\\/\\\/www.tgreguol.com.br\\\/blog\\\/eu-deveria-ganhar-um-salario-pra-ser-eu\\\/\"]}]},{\"@type\":\"BreadcrumbList\",\"@id\":\"https:\\\/\\\/www.tgreguol.com.br\\\/blog\\\/eu-deveria-ganhar-um-salario-pra-ser-eu\\\/#breadcrumb\",\"itemListElement\":[{\"@type\":\"ListItem\",\"position\":1,\"name\":\"In\u00edcio\",\"item\":\"https:\\\/\\\/www.tgreguol.com.br\\\/blog\\\/\"},{\"@type\":\"ListItem\",\"position\":2,\"name\":\"\u201cEu Deveria Ganhar Um Sal\u00e1rio Pra Ser Eu\u201d\"}]},{\"@type\":\"WebSite\",\"@id\":\"https:\\\/\\\/www.tgreguol.com.br\\\/blog\\\/#website\",\"url\":\"https:\\\/\\\/www.tgreguol.com.br\\\/blog\\\/\",\"name\":\"T. Greguol\",\"description\":\"Imaginador\",\"potentialAction\":[{\"@type\":\"SearchAction\",\"target\":{\"@type\":\"EntryPoint\",\"urlTemplate\":\"https:\\\/\\\/www.tgreguol.com.br\\\/blog\\\/?s={search_term_string}\"},\"query-input\":{\"@type\":\"PropertyValueSpecification\",\"valueRequired\":true,\"valueName\":\"search_term_string\"}}],\"inLanguage\":\"pt-BR\"}]}<\/script>\n<!-- \/ Yoast SEO plugin. -->","yoast_head_json":{"title":"\u201cEu Deveria Ganhar Um Sal\u00e1rio Pra Ser Eu\u201d - T. Greguol","robots":{"index":"index","follow":"follow","max-snippet":"max-snippet:-1","max-image-preview":"max-image-preview:large","max-video-preview":"max-video-preview:-1"},"canonical":"https:\/\/www.tgreguol.com.br\/blog\/eu-deveria-ganhar-um-salario-pra-ser-eu\/","og_locale":"pt_BR","og_type":"article","og_title":"\u201cEu Deveria Ganhar Um Sal\u00e1rio Pra Ser Eu\u201d - T. Greguol","og_description":"Exposi\u00e7\u00e3o de T. Greguol.De 7 a 28 de Setembro de \u2026 Leia Mais","og_url":"https:\/\/www.tgreguol.com.br\/blog\/eu-deveria-ganhar-um-salario-pra-ser-eu\/","og_site_name":"T. Greguol","article_publisher":"https:\/\/www.facebook.com\/tgreguol","article_modified_time":"2023-11-09T22:54:13+00:00","twitter_card":"summary_large_image","twitter_site":"@katarse","twitter_misc":{"Est. tempo de leitura":"1 minuto"},"schema":{"@context":"https:\/\/schema.org","@graph":[{"@type":"WebPage","@id":"https:\/\/www.tgreguol.com.br\/blog\/eu-deveria-ganhar-um-salario-pra-ser-eu\/","url":"https:\/\/www.tgreguol.com.br\/blog\/eu-deveria-ganhar-um-salario-pra-ser-eu\/","name":"\u201cEu Deveria Ganhar Um Sal\u00e1rio Pra Ser Eu\u201d - T. Greguol","isPartOf":{"@id":"https:\/\/www.tgreguol.com.br\/blog\/#website"},"datePublished":"2019-08-01T16:04:31+00:00","dateModified":"2023-11-09T22:54:13+00:00","breadcrumb":{"@id":"https:\/\/www.tgreguol.com.br\/blog\/eu-deveria-ganhar-um-salario-pra-ser-eu\/#breadcrumb"},"inLanguage":"pt-BR","potentialAction":[{"@type":"ReadAction","target":["https:\/\/www.tgreguol.com.br\/blog\/eu-deveria-ganhar-um-salario-pra-ser-eu\/"]}]},{"@type":"BreadcrumbList","@id":"https:\/\/www.tgreguol.com.br\/blog\/eu-deveria-ganhar-um-salario-pra-ser-eu\/#breadcrumb","itemListElement":[{"@type":"ListItem","position":1,"name":"In\u00edcio","item":"https:\/\/www.tgreguol.com.br\/blog\/"},{"@type":"ListItem","position":2,"name":"\u201cEu Deveria Ganhar Um Sal\u00e1rio Pra Ser Eu\u201d"}]},{"@type":"WebSite","@id":"https:\/\/www.tgreguol.com.br\/blog\/#website","url":"https:\/\/www.tgreguol.com.br\/blog\/","name":"T. Greguol","description":"Imaginador","potentialAction":[{"@type":"SearchAction","target":{"@type":"EntryPoint","urlTemplate":"https:\/\/www.tgreguol.com.br\/blog\/?s={search_term_string}"},"query-input":{"@type":"PropertyValueSpecification","valueRequired":true,"valueName":"search_term_string"}}],"inLanguage":"pt-BR"}]}},"_links":{"self":[{"href":"https:\/\/www.tgreguol.com.br\/blog\/wp-json\/wp\/v2\/pages\/2595","targetHints":{"allow":["GET"]}}],"collection":[{"href":"https:\/\/www.tgreguol.com.br\/blog\/wp-json\/wp\/v2\/pages"}],"about":[{"href":"https:\/\/www.tgreguol.com.br\/blog\/wp-json\/wp\/v2\/types\/page"}],"author":[{"embeddable":true,"href":"https:\/\/www.tgreguol.com.br\/blog\/wp-json\/wp\/v2\/users\/1"}],"replies":[{"embeddable":true,"href":"https:\/\/www.tgreguol.com.br\/blog\/wp-json\/wp\/v2\/comments?post=2595"}],"version-history":[{"count":16,"href":"https:\/\/www.tgreguol.com.br\/blog\/wp-json\/wp\/v2\/pages\/2595\/revisions"}],"predecessor-version":[{"id":3535,"href":"https:\/\/www.tgreguol.com.br\/blog\/wp-json\/wp\/v2\/pages\/2595\/revisions\/3535"}],"wp:attachment":[{"href":"https:\/\/www.tgreguol.com.br\/blog\/wp-json\/wp\/v2\/media?parent=2595"}],"curies":[{"name":"wp","href":"https:\/\/api.w.org\/{rel}","templated":true}]}}