{"id":1322,"date":"2016-01-29T22:40:16","date_gmt":"2016-01-29T22:40:16","guid":{"rendered":"https:\/\/www.tgreguol.com.br\/blog\/?page_id=1322"},"modified":"2016-02-15T16:44:05","modified_gmt":"2016-02-15T16:44:05","slug":"amnesia-criaturas-e-portal","status":"publish","type":"page","link":"https:\/\/www.tgreguol.com.br\/blog\/amnesia-criaturas-e-portal\/","title":{"rendered":"Amn\u00e9sia, criaturas e portal"},"content":{"rendered":"<p style=\"text-align: justify;\">Dez anos antes ele fora encontrado nos escombros de um inc\u00eandio. Acharam que havia sobrevivido por n\u00e3o estar dentro do pr\u00e9dio, mas sim por perto, na hora em que ruiu. Completamente sem mem\u00f3ria ele reaprendeu a viver. Agora gerenciava uma floricultura. Ap\u00f3s um tempo tentando descobrir quem era, ou melhor, quem fora, resolveu que n\u00e3o importava mais. Sua vida seguia em frente, tendo ele sido correto ou torto. Sentia \u00e0s vezes que deveria procurar se informar, mas sua vida era boa como estava. Tinha emprego, namorada e as flores o deixavam tranq\u00fcilo. Muitos diziam que tinha um dom &#8211; conseguia misturar diferentes tipos de plantas e criar os mais belos h\u00edbridos.<\/p>\n<p style=\"text-align: justify;\">Agora ele caminha pela rua e tem a impress\u00e3o de que ser\u00e1 abordado. Entra num pr\u00e9dio,\u00a0acena boa noite ao porteiro e segue em frente. Sobe pelas escadas e ainda ouve passos como os de um cachorro andando na madeira encerada. Os andares v\u00e3o passando e o esfor\u00e7o \u00e9 tremendo &#8211; j\u00e1 passa do d\u00e9cimo andar, em puro desespero&#8230; Algo como uma luz ilumina o canto superior direito de seu olho direito. Dentro dessa luz uma cena acontece: ele pr\u00f3prio mais jovem, mais forte, vestindo uma roupa engra\u00e7ada. Nas escadas algo agarra seu tornozelo: uma m\u00e3o velha, algo anf\u00edbio. Ele vira-se assustado; o chap\u00e9u da criatura cai, revelando um rosto ou o equivalente a um. Sabia disso por que j\u00e1 soube antes e saberia de novo. Nunca se sentira t\u00e3o confiante. Com movimentos nunca imaginados ele mata a criatura. Euf\u00f3rico. Feliz. Realizado. \u2018\u00c9 bom estar de volta&#8230; \u2019, pensa ele enquanto entra pela fenda que abriu no nada usando um z\u00edper cient\u00edfico.<\/p>\n","protected":false},"excerpt":{"rendered":"<p>Dez anos antes ele fora encontrado nos escombros de um \u2026<\/p>\n<p class=\"continue-reading-button\"> <a class=\"continue-reading-link\" href=\"https:\/\/www.tgreguol.com.br\/blog\/amnesia-criaturas-e-portal\/\">Leia Mais<i class=\"crycon-right-dir\"><\/i><\/a><\/p>\n","protected":false},"author":1,"featured_media":0,"parent":0,"menu_order":0,"comment_status":"closed","ping_status":"closed","template":"","meta":{"nf_dc_page":"","_exactmetrics_skip_tracking":false,"_exactmetrics_sitenote_active":false,"_exactmetrics_sitenote_note":"","_exactmetrics_sitenote_category":0,"footnotes":""},"class_list":["post-1322","page","type-page","status-publish","hentry"],"yoast_head":"<!-- This site is optimized with the Yoast SEO plugin v27.5 - https:\/\/yoast.com\/product\/yoast-seo-wordpress\/ -->\n<title>Amn\u00e9sia, criaturas e portal - T. Greguol<\/title>\n<meta name=\"robots\" content=\"index, follow, max-snippet:-1, max-image-preview:large, max-video-preview:-1\" \/>\n<link rel=\"canonical\" href=\"https:\/\/www.tgreguol.com.br\/blog\/amnesia-criaturas-e-portal\/\" \/>\n<meta property=\"og:locale\" content=\"pt_BR\" \/>\n<meta property=\"og:type\" content=\"article\" \/>\n<meta property=\"og:title\" content=\"Amn\u00e9sia, criaturas e portal - T. Greguol\" \/>\n<meta property=\"og:description\" content=\"Dez anos antes ele fora encontrado nos escombros de um \u2026 Leia Mais\" \/>\n<meta property=\"og:url\" content=\"https:\/\/www.tgreguol.com.br\/blog\/amnesia-criaturas-e-portal\/\" \/>\n<meta property=\"og:site_name\" content=\"T. Greguol\" \/>\n<meta property=\"article:publisher\" content=\"https:\/\/www.facebook.com\/tgreguol\" \/>\n<meta property=\"article:modified_time\" content=\"2016-02-15T16:44:05+00:00\" \/>\n<meta name=\"twitter:card\" content=\"summary_large_image\" \/>\n<meta name=\"twitter:site\" content=\"@katarse\" \/>\n<meta name=\"twitter:label1\" content=\"Est. tempo de leitura\" \/>\n\t<meta name=\"twitter:data1\" content=\"1 minuto\" \/>\n<script type=\"application\/ld+json\" class=\"yoast-schema-graph\">{\"@context\":\"https:\\\/\\\/schema.org\",\"@graph\":[{\"@type\":\"WebPage\",\"@id\":\"https:\\\/\\\/www.tgreguol.com.br\\\/blog\\\/amnesia-criaturas-e-portal\\\/\",\"url\":\"https:\\\/\\\/www.tgreguol.com.br\\\/blog\\\/amnesia-criaturas-e-portal\\\/\",\"name\":\"Amn\u00e9sia, criaturas e portal - T. Greguol\",\"isPartOf\":{\"@id\":\"https:\\\/\\\/www.tgreguol.com.br\\\/blog\\\/#website\"},\"datePublished\":\"2016-01-29T22:40:16+00:00\",\"dateModified\":\"2016-02-15T16:44:05+00:00\",\"breadcrumb\":{\"@id\":\"https:\\\/\\\/www.tgreguol.com.br\\\/blog\\\/amnesia-criaturas-e-portal\\\/#breadcrumb\"},\"inLanguage\":\"pt-BR\",\"potentialAction\":[{\"@type\":\"ReadAction\",\"target\":[\"https:\\\/\\\/www.tgreguol.com.br\\\/blog\\\/amnesia-criaturas-e-portal\\\/\"]}]},{\"@type\":\"BreadcrumbList\",\"@id\":\"https:\\\/\\\/www.tgreguol.com.br\\\/blog\\\/amnesia-criaturas-e-portal\\\/#breadcrumb\",\"itemListElement\":[{\"@type\":\"ListItem\",\"position\":1,\"name\":\"In\u00edcio\",\"item\":\"https:\\\/\\\/www.tgreguol.com.br\\\/blog\\\/\"},{\"@type\":\"ListItem\",\"position\":2,\"name\":\"Amn\u00e9sia, criaturas e portal\"}]},{\"@type\":\"WebSite\",\"@id\":\"https:\\\/\\\/www.tgreguol.com.br\\\/blog\\\/#website\",\"url\":\"https:\\\/\\\/www.tgreguol.com.br\\\/blog\\\/\",\"name\":\"T. Greguol\",\"description\":\"Imaginador\",\"potentialAction\":[{\"@type\":\"SearchAction\",\"target\":{\"@type\":\"EntryPoint\",\"urlTemplate\":\"https:\\\/\\\/www.tgreguol.com.br\\\/blog\\\/?s={search_term_string}\"},\"query-input\":{\"@type\":\"PropertyValueSpecification\",\"valueRequired\":true,\"valueName\":\"search_term_string\"}}],\"inLanguage\":\"pt-BR\"}]}<\/script>\n<!-- \/ Yoast SEO plugin. -->","yoast_head_json":{"title":"Amn\u00e9sia, criaturas e portal - T. Greguol","robots":{"index":"index","follow":"follow","max-snippet":"max-snippet:-1","max-image-preview":"max-image-preview:large","max-video-preview":"max-video-preview:-1"},"canonical":"https:\/\/www.tgreguol.com.br\/blog\/amnesia-criaturas-e-portal\/","og_locale":"pt_BR","og_type":"article","og_title":"Amn\u00e9sia, criaturas e portal - T. Greguol","og_description":"Dez anos antes ele fora encontrado nos escombros de um \u2026 Leia Mais","og_url":"https:\/\/www.tgreguol.com.br\/blog\/amnesia-criaturas-e-portal\/","og_site_name":"T. Greguol","article_publisher":"https:\/\/www.facebook.com\/tgreguol","article_modified_time":"2016-02-15T16:44:05+00:00","twitter_card":"summary_large_image","twitter_site":"@katarse","twitter_misc":{"Est. tempo de leitura":"1 minuto"},"schema":{"@context":"https:\/\/schema.org","@graph":[{"@type":"WebPage","@id":"https:\/\/www.tgreguol.com.br\/blog\/amnesia-criaturas-e-portal\/","url":"https:\/\/www.tgreguol.com.br\/blog\/amnesia-criaturas-e-portal\/","name":"Amn\u00e9sia, criaturas e portal - T. Greguol","isPartOf":{"@id":"https:\/\/www.tgreguol.com.br\/blog\/#website"},"datePublished":"2016-01-29T22:40:16+00:00","dateModified":"2016-02-15T16:44:05+00:00","breadcrumb":{"@id":"https:\/\/www.tgreguol.com.br\/blog\/amnesia-criaturas-e-portal\/#breadcrumb"},"inLanguage":"pt-BR","potentialAction":[{"@type":"ReadAction","target":["https:\/\/www.tgreguol.com.br\/blog\/amnesia-criaturas-e-portal\/"]}]},{"@type":"BreadcrumbList","@id":"https:\/\/www.tgreguol.com.br\/blog\/amnesia-criaturas-e-portal\/#breadcrumb","itemListElement":[{"@type":"ListItem","position":1,"name":"In\u00edcio","item":"https:\/\/www.tgreguol.com.br\/blog\/"},{"@type":"ListItem","position":2,"name":"Amn\u00e9sia, criaturas e portal"}]},{"@type":"WebSite","@id":"https:\/\/www.tgreguol.com.br\/blog\/#website","url":"https:\/\/www.tgreguol.com.br\/blog\/","name":"T. Greguol","description":"Imaginador","potentialAction":[{"@type":"SearchAction","target":{"@type":"EntryPoint","urlTemplate":"https:\/\/www.tgreguol.com.br\/blog\/?s={search_term_string}"},"query-input":{"@type":"PropertyValueSpecification","valueRequired":true,"valueName":"search_term_string"}}],"inLanguage":"pt-BR"}]}},"_links":{"self":[{"href":"https:\/\/www.tgreguol.com.br\/blog\/wp-json\/wp\/v2\/pages\/1322","targetHints":{"allow":["GET"]}}],"collection":[{"href":"https:\/\/www.tgreguol.com.br\/blog\/wp-json\/wp\/v2\/pages"}],"about":[{"href":"https:\/\/www.tgreguol.com.br\/blog\/wp-json\/wp\/v2\/types\/page"}],"author":[{"embeddable":true,"href":"https:\/\/www.tgreguol.com.br\/blog\/wp-json\/wp\/v2\/users\/1"}],"replies":[{"embeddable":true,"href":"https:\/\/www.tgreguol.com.br\/blog\/wp-json\/wp\/v2\/comments?post=1322"}],"version-history":[{"count":3,"href":"https:\/\/www.tgreguol.com.br\/blog\/wp-json\/wp\/v2\/pages\/1322\/revisions"}],"predecessor-version":[{"id":1354,"href":"https:\/\/www.tgreguol.com.br\/blog\/wp-json\/wp\/v2\/pages\/1322\/revisions\/1354"}],"wp:attachment":[{"href":"https:\/\/www.tgreguol.com.br\/blog\/wp-json\/wp\/v2\/media?parent=1322"}],"curies":[{"name":"wp","href":"https:\/\/api.w.org\/{rel}","templated":true}]}}