{"id":1297,"date":"2016-01-29T22:22:18","date_gmt":"2016-01-29T22:22:18","guid":{"rendered":"https:\/\/www.tgreguol.com.br\/blog\/?page_id=1297"},"modified":"2016-02-15T21:02:51","modified_gmt":"2016-02-15T21:02:51","slug":"sitio","status":"publish","type":"page","link":"https:\/\/www.tgreguol.com.br\/blog\/sitio\/","title":{"rendered":"S\u00edtio"},"content":{"rendered":"<p style=\"text-align: justify;\">Quando era pequeno sempre me perguntava onde certas pessoas, como os funcion\u00e1rios dos ped\u00e1gios ou os frentistas de posto de beira de estrada moravam, ou como elas faziam para ir para casa. E assim que vim trabalhar como caseiro aqui do s\u00edtio cheguei a uma resposta. Sempre que vou \u00e0 cidade mais pr\u00f3xima e encontro meus amigos sei onde aquelas pessoas moram. Sou caseiro de um s\u00edtio num lugar que pode ser considerado qualquer lugar. Pode ser interior de S\u00e3o Paulo, pode ser periferia, pode ser realmente qualquer coisa. Prefiro classificar como preenchimento do espa\u00e7o de terra que h\u00e1 entre as enormes propriedades dessa gente cheia da grana. Ou como eles chamam, s\u00edtios. Bom, j\u00e1 que resolvi contar minha hist\u00f3ria, vou me apresentar: o meu nome n\u00e3o importa, mas sou casado, com uma filhinha de dois anos. Entristece-me muito lembrar delas. O que ter\u00e1 acontecido? Por que ser\u00e1 que ningu\u00e9m mais vem aqui? Ser\u00e1 que elas fugiram? N\u00e3o, \u00e9 muito pouco prov\u00e1vel&#8230; A minha solid\u00e3o deve ser parte desse pesadelo que venho vivendo nas \u00faltimas semanas. O local onde moro e trabalho \u00e9 uma propriedade da fam\u00edlia Gomes. Como \u00e9 de se esperar, eles t\u00eam muito dinheiro. A propriedade \u00e9 cercada por uma longa e extensa cerca de arames farpados refor\u00e7ada por fios eletrificados que costumavam ser ligados apenas durante a noite. A casa tamb\u00e9m est\u00e1 protegida por um alarme. Minha fun\u00e7\u00e3o aqui era basicamente manter o local em ordem, o que fazia com grande compet\u00eancia; limpava a piscina, cortava a grama, fazia pequenos, m\u00e9dios e grandes reparos, e minha mulher limpava a casa. Os Gomes vinham para c\u00e1 quase todo fim de semana at\u00e9 algumas semanas atr\u00e1s. Deixe-me esclarecer algo: no \u00faltimo fim de semana que vi minha mulher e minha filha, e tamb\u00e9m qualquer outra pessoa, apenas a filha mais velha dos Gomes e seus amigos tinham vindo &#8211; acho que era alguma coisa a ver com formatura, sei l\u00e1, coisa de rico. Naquela tarde minha esposa foi com minha filha para a casa de uma amiga em S\u00e3o Paulo e, como combinado, s\u00f3 voltariam no outro dia pela manh\u00e3 para continuar me ajudando com os deveres. At\u00e9 agora n\u00e3o sei se a viagem delas foi boa ou ruim. Pelo menos n\u00e3o vi nada de terr\u00edvel acontecer a elas, caso algo tenha acontecido. Na realidade n\u00e3o vi nada de terr\u00edvel acontecer com ningu\u00e9m, apenas senti. Naquela noite, quando eram mais ou menos vinte e tr\u00eas horas, subi \u00e0 casa principal e avisei que estava ligando a cerca el\u00e9trica;\u00a0at\u00e9 a\u00ed, nada de novo, era habitual. A cerca faz um apito ao ser ligada e dois ao ser desligada. O mesmo ocorre com o alarme da casa. Os sons s\u00e3o parecidos, mas para mim, que ou\u00e7o isso todo dia, s\u00e3o absolutamente diferentes. Quando estava deitado j\u00e1 na cama, esperando o sono chegar &#8211; \u00e9 dif\u00edcil quando meus maiores tesouros n\u00e3o est\u00e3o ao meu alcance -, eram umas tr\u00eas da manh\u00e3, ouvi o alarme da casa ser ativado. Na manh\u00e3 seguinte a cerca n\u00e3o queria desligar por nada nesse mundo, ent\u00e3o fui avisar aos jovens para n\u00e3o se aproximarem ou seriam eletrocutados. Espantou-me quando interfonei e ningu\u00e9m atendeu. Ent\u00e3o, continuei minhas obriga\u00e7\u00f5es. Quando era meio-dia, achei estranho ningu\u00e9m ainda ter acordado, mas eles deviam estar todos de ressaca. O que mais me preocupava era se minha mulher encostasse na cerca. Ent\u00e3o fiquei de guarda por uma hora. Como j\u00e1 era hora do almo\u00e7o, resolvi ligar &#8211; afinal, elas deveriam estar aqui de manh\u00e3. O telefone estava mudo. Devia ser alguma pane. Quando j\u00e1 passava das tr\u00eas minha preocupa\u00e7\u00e3o j\u00e1 era grande. Onde estavam minhas queridas? E, tenha paci\u00eancia, como podem dormir tanto esses filhinhos-de-papai? Resolvi que iria at\u00e9 l\u00e1 tentar em outro telefone. Bom, teria que me cuidar pra n\u00e3o disparar o alarme &#8211; seria triste o resultado e o p\u00e2nico dessa juventude e ainda mais a culpa que levaria mais tarde. Cheguei bem pr\u00f3ximo \u00e0 janela da sala. Tudo estava exatamente como eles provavelmente haviam deixado. Mas ser\u00e1 que todos haviam ido dormir nos quartos? Poxa, a casa era grande e os quartos tamb\u00e9m, mas isso j\u00e1 era um exagero. Eram mais de quinze pessoas, sem contar as malas cheias de coisas que provavelmente n\u00e3o teriam tempo de usar nem em um m\u00eas. Dei a volta na casa pela varanda, tomando cuidado com os fios de alta tens\u00e3o, e espiei pela janela do quarto. Minha vis\u00e3o estava bastante dificultada pelas venezianas, mas me contorcendo um tanto, ainda pude ver o interior dos quartos para saber que estavam vazios. Que diabos! Seria poss\u00edvel que&#8230; N\u00e3o, a ideia era muito absurda. Que tipo de gente faria isso? Voltei pra varanda e sentei-me no ch\u00e3o de costas para a parede, de onde podia ver mato e \u00e1rvores e mais mato e \u00e1rvores. A casa mais pr\u00f3xima ficava n\u00e3o muito longe, mas infelizmente atr\u00e1s da colina, o que impedia a comunica\u00e7\u00e3o, nem que fosse visual. Voltei a pensar nas minhas queridas e na absurda possibilidade que me ocorrera h\u00e1 pouco tempo, e outra j\u00e1 me vinha a cabe\u00e7a, bem mais prov\u00e1vel. Levantei-me e fui pegar a escada de madeira; seria dif\u00edcil, mas tinha que ser feito. Colocada a escada no local certo, refor\u00e7ada com pedras e uma cadeira. Se ca\u00edsse, seria fatal. Seria poss\u00edvel que aquele monte de adolescentes cheios de frescura resolveu passar a noite no s\u00f3t\u00e3o? L\u00e1 era quente e abafado at\u00e9 no inverno &#8211; imagina para quinze, vinte adolescentes e ainda mais nessa \u00e9poca do ano. Desloquei uma telha, fazendo um barulho inacredit\u00e1vel; se tivesse algu\u00e9m l\u00e1 reagiria desesperadamente, o que n\u00e3o aconteceu. Enfiei a cabe\u00e7a l\u00e1 dentro. O calor quase fritou minha cara. Quando meus olhos acostumaram, notei sem surpresa estar vazio. Fechei a telha o melhor que pude e desci. Pensando agora, me pergunto por que guardei a escada? N\u00e3o acho que agora faz muita diferen\u00e7a. S\u00f3 me restou pensar na primeira coisa que me ocorrera, todos eles de alguma forma sa\u00edram durante a noite e de alguma forma miraculosa conseguiram desligar, sem que notasse, os in\u00fameros alarmes &#8211; o que considero, mesmo agora, um absurdo, quase uma ofensa \u00e0 minha percep\u00e7\u00e3o. Bom, mesmo que tenham conseguido isso, n\u00e3o se explica o desaparecimento de qualquer outro ser humano das redondezas, ou as minhas queridas n\u00e3o terem voltado, ou o telefone mudo, ou os alarmes imposs\u00edveis de desligar. E o pior de tudo, que nem tenho coragem de pensar&#8230; Por qu\u00ea? E por que eu&#8230;<\/p>\n","protected":false},"excerpt":{"rendered":"<p>Quando era pequeno sempre me perguntava onde certas pessoas, como \u2026<\/p>\n<p class=\"continue-reading-button\"> <a class=\"continue-reading-link\" href=\"https:\/\/www.tgreguol.com.br\/blog\/sitio\/\">Leia Mais<i class=\"crycon-right-dir\"><\/i><\/a><\/p>\n","protected":false},"author":1,"featured_media":0,"parent":0,"menu_order":0,"comment_status":"closed","ping_status":"closed","template":"","meta":{"nf_dc_page":"","_exactmetrics_skip_tracking":false,"_exactmetrics_sitenote_active":false,"_exactmetrics_sitenote_note":"","_exactmetrics_sitenote_category":0,"footnotes":""},"class_list":["post-1297","page","type-page","status-publish","hentry"],"yoast_head":"<!-- This site is optimized with the Yoast SEO plugin v27.5 - https:\/\/yoast.com\/product\/yoast-seo-wordpress\/ -->\n<title>S\u00edtio - T. Greguol<\/title>\n<meta name=\"robots\" content=\"index, follow, max-snippet:-1, max-image-preview:large, max-video-preview:-1\" \/>\n<link rel=\"canonical\" href=\"https:\/\/www.tgreguol.com.br\/blog\/sitio\/\" \/>\n<meta property=\"og:locale\" content=\"pt_BR\" \/>\n<meta property=\"og:type\" content=\"article\" \/>\n<meta property=\"og:title\" content=\"S\u00edtio - T. Greguol\" \/>\n<meta property=\"og:description\" content=\"Quando era pequeno sempre me perguntava onde certas pessoas, como \u2026 Leia Mais\" \/>\n<meta property=\"og:url\" content=\"https:\/\/www.tgreguol.com.br\/blog\/sitio\/\" \/>\n<meta property=\"og:site_name\" content=\"T. Greguol\" \/>\n<meta property=\"article:publisher\" content=\"https:\/\/www.facebook.com\/tgreguol\" \/>\n<meta property=\"article:modified_time\" content=\"2016-02-15T21:02:51+00:00\" \/>\n<meta name=\"twitter:card\" content=\"summary_large_image\" \/>\n<meta name=\"twitter:site\" content=\"@katarse\" \/>\n<meta name=\"twitter:label1\" content=\"Est. tempo de leitura\" \/>\n\t<meta name=\"twitter:data1\" content=\"6 minutos\" \/>\n<script type=\"application\/ld+json\" class=\"yoast-schema-graph\">{\"@context\":\"https:\\\/\\\/schema.org\",\"@graph\":[{\"@type\":\"WebPage\",\"@id\":\"https:\\\/\\\/www.tgreguol.com.br\\\/blog\\\/sitio\\\/\",\"url\":\"https:\\\/\\\/www.tgreguol.com.br\\\/blog\\\/sitio\\\/\",\"name\":\"S\u00edtio - T. Greguol\",\"isPartOf\":{\"@id\":\"https:\\\/\\\/www.tgreguol.com.br\\\/blog\\\/#website\"},\"datePublished\":\"2016-01-29T22:22:18+00:00\",\"dateModified\":\"2016-02-15T21:02:51+00:00\",\"breadcrumb\":{\"@id\":\"https:\\\/\\\/www.tgreguol.com.br\\\/blog\\\/sitio\\\/#breadcrumb\"},\"inLanguage\":\"pt-BR\",\"potentialAction\":[{\"@type\":\"ReadAction\",\"target\":[\"https:\\\/\\\/www.tgreguol.com.br\\\/blog\\\/sitio\\\/\"]}]},{\"@type\":\"BreadcrumbList\",\"@id\":\"https:\\\/\\\/www.tgreguol.com.br\\\/blog\\\/sitio\\\/#breadcrumb\",\"itemListElement\":[{\"@type\":\"ListItem\",\"position\":1,\"name\":\"In\u00edcio\",\"item\":\"https:\\\/\\\/www.tgreguol.com.br\\\/blog\\\/\"},{\"@type\":\"ListItem\",\"position\":2,\"name\":\"S\u00edtio\"}]},{\"@type\":\"WebSite\",\"@id\":\"https:\\\/\\\/www.tgreguol.com.br\\\/blog\\\/#website\",\"url\":\"https:\\\/\\\/www.tgreguol.com.br\\\/blog\\\/\",\"name\":\"T. Greguol\",\"description\":\"Imaginador\",\"potentialAction\":[{\"@type\":\"SearchAction\",\"target\":{\"@type\":\"EntryPoint\",\"urlTemplate\":\"https:\\\/\\\/www.tgreguol.com.br\\\/blog\\\/?s={search_term_string}\"},\"query-input\":{\"@type\":\"PropertyValueSpecification\",\"valueRequired\":true,\"valueName\":\"search_term_string\"}}],\"inLanguage\":\"pt-BR\"}]}<\/script>\n<!-- \/ Yoast SEO plugin. -->","yoast_head_json":{"title":"S\u00edtio - T. Greguol","robots":{"index":"index","follow":"follow","max-snippet":"max-snippet:-1","max-image-preview":"max-image-preview:large","max-video-preview":"max-video-preview:-1"},"canonical":"https:\/\/www.tgreguol.com.br\/blog\/sitio\/","og_locale":"pt_BR","og_type":"article","og_title":"S\u00edtio - T. Greguol","og_description":"Quando era pequeno sempre me perguntava onde certas pessoas, como \u2026 Leia Mais","og_url":"https:\/\/www.tgreguol.com.br\/blog\/sitio\/","og_site_name":"T. Greguol","article_publisher":"https:\/\/www.facebook.com\/tgreguol","article_modified_time":"2016-02-15T21:02:51+00:00","twitter_card":"summary_large_image","twitter_site":"@katarse","twitter_misc":{"Est. tempo de leitura":"6 minutos"},"schema":{"@context":"https:\/\/schema.org","@graph":[{"@type":"WebPage","@id":"https:\/\/www.tgreguol.com.br\/blog\/sitio\/","url":"https:\/\/www.tgreguol.com.br\/blog\/sitio\/","name":"S\u00edtio - T. Greguol","isPartOf":{"@id":"https:\/\/www.tgreguol.com.br\/blog\/#website"},"datePublished":"2016-01-29T22:22:18+00:00","dateModified":"2016-02-15T21:02:51+00:00","breadcrumb":{"@id":"https:\/\/www.tgreguol.com.br\/blog\/sitio\/#breadcrumb"},"inLanguage":"pt-BR","potentialAction":[{"@type":"ReadAction","target":["https:\/\/www.tgreguol.com.br\/blog\/sitio\/"]}]},{"@type":"BreadcrumbList","@id":"https:\/\/www.tgreguol.com.br\/blog\/sitio\/#breadcrumb","itemListElement":[{"@type":"ListItem","position":1,"name":"In\u00edcio","item":"https:\/\/www.tgreguol.com.br\/blog\/"},{"@type":"ListItem","position":2,"name":"S\u00edtio"}]},{"@type":"WebSite","@id":"https:\/\/www.tgreguol.com.br\/blog\/#website","url":"https:\/\/www.tgreguol.com.br\/blog\/","name":"T. Greguol","description":"Imaginador","potentialAction":[{"@type":"SearchAction","target":{"@type":"EntryPoint","urlTemplate":"https:\/\/www.tgreguol.com.br\/blog\/?s={search_term_string}"},"query-input":{"@type":"PropertyValueSpecification","valueRequired":true,"valueName":"search_term_string"}}],"inLanguage":"pt-BR"}]}},"_links":{"self":[{"href":"https:\/\/www.tgreguol.com.br\/blog\/wp-json\/wp\/v2\/pages\/1297","targetHints":{"allow":["GET"]}}],"collection":[{"href":"https:\/\/www.tgreguol.com.br\/blog\/wp-json\/wp\/v2\/pages"}],"about":[{"href":"https:\/\/www.tgreguol.com.br\/blog\/wp-json\/wp\/v2\/types\/page"}],"author":[{"embeddable":true,"href":"https:\/\/www.tgreguol.com.br\/blog\/wp-json\/wp\/v2\/users\/1"}],"replies":[{"embeddable":true,"href":"https:\/\/www.tgreguol.com.br\/blog\/wp-json\/wp\/v2\/comments?post=1297"}],"version-history":[{"count":3,"href":"https:\/\/www.tgreguol.com.br\/blog\/wp-json\/wp\/v2\/pages\/1297\/revisions"}],"predecessor-version":[{"id":1440,"href":"https:\/\/www.tgreguol.com.br\/blog\/wp-json\/wp\/v2\/pages\/1297\/revisions\/1440"}],"wp:attachment":[{"href":"https:\/\/www.tgreguol.com.br\/blog\/wp-json\/wp\/v2\/media?parent=1297"}],"curies":[{"name":"wp","href":"https:\/\/api.w.org\/{rel}","templated":true}]}}

Sítio

<p style="text-align: justify;">Quando era pequeno sempre me perguntava onde certas pessoas, como os funcionários dos pedágios ou os frentistas de posto de beira de estrada moravam, ou como elas faziam para ir para casa. E assim que vim trabalhar como caseiro aqui do sítio cheguei a uma resposta. Sempre que vou à cidade mais próxima e encontro meus amigos sei onde aquelas pessoas moram. Sou caseiro de um sítio num lugar que pode ser considerado qualquer lugar. Pode ser interior de São Paulo, pode ser periferia, pode ser realmente qualquer coisa. Prefiro classificar como preenchimento do espaço de terra que há entre as enormes propriedades dessa gente cheia da grana. Ou como eles chamam, sítios. Bom, já que resolvi contar minha história, vou me apresentar: o meu nome não importa, mas sou casado, com uma filhinha de dois anos. Entristece-me muito lembrar delas. O que terá acontecido? Por que será que ninguém mais vem aqui? Será que elas fugiram? Não, é muito pouco provável&#8230; A minha solidão deve ser parte desse pesadelo que venho vivendo nas últimas semanas. O local onde moro e trabalho é uma propriedade da família Gomes. Como é de se esperar, eles têm muito dinheiro. A propriedade é cercada por uma longa e extensa cerca de arames farpados reforçada por fios eletrificados que costumavam ser ligados apenas durante a noite. A casa também está protegida por um alarme. Minha função aqui era basicamente manter o local em ordem, o que fazia com grande competência; limpava a piscina, cortava a grama, fazia pequenos, médios e grandes reparos, e minha mulher limpava a casa. Os Gomes vinham para cá quase todo fim de semana até algumas semanas atrás. Deixe-me esclarecer algo: no último fim de semana que vi minha mulher e minha filha, e também qualquer outra pessoa, apenas a filha mais velha dos Gomes e seus amigos tinham vindo &#8211; acho que era alguma coisa a ver com formatura, sei lá, coisa de rico. Naquela tarde minha esposa foi com minha filha para a casa de uma amiga em São Paulo e, como combinado, só voltariam no outro dia pela manhã para continuar me ajudando com os deveres. Até agora não sei se a viagem delas foi boa ou ruim. Pelo menos não vi nada de terrível acontecer a elas, caso algo tenha acontecido. Na realidade não vi nada de terrível acontecer com ninguém, apenas senti. Naquela noite, quando eram mais ou menos vinte e três horas, subi à casa principal e avisei que estava ligando a cerca elétrica; até aí, nada de novo, era habitual. A cerca faz um apito ao ser ligada e dois ao ser desligada. O mesmo ocorre com o alarme da casa. Os sons são parecidos, mas para mim, que ouço isso todo dia, são absolutamente diferentes. Quando estava deitado já na cama, esperando o sono chegar &#8211; é difícil quando meus maiores tesouros não estão ao meu alcance -, eram umas três da manhã, ouvi o alarme da casa ser ativado. Na manhã seguinte a cerca não queria desligar por nada nesse mundo, então fui avisar aos jovens para não se aproximarem ou seriam eletrocutados. Espantou-me quando interfonei e ninguém atendeu. Então, continuei minhas obrigações. Quando era meio-dia, achei estranho ninguém ainda ter acordado, mas eles deviam estar todos de ressaca. O que mais me preocupava era se minha mulher encostasse na cerca. Então fiquei de guarda por uma hora. Como já era hora do almoço, resolvi ligar &#8211; afinal, elas deveriam estar aqui de manhã. O telefone estava mudo. Devia ser alguma pane. Quando já passava das três minha preocupação já era grande. Onde estavam minhas queridas? E, tenha paciência, como podem dormir tanto esses filhinhos-de-papai? Resolvi que iria até lá tentar em outro telefone. Bom, teria que me cuidar pra não disparar o alarme &#8211; seria triste o resultado e o pânico dessa juventude e ainda mais a culpa que levaria mais tarde. Cheguei bem próximo à janela da sala. Tudo estava exatamente como eles provavelmente haviam deixado. Mas será que todos haviam ido dormir nos quartos? Poxa, a casa era grande e os quartos também, mas isso já era um exagero. Eram mais de quinze pessoas, sem contar as malas cheias de coisas que provavelmente não teriam tempo de usar nem em um mês. Dei a volta na casa pela varanda, tomando cuidado com os fios de alta tensão, e espiei pela janela do quarto. Minha visão estava bastante dificultada pelas venezianas, mas me contorcendo um tanto, ainda pude ver o interior dos quartos para saber que estavam vazios. Que diabos! Seria possível que&#8230; Não, a ideia era muito absurda. Que tipo de gente faria isso? Voltei pra varanda e sentei-me no chão de costas para a parede, de onde podia ver mato e árvores e mais mato e árvores. A casa mais próxima ficava não muito longe, mas infelizmente atrás da colina, o que impedia a comunicação, nem que fosse visual. Voltei a pensar nas minhas queridas e na absurda possibilidade que me ocorrera há pouco tempo, e outra já me vinha a cabeça, bem mais provável. Levantei-me e fui pegar a escada de madeira; seria difícil, mas tinha que ser feito. Colocada a escada no local certo, reforçada com pedras e uma cadeira. Se caísse, seria fatal. Seria possível que aquele monte de adolescentes cheios de frescura resolveu passar a noite no sótão? Lá era quente e abafado até no inverno &#8211; imagina para quinze, vinte adolescentes e ainda mais nessa época do ano. Desloquei uma telha, fazendo um barulho inacreditável; se tivesse alguém lá reagiria desesperadamente, o que não aconteceu. Enfiei a cabeça lá dentro. O calor quase fritou minha cara. Quando meus olhos acostumaram, notei sem surpresa estar vazio. Fechei a telha o melhor que pude e desci. Pensando agora, me pergunto por que guardei a escada? Não acho que agora faz muita diferença. Só me restou pensar na primeira coisa que me ocorrera, todos eles de alguma forma saíram durante a noite e de alguma forma miraculosa conseguiram desligar, sem que notasse, os inúmeros alarmes &#8211; o que considero, mesmo agora, um absurdo, quase uma ofensa à minha percepção. Bom, mesmo que tenham conseguido isso, não se explica o desaparecimento de qualquer outro ser humano das redondezas, ou as minhas queridas não terem voltado, ou o telefone mudo, ou os alarmes impossíveis de desligar. E o pior de tudo, que nem tenho coragem de pensar&#8230; Por quê? E por que eu&#8230;</p>

<!-- This site is optimized with the Yoast SEO plugin v27.5 - https://yoast.com/product/yoast-seo-wordpress/ -->
<title>Sítio - T. Greguol</title>
<meta name="robots" content="index, follow, max-snippet:-1, max-image-preview:large, max-video-preview:-1" />
<link rel="canonical" href="https://www.tgreguol.com.br/blog/sitio/" />
<meta property="og:locale" content="pt_BR" />
<meta property="og:type" content="article" />
<meta property="og:title" content="Sítio - T. Greguol" />
<meta property="og:description" content="Quando era pequeno sempre me perguntava onde certas pessoas, como … Leia Mais" />
<meta property="og:url" content="https://www.tgreguol.com.br/blog/sitio/" />
<meta property="og:site_name" content="T. Greguol" />
<meta property="article:publisher" content="https://www.facebook.com/tgreguol" />
<meta property="article:modified_time" content="2016-02-15T21:02:51+00:00" />
<meta name="twitter:card" content="summary_large_image" />
<meta name="twitter:site" content="@katarse" />
<meta name="twitter:label1" content="Est. tempo de leitura" />
	<meta name="twitter:data1" content="6 minutos" />
<script type="application/ld+json" class="yoast-schema-graph">{"@context":"https:\/\/schema.org","@graph":[{"@type":"WebPage","@id":"https:\/\/www.tgreguol.com.br\/blog\/sitio\/","url":"https:\/\/www.tgreguol.com.br\/blog\/sitio\/","name":"Sítio - T. Greguol","isPartOf":{"@id":"https:\/\/www.tgreguol.com.br\/blog\/#website"},"datePublished":"2016-01-29T22:22:18+00:00","dateModified":"2016-02-15T21:02:51+00:00","breadcrumb":{"@id":"https:\/\/www.tgreguol.com.br\/blog\/sitio\/#breadcrumb"},"inLanguage":"pt-BR","potentialAction":[{"@type":"ReadAction","target":["https:\/\/www.tgreguol.com.br\/blog\/sitio\/"]}]},{"@type":"BreadcrumbList","@id":"https:\/\/www.tgreguol.com.br\/blog\/sitio\/#breadcrumb","itemListElement":[{"@type":"ListItem","position":1,"name":"Início","item":"https:\/\/www.tgreguol.com.br\/blog\/"},{"@type":"ListItem","position":2,"name":"Sítio"}]},{"@type":"WebSite","@id":"https:\/\/www.tgreguol.com.br\/blog\/#website","url":"https:\/\/www.tgreguol.com.br\/blog\/","name":"T. Greguol","description":"Imaginador","potentialAction":[{"@type":"SearchAction","target":{"@type":"EntryPoint","urlTemplate":"https:\/\/www.tgreguol.com.br\/blog\/?s={search_term_string}"},"query-input":{"@type":"PropertyValueSpecification","valueRequired":true,"valueName":"search_term_string"}}],"inLanguage":"pt-BR"}]}</script>
<!-- / Yoast SEO plugin. -->

Sítio - T. Greguol

Início
