{"id":1294,"date":"2016-01-29T22:20:30","date_gmt":"2016-01-29T22:20:30","guid":{"rendered":"https:\/\/www.tgreguol.com.br\/blog\/?page_id=1294"},"modified":"2016-02-15T20:12:03","modified_gmt":"2016-02-15T20:12:03","slug":"predio","status":"publish","type":"page","link":"https:\/\/www.tgreguol.com.br\/blog\/predio\/","title":{"rendered":"Pr\u00e9dio"},"content":{"rendered":"<p style=\"text-align: justify;\">Existem tantos cantos naturais no mundo a que o ser humano n\u00e3o vai. N\u00e3o vai ou vai pouco, ou desconhece ou conhece e sabe que n\u00e3o \u00e9 para ir. E tamb\u00e9m tem um tanto de outros cantos que o ser humano constr\u00f3i. Tomemos por exemplo esse pr\u00e9dio de apartamento. \u00c1rea nobre da cidade grande. Provavelmente constru\u00eddo por um arquiteto de nome, numa \u00e9poca que era tudo bem construir um pr\u00e9dio desse tamanho, para tanta gente. Provavelmente dos anos 60. Deviam anunciar como \u201cnosso pr\u00e9dio de apartamentos tem \u00e1rea para as crian\u00e7as brincarem, mercado, barbeiro e tudo mais que sua fam\u00edlia precisa bem pertinho\u201d. Bem pertinho significa nesse caso que o pr\u00e9dio foi constru\u00eddo sobre o que hoje \u00e9 um supermercado e um banco. Antes, provavelmente um monte de lojinhas simp\u00e1ticas. Monobloco, por\u00e9m dividido em quatro blocos. Olhando de longe se tem a impress\u00e3o de que h\u00e1 muita gente morando nesse pr\u00e9dio (e h\u00e1 mesmo). De longe ou de perto. S\u00e3o fam\u00edlias de jovens m\u00e9dicos ou advogados, ou casais de idade, ou fam\u00edlias que receberam os apartamentos como heran\u00e7a. Podemos ver crian\u00e7as brincando com suas bab\u00e1s no grande jardim com bancos de cimento que tem na \u00e1rea na frente do pr\u00e9dio, \u00e1rea que serve como teto para o banco e o supermercado. Podemos ver meninas de quinze anos ou senhoras de oitenta saindo para passear com seus poodles ou outros c\u00e3es pequenos e brancos com batidas card\u00edacas aceleradas. Podemos ver senhores judeus voltando para casa e at\u00e9 um ou outro tipinho mais alternativo chegando de bicicleta e cumprimentando o porteiro pelo nome. Tudo isso junto no mesmo pr\u00e9dio. Olhando de longe podemos ver pouco pelas janelas. S\u00f3 um constante movimento quea de t\u00e3o pequeno e t\u00e3o constante, parece parado. E n\u00e3o ouvimos nada. A n\u00e3o ser aquele estampido que poderia ser uma t\u00e1bua caindo na constru\u00e7\u00e3o ao lado ou um escapamento ecoando pelos pr\u00e9dios e chagando deformado. Ou poderia ser um tiro vindo de um dos cento e tantos apartamentos desse pr\u00e9dio de bairro tradicional. Nesses pr\u00e9dios todo o lixo \u00e9 trazido numa ca\u00e7amba. E colocado no mesmo local que o lixo do supermercado. S\u00e3o sacos e mais sacos de lixo. S\u00e3o verdes, pretos, marrons. De pl\u00e1sticos, de papel. Garrafas, plantas, caixonas de papel. Tem de tudo. Ouve-se o caminh\u00e3o de lixo na rua de tr\u00e1s. Tem vezes que os pr\u00f3prios moradores pedem para a empregada levar o lixo por algum motivo. E raramente, t\u00e3o raramente que deve ser a primeira vez, aquele senhor tr\u00e1s ele mesmo o lixo. Obviamente tem dois sacos de lixo, refor\u00e7ando para n\u00e3o arrebentar. E ele olha para ver se n\u00e3o deixou rastro. Chorume certamente. O caminh\u00e3o do lixo passa momentos depois e o lixeiro pega os sacos. Pega e faz uma cara estranha do tipo \u201cfoi mais pesado que eu imaginava\u201d. Para onde ser\u00e1 que vai todo o lixo desse pr\u00e9dio? Para onde ser\u00e1 que vai todo o lixo dessa cidade? Ser\u00e1 que, se um dia encontrarem algum documento, seria poss\u00edvel rastrear de que \u00e1rea veio? Provavelmente n\u00e3o, mesmo porque, se for um documento importante, o dono iria atr\u00e1s e n\u00e3o os funcion\u00e1rios do lix\u00e3o. Ent\u00e3o usemos como exemplo um corpo todo fatiado envolto em jornal para fazer o saco ficar mais arredondado e menos chamativo. Nesse caso, ser\u00e1 que seria poss\u00edvel rastrear de onde veio? Olhando pelas janelas do pr\u00e9dio, vemos cortinas esvoa\u00e7ando, podemos ver um ou outro morador apoiado no parapeito fumando um cigarro ou apenas olhando, ou podemos ver ainda as luzes da TV. Tem TVs pequenas, tem TVs de plasma, daquelas bem grandes que podemos ver a que a pessoa est\u00e1 assistindo se tivermos conhecimento pr\u00e9vio do programa ou do filme. Assim como naquela ali, que tem algu\u00e9m assistindo \u201cJanela indiscreta\u201d.<\/p>\n","protected":false},"excerpt":{"rendered":"<p>Existem tantos cantos naturais no mundo a que o ser \u2026<\/p>\n<p class=\"continue-reading-button\"> <a class=\"continue-reading-link\" href=\"https:\/\/www.tgreguol.com.br\/blog\/predio\/\">Leia Mais<i class=\"crycon-right-dir\"><\/i><\/a><\/p>\n","protected":false},"author":1,"featured_media":0,"parent":0,"menu_order":0,"comment_status":"closed","ping_status":"closed","template":"","meta":{"nf_dc_page":"","_exactmetrics_skip_tracking":false,"_exactmetrics_sitenote_active":false,"_exactmetrics_sitenote_note":"","_exactmetrics_sitenote_category":0,"footnotes":""},"class_list":["post-1294","page","type-page","status-publish","hentry"],"yoast_head":"<!-- This site is optimized with the Yoast SEO plugin v27.5 - https:\/\/yoast.com\/product\/yoast-seo-wordpress\/ -->\n<title>Pr\u00e9dio - T. Greguol<\/title>\n<meta name=\"robots\" content=\"index, follow, max-snippet:-1, max-image-preview:large, max-video-preview:-1\" \/>\n<link rel=\"canonical\" href=\"https:\/\/www.tgreguol.com.br\/blog\/predio\/\" \/>\n<meta property=\"og:locale\" content=\"pt_BR\" \/>\n<meta property=\"og:type\" content=\"article\" \/>\n<meta property=\"og:title\" content=\"Pr\u00e9dio - T. Greguol\" \/>\n<meta property=\"og:description\" content=\"Existem tantos cantos naturais no mundo a que o ser \u2026 Leia Mais\" \/>\n<meta property=\"og:url\" content=\"https:\/\/www.tgreguol.com.br\/blog\/predio\/\" \/>\n<meta property=\"og:site_name\" content=\"T. Greguol\" \/>\n<meta property=\"article:publisher\" content=\"https:\/\/www.facebook.com\/tgreguol\" \/>\n<meta property=\"article:modified_time\" content=\"2016-02-15T20:12:03+00:00\" \/>\n<meta name=\"twitter:card\" content=\"summary_large_image\" \/>\n<meta name=\"twitter:site\" content=\"@katarse\" \/>\n<meta name=\"twitter:label1\" content=\"Est. tempo de leitura\" \/>\n\t<meta name=\"twitter:data1\" content=\"3 minutos\" \/>\n<script type=\"application\/ld+json\" class=\"yoast-schema-graph\">{\"@context\":\"https:\\\/\\\/schema.org\",\"@graph\":[{\"@type\":\"WebPage\",\"@id\":\"https:\\\/\\\/www.tgreguol.com.br\\\/blog\\\/predio\\\/\",\"url\":\"https:\\\/\\\/www.tgreguol.com.br\\\/blog\\\/predio\\\/\",\"name\":\"Pr\u00e9dio - T. Greguol\",\"isPartOf\":{\"@id\":\"https:\\\/\\\/www.tgreguol.com.br\\\/blog\\\/#website\"},\"datePublished\":\"2016-01-29T22:20:30+00:00\",\"dateModified\":\"2016-02-15T20:12:03+00:00\",\"breadcrumb\":{\"@id\":\"https:\\\/\\\/www.tgreguol.com.br\\\/blog\\\/predio\\\/#breadcrumb\"},\"inLanguage\":\"pt-BR\",\"potentialAction\":[{\"@type\":\"ReadAction\",\"target\":[\"https:\\\/\\\/www.tgreguol.com.br\\\/blog\\\/predio\\\/\"]}]},{\"@type\":\"BreadcrumbList\",\"@id\":\"https:\\\/\\\/www.tgreguol.com.br\\\/blog\\\/predio\\\/#breadcrumb\",\"itemListElement\":[{\"@type\":\"ListItem\",\"position\":1,\"name\":\"In\u00edcio\",\"item\":\"https:\\\/\\\/www.tgreguol.com.br\\\/blog\\\/\"},{\"@type\":\"ListItem\",\"position\":2,\"name\":\"Pr\u00e9dio\"}]},{\"@type\":\"WebSite\",\"@id\":\"https:\\\/\\\/www.tgreguol.com.br\\\/blog\\\/#website\",\"url\":\"https:\\\/\\\/www.tgreguol.com.br\\\/blog\\\/\",\"name\":\"T. Greguol\",\"description\":\"Imaginador\",\"potentialAction\":[{\"@type\":\"SearchAction\",\"target\":{\"@type\":\"EntryPoint\",\"urlTemplate\":\"https:\\\/\\\/www.tgreguol.com.br\\\/blog\\\/?s={search_term_string}\"},\"query-input\":{\"@type\":\"PropertyValueSpecification\",\"valueRequired\":true,\"valueName\":\"search_term_string\"}}],\"inLanguage\":\"pt-BR\"}]}<\/script>\n<!-- \/ Yoast SEO plugin. -->","yoast_head_json":{"title":"Pr\u00e9dio - T. Greguol","robots":{"index":"index","follow":"follow","max-snippet":"max-snippet:-1","max-image-preview":"max-image-preview:large","max-video-preview":"max-video-preview:-1"},"canonical":"https:\/\/www.tgreguol.com.br\/blog\/predio\/","og_locale":"pt_BR","og_type":"article","og_title":"Pr\u00e9dio - T. Greguol","og_description":"Existem tantos cantos naturais no mundo a que o ser \u2026 Leia Mais","og_url":"https:\/\/www.tgreguol.com.br\/blog\/predio\/","og_site_name":"T. Greguol","article_publisher":"https:\/\/www.facebook.com\/tgreguol","article_modified_time":"2016-02-15T20:12:03+00:00","twitter_card":"summary_large_image","twitter_site":"@katarse","twitter_misc":{"Est. tempo de leitura":"3 minutos"},"schema":{"@context":"https:\/\/schema.org","@graph":[{"@type":"WebPage","@id":"https:\/\/www.tgreguol.com.br\/blog\/predio\/","url":"https:\/\/www.tgreguol.com.br\/blog\/predio\/","name":"Pr\u00e9dio - T. Greguol","isPartOf":{"@id":"https:\/\/www.tgreguol.com.br\/blog\/#website"},"datePublished":"2016-01-29T22:20:30+00:00","dateModified":"2016-02-15T20:12:03+00:00","breadcrumb":{"@id":"https:\/\/www.tgreguol.com.br\/blog\/predio\/#breadcrumb"},"inLanguage":"pt-BR","potentialAction":[{"@type":"ReadAction","target":["https:\/\/www.tgreguol.com.br\/blog\/predio\/"]}]},{"@type":"BreadcrumbList","@id":"https:\/\/www.tgreguol.com.br\/blog\/predio\/#breadcrumb","itemListElement":[{"@type":"ListItem","position":1,"name":"In\u00edcio","item":"https:\/\/www.tgreguol.com.br\/blog\/"},{"@type":"ListItem","position":2,"name":"Pr\u00e9dio"}]},{"@type":"WebSite","@id":"https:\/\/www.tgreguol.com.br\/blog\/#website","url":"https:\/\/www.tgreguol.com.br\/blog\/","name":"T. Greguol","description":"Imaginador","potentialAction":[{"@type":"SearchAction","target":{"@type":"EntryPoint","urlTemplate":"https:\/\/www.tgreguol.com.br\/blog\/?s={search_term_string}"},"query-input":{"@type":"PropertyValueSpecification","valueRequired":true,"valueName":"search_term_string"}}],"inLanguage":"pt-BR"}]}},"_links":{"self":[{"href":"https:\/\/www.tgreguol.com.br\/blog\/wp-json\/wp\/v2\/pages\/1294","targetHints":{"allow":["GET"]}}],"collection":[{"href":"https:\/\/www.tgreguol.com.br\/blog\/wp-json\/wp\/v2\/pages"}],"about":[{"href":"https:\/\/www.tgreguol.com.br\/blog\/wp-json\/wp\/v2\/types\/page"}],"author":[{"embeddable":true,"href":"https:\/\/www.tgreguol.com.br\/blog\/wp-json\/wp\/v2\/users\/1"}],"replies":[{"embeddable":true,"href":"https:\/\/www.tgreguol.com.br\/blog\/wp-json\/wp\/v2\/comments?post=1294"}],"version-history":[{"count":3,"href":"https:\/\/www.tgreguol.com.br\/blog\/wp-json\/wp\/v2\/pages\/1294\/revisions"}],"predecessor-version":[{"id":1428,"href":"https:\/\/www.tgreguol.com.br\/blog\/wp-json\/wp\/v2\/pages\/1294\/revisions\/1428"}],"wp:attachment":[{"href":"https:\/\/www.tgreguol.com.br\/blog\/wp-json\/wp\/v2\/media?parent=1294"}],"curies":[{"name":"wp","href":"https:\/\/api.w.org\/{rel}","templated":true}]}}