{"id":1280,"date":"2016-01-29T22:10:34","date_gmt":"2016-01-29T22:10:34","guid":{"rendered":"https:\/\/www.tgreguol.com.br\/blog\/?page_id=1280"},"modified":"2016-02-15T17:18:54","modified_gmt":"2016-02-15T17:18:54","slug":"cha","status":"publish","type":"page","link":"https:\/\/www.tgreguol.com.br\/blog\/cha\/","title":{"rendered":"Ch\u00e1"},"content":{"rendered":"<p style=\"text-align: justify;\">&#8211; Talvez esta hist\u00f3ria n\u00e3o lhe agrade, mas foi algo que me ocorreu agora enquanto tomava ch\u00e1.<br \/>\n&#8211; Talvez o cheiro o tenha feito lembrar.<br \/>\n&#8211; \u00c9 poss\u00edvel. No trem em que estava serviam um ch\u00e1 delicioso. Diferente deste, claro. Mas algo me fez lembrar&#8230;<br \/>\n&#8211; Deixe de rodeios e conte logo a hist\u00f3ria!<br \/>\n&#8211; Est\u00e1 bem! Estava tomando o trem que vai daqui para S\u00e3o Paulo, quando em meio a toda aquela confus\u00e3o dos passageiros, apitos, senhoras gordas e baixinhas, homens engravatados com maletas executivas, deu-se aqui neste lugar uma cena que sobressaltou minha vis\u00e3o, assim como uma bela dose. Era um casal. Um casal lindo. Ela, com bel\u00edssimos tra\u00e7os, cabelos castanhos, olhos escuros, corpo delicado. Ele, um rapaz deveras bem apessoado, cabelos igualmente escuros. Conversavam na plataforma. Eu via algo de especial neles &#8211; havia algo de melanc\u00f3lico&#8230; Pausa para mais um gole de ch\u00e1!<br \/>\n&#8211; Sim, e ent\u00e3o?<br \/>\n&#8211; Ent\u00e3o, com o passar dos&#8230; Minutos?&#8230; Segundos? N\u00e3o sei bem, sabe, foi algo diferente; come\u00e7aram a ficar com as fei\u00e7\u00f5es en\u00e9rgicas, com a fala alterada. Ent\u00e3o percebi que brigavam, provavelmente por um motivo tolo &#8211; afinal, eram apenas jovens&#8230; Nova pausa para acrescentar um gole no ch\u00e1!<br \/>\n&#8211; E ent\u00e3o, acabou?<br \/>\n&#8211; N\u00e3o, a cena foi t\u00e3o marcante que, mesmo depois de o trem partir, fiquei pensando no porqu\u00ea da briga. Saindo do id\u00edlico apaixonado para o nervosismo em t\u00e3o pouco espa\u00e7o de tempo&#8230; Achei interessante.<br \/>\n&#8211; E ent\u00e3o?<br \/>\n&#8211; E ent\u00e3o o qu\u00ea?<br \/>\n&#8211; J\u00e1 acabou a hist\u00f3ria?<br \/>\n&#8211; J\u00e1, oras!<br \/>\n&#8211; E&#8230;?<br \/>\nCala-se, olha bem para o companheiro narrador, olha para dentro da x\u00edcara de ch\u00e1, d\u00e1 com os ombros em tom de descaso. Grande gole no ch\u00e1 quente, que o faz lacrimejar. D\u00e1 gra\u00e7as a Deus pela medicina de sua \u00e9poca ser uma porcaria. Logo estaria com os vermes, livre de moribundos nost\u00e1lgicos apreciadores de E\u00e7a de Queiroz.<\/p>\n","protected":false},"excerpt":{"rendered":"<p>&#8211; Talvez esta hist\u00f3ria n\u00e3o lhe agrade, mas foi algo \u2026<\/p>\n<p class=\"continue-reading-button\"> <a class=\"continue-reading-link\" href=\"https:\/\/www.tgreguol.com.br\/blog\/cha\/\">Leia Mais<i class=\"crycon-right-dir\"><\/i><\/a><\/p>\n","protected":false},"author":1,"featured_media":0,"parent":0,"menu_order":0,"comment_status":"closed","ping_status":"closed","template":"","meta":{"nf_dc_page":"","_exactmetrics_skip_tracking":false,"_exactmetrics_sitenote_active":false,"_exactmetrics_sitenote_note":"","_exactmetrics_sitenote_category":0,"footnotes":""},"class_list":["post-1280","page","type-page","status-publish","hentry"],"yoast_head":"<!-- This site is optimized with the Yoast SEO plugin v27.5 - https:\/\/yoast.com\/product\/yoast-seo-wordpress\/ -->\n<title>Ch\u00e1 - T. Greguol<\/title>\n<meta name=\"robots\" content=\"index, follow, max-snippet:-1, max-image-preview:large, max-video-preview:-1\" \/>\n<link rel=\"canonical\" href=\"https:\/\/www.tgreguol.com.br\/blog\/cha\/\" \/>\n<meta property=\"og:locale\" content=\"pt_BR\" \/>\n<meta property=\"og:type\" content=\"article\" \/>\n<meta property=\"og:title\" content=\"Ch\u00e1 - T. Greguol\" \/>\n<meta property=\"og:description\" content=\"&#8211; Talvez esta hist\u00f3ria n\u00e3o lhe agrade, mas foi algo \u2026 Leia Mais\" \/>\n<meta property=\"og:url\" content=\"https:\/\/www.tgreguol.com.br\/blog\/cha\/\" \/>\n<meta property=\"og:site_name\" content=\"T. Greguol\" \/>\n<meta property=\"article:publisher\" content=\"https:\/\/www.facebook.com\/tgreguol\" \/>\n<meta property=\"article:modified_time\" content=\"2016-02-15T17:18:54+00:00\" \/>\n<meta name=\"twitter:card\" content=\"summary_large_image\" \/>\n<meta name=\"twitter:site\" content=\"@katarse\" \/>\n<meta name=\"twitter:label1\" content=\"Est. tempo de leitura\" \/>\n\t<meta name=\"twitter:data1\" content=\"2 minutos\" \/>\n<script type=\"application\/ld+json\" class=\"yoast-schema-graph\">{\"@context\":\"https:\\\/\\\/schema.org\",\"@graph\":[{\"@type\":\"WebPage\",\"@id\":\"https:\\\/\\\/www.tgreguol.com.br\\\/blog\\\/cha\\\/\",\"url\":\"https:\\\/\\\/www.tgreguol.com.br\\\/blog\\\/cha\\\/\",\"name\":\"Ch\u00e1 - T. Greguol\",\"isPartOf\":{\"@id\":\"https:\\\/\\\/www.tgreguol.com.br\\\/blog\\\/#website\"},\"datePublished\":\"2016-01-29T22:10:34+00:00\",\"dateModified\":\"2016-02-15T17:18:54+00:00\",\"breadcrumb\":{\"@id\":\"https:\\\/\\\/www.tgreguol.com.br\\\/blog\\\/cha\\\/#breadcrumb\"},\"inLanguage\":\"pt-BR\",\"potentialAction\":[{\"@type\":\"ReadAction\",\"target\":[\"https:\\\/\\\/www.tgreguol.com.br\\\/blog\\\/cha\\\/\"]}]},{\"@type\":\"BreadcrumbList\",\"@id\":\"https:\\\/\\\/www.tgreguol.com.br\\\/blog\\\/cha\\\/#breadcrumb\",\"itemListElement\":[{\"@type\":\"ListItem\",\"position\":1,\"name\":\"In\u00edcio\",\"item\":\"https:\\\/\\\/www.tgreguol.com.br\\\/blog\\\/\"},{\"@type\":\"ListItem\",\"position\":2,\"name\":\"Ch\u00e1\"}]},{\"@type\":\"WebSite\",\"@id\":\"https:\\\/\\\/www.tgreguol.com.br\\\/blog\\\/#website\",\"url\":\"https:\\\/\\\/www.tgreguol.com.br\\\/blog\\\/\",\"name\":\"T. Greguol\",\"description\":\"Imaginador\",\"potentialAction\":[{\"@type\":\"SearchAction\",\"target\":{\"@type\":\"EntryPoint\",\"urlTemplate\":\"https:\\\/\\\/www.tgreguol.com.br\\\/blog\\\/?s={search_term_string}\"},\"query-input\":{\"@type\":\"PropertyValueSpecification\",\"valueRequired\":true,\"valueName\":\"search_term_string\"}}],\"inLanguage\":\"pt-BR\"}]}<\/script>\n<!-- \/ Yoast SEO plugin. -->","yoast_head_json":{"title":"Ch\u00e1 - T. Greguol","robots":{"index":"index","follow":"follow","max-snippet":"max-snippet:-1","max-image-preview":"max-image-preview:large","max-video-preview":"max-video-preview:-1"},"canonical":"https:\/\/www.tgreguol.com.br\/blog\/cha\/","og_locale":"pt_BR","og_type":"article","og_title":"Ch\u00e1 - T. Greguol","og_description":"&#8211; Talvez esta hist\u00f3ria n\u00e3o lhe agrade, mas foi algo \u2026 Leia Mais","og_url":"https:\/\/www.tgreguol.com.br\/blog\/cha\/","og_site_name":"T. Greguol","article_publisher":"https:\/\/www.facebook.com\/tgreguol","article_modified_time":"2016-02-15T17:18:54+00:00","twitter_card":"summary_large_image","twitter_site":"@katarse","twitter_misc":{"Est. tempo de leitura":"2 minutos"},"schema":{"@context":"https:\/\/schema.org","@graph":[{"@type":"WebPage","@id":"https:\/\/www.tgreguol.com.br\/blog\/cha\/","url":"https:\/\/www.tgreguol.com.br\/blog\/cha\/","name":"Ch\u00e1 - T. Greguol","isPartOf":{"@id":"https:\/\/www.tgreguol.com.br\/blog\/#website"},"datePublished":"2016-01-29T22:10:34+00:00","dateModified":"2016-02-15T17:18:54+00:00","breadcrumb":{"@id":"https:\/\/www.tgreguol.com.br\/blog\/cha\/#breadcrumb"},"inLanguage":"pt-BR","potentialAction":[{"@type":"ReadAction","target":["https:\/\/www.tgreguol.com.br\/blog\/cha\/"]}]},{"@type":"BreadcrumbList","@id":"https:\/\/www.tgreguol.com.br\/blog\/cha\/#breadcrumb","itemListElement":[{"@type":"ListItem","position":1,"name":"In\u00edcio","item":"https:\/\/www.tgreguol.com.br\/blog\/"},{"@type":"ListItem","position":2,"name":"Ch\u00e1"}]},{"@type":"WebSite","@id":"https:\/\/www.tgreguol.com.br\/blog\/#website","url":"https:\/\/www.tgreguol.com.br\/blog\/","name":"T. Greguol","description":"Imaginador","potentialAction":[{"@type":"SearchAction","target":{"@type":"EntryPoint","urlTemplate":"https:\/\/www.tgreguol.com.br\/blog\/?s={search_term_string}"},"query-input":{"@type":"PropertyValueSpecification","valueRequired":true,"valueName":"search_term_string"}}],"inLanguage":"pt-BR"}]}},"_links":{"self":[{"href":"https:\/\/www.tgreguol.com.br\/blog\/wp-json\/wp\/v2\/pages\/1280","targetHints":{"allow":["GET"]}}],"collection":[{"href":"https:\/\/www.tgreguol.com.br\/blog\/wp-json\/wp\/v2\/pages"}],"about":[{"href":"https:\/\/www.tgreguol.com.br\/blog\/wp-json\/wp\/v2\/types\/page"}],"author":[{"embeddable":true,"href":"https:\/\/www.tgreguol.com.br\/blog\/wp-json\/wp\/v2\/users\/1"}],"replies":[{"embeddable":true,"href":"https:\/\/www.tgreguol.com.br\/blog\/wp-json\/wp\/v2\/comments?post=1280"}],"version-history":[{"count":3,"href":"https:\/\/www.tgreguol.com.br\/blog\/wp-json\/wp\/v2\/pages\/1280\/revisions"}],"predecessor-version":[{"id":1368,"href":"https:\/\/www.tgreguol.com.br\/blog\/wp-json\/wp\/v2\/pages\/1280\/revisions\/1368"}],"wp:attachment":[{"href":"https:\/\/www.tgreguol.com.br\/blog\/wp-json\/wp\/v2\/media?parent=1280"}],"curies":[{"name":"wp","href":"https:\/\/api.w.org\/{rel}","templated":true}]}}