{"id":1274,"date":"2016-01-29T22:05:08","date_gmt":"2016-01-29T22:05:08","guid":{"rendered":"https:\/\/www.tgreguol.com.br\/blog\/?page_id=1274"},"modified":"2016-02-15T21:26:37","modified_gmt":"2016-02-15T21:26:37","slug":"tudo-posso-naquele-que-me-apetece","status":"publish","type":"page","link":"https:\/\/www.tgreguol.com.br\/blog\/tudo-posso-naquele-que-me-apetece\/","title":{"rendered":"Tudo Posso Naquele Que Me Apetece"},"content":{"rendered":"<p style=\"text-align: justify;\">Era uma daquelas coisas in\u00e9ditas que acontecem tantas vezes na vida. Olhar para sua mocinha era o mundo todo desfocado e ele de \u00f3culos 3D. S\u00f3 de conversar com ela brotava uma vontade louca de ter paci\u00eancia e rever algumas ideias t\u00e3o antigas como coreto de pra\u00e7a de cidade pequena. Sem falar na apar\u00eancia. Sabe quando voc\u00ea compra aquele aparelho de som novo que foi desenhado por designers bem pagos para atingir n\u00e3o qualquer p\u00fablico-alvo, mas \u00fanica e exclusivamente voc\u00ea? Ou suco de melancia, que \u00e9 uma del\u00edcia e n\u00e3o engorda? Ou ir ao dentista e voc\u00ea n\u00e3o tem c\u00e1rie nenhuma? Pois \u00e9&#8230; Era assim que ele se sentia quando encontrava sua amiguinha favorita. E o universo \u00e9 sem d\u00favida uma gigantesca empresa em que ningu\u00e9m entende nada e tem tanto procedimento que n\u00e3o sabemos os porqu\u00eas. Mas como diz aquele livr\u00e3o de capa escura, foi tudo feito \u00e0 imagem e semelhan\u00e7a, de onde se conclui que n\u00e3o podemos esperar muito. Tudo que sabemos e conhecemos \u00e9 menos que a goteira da torneira da casinha do assistente do caseiro j\u00fanior. Ent\u00e3o \u00e9 bem pouco prov\u00e1vel que qualquer compreens\u00e3o nossa sirva de alguma coisa al\u00e9m de n\u00f3s mesmos. Uma coisa que deixava nosso amigo feliz da vida era estar perto da sua amiguinha. Fisicamente ou na mem\u00f3ria de um dos dois. E isso j\u00e1 era t\u00e3o bom demais da conta que, se precisasse, at\u00e9 entenderia o conjunto das coisas todas. Inclusive o fato de que tudo tende a passar como solu\u00e7os e coceiras na sola do p\u00e9 quando estamos de bota.<\/p>\n","protected":false},"excerpt":{"rendered":"<p>Era uma daquelas coisas in\u00e9ditas que acontecem tantas vezes na \u2026<\/p>\n<p class=\"continue-reading-button\"> <a class=\"continue-reading-link\" href=\"https:\/\/www.tgreguol.com.br\/blog\/tudo-posso-naquele-que-me-apetece\/\">Leia Mais<i class=\"crycon-right-dir\"><\/i><\/a><\/p>\n","protected":false},"author":1,"featured_media":0,"parent":0,"menu_order":0,"comment_status":"closed","ping_status":"closed","template":"","meta":{"nf_dc_page":"","_exactmetrics_skip_tracking":false,"_exactmetrics_sitenote_active":false,"_exactmetrics_sitenote_note":"","_exactmetrics_sitenote_category":0,"footnotes":""},"class_list":["post-1274","page","type-page","status-publish","hentry"],"yoast_head":"<!-- This site is optimized with the Yoast SEO plugin v27.5 - https:\/\/yoast.com\/product\/yoast-seo-wordpress\/ -->\n<title>Tudo Posso Naquele Que Me Apetece - T. Greguol<\/title>\n<meta name=\"robots\" content=\"index, follow, max-snippet:-1, max-image-preview:large, max-video-preview:-1\" \/>\n<link rel=\"canonical\" href=\"https:\/\/www.tgreguol.com.br\/blog\/tudo-posso-naquele-que-me-apetece\/\" \/>\n<meta property=\"og:locale\" content=\"pt_BR\" \/>\n<meta property=\"og:type\" content=\"article\" \/>\n<meta property=\"og:title\" content=\"Tudo Posso Naquele Que Me Apetece - T. Greguol\" \/>\n<meta property=\"og:description\" content=\"Era uma daquelas coisas in\u00e9ditas que acontecem tantas vezes na \u2026 Leia Mais\" \/>\n<meta property=\"og:url\" content=\"https:\/\/www.tgreguol.com.br\/blog\/tudo-posso-naquele-que-me-apetece\/\" \/>\n<meta property=\"og:site_name\" content=\"T. Greguol\" \/>\n<meta property=\"article:publisher\" content=\"https:\/\/www.facebook.com\/tgreguol\" \/>\n<meta property=\"article:modified_time\" content=\"2016-02-15T21:26:37+00:00\" \/>\n<meta name=\"twitter:card\" content=\"summary_large_image\" \/>\n<meta name=\"twitter:site\" content=\"@katarse\" \/>\n<meta name=\"twitter:label1\" content=\"Est. tempo de leitura\" \/>\n\t<meta name=\"twitter:data1\" content=\"1 minuto\" \/>\n<script type=\"application\/ld+json\" class=\"yoast-schema-graph\">{\"@context\":\"https:\\\/\\\/schema.org\",\"@graph\":[{\"@type\":\"WebPage\",\"@id\":\"https:\\\/\\\/www.tgreguol.com.br\\\/blog\\\/tudo-posso-naquele-que-me-apetece\\\/\",\"url\":\"https:\\\/\\\/www.tgreguol.com.br\\\/blog\\\/tudo-posso-naquele-que-me-apetece\\\/\",\"name\":\"Tudo Posso Naquele Que Me Apetece - T. Greguol\",\"isPartOf\":{\"@id\":\"https:\\\/\\\/www.tgreguol.com.br\\\/blog\\\/#website\"},\"datePublished\":\"2016-01-29T22:05:08+00:00\",\"dateModified\":\"2016-02-15T21:26:37+00:00\",\"breadcrumb\":{\"@id\":\"https:\\\/\\\/www.tgreguol.com.br\\\/blog\\\/tudo-posso-naquele-que-me-apetece\\\/#breadcrumb\"},\"inLanguage\":\"pt-BR\",\"potentialAction\":[{\"@type\":\"ReadAction\",\"target\":[\"https:\\\/\\\/www.tgreguol.com.br\\\/blog\\\/tudo-posso-naquele-que-me-apetece\\\/\"]}]},{\"@type\":\"BreadcrumbList\",\"@id\":\"https:\\\/\\\/www.tgreguol.com.br\\\/blog\\\/tudo-posso-naquele-que-me-apetece\\\/#breadcrumb\",\"itemListElement\":[{\"@type\":\"ListItem\",\"position\":1,\"name\":\"In\u00edcio\",\"item\":\"https:\\\/\\\/www.tgreguol.com.br\\\/blog\\\/\"},{\"@type\":\"ListItem\",\"position\":2,\"name\":\"Tudo Posso Naquele Que Me Apetece\"}]},{\"@type\":\"WebSite\",\"@id\":\"https:\\\/\\\/www.tgreguol.com.br\\\/blog\\\/#website\",\"url\":\"https:\\\/\\\/www.tgreguol.com.br\\\/blog\\\/\",\"name\":\"T. Greguol\",\"description\":\"Imaginador\",\"potentialAction\":[{\"@type\":\"SearchAction\",\"target\":{\"@type\":\"EntryPoint\",\"urlTemplate\":\"https:\\\/\\\/www.tgreguol.com.br\\\/blog\\\/?s={search_term_string}\"},\"query-input\":{\"@type\":\"PropertyValueSpecification\",\"valueRequired\":true,\"valueName\":\"search_term_string\"}}],\"inLanguage\":\"pt-BR\"}]}<\/script>\n<!-- \/ Yoast SEO plugin. -->","yoast_head_json":{"title":"Tudo Posso Naquele Que Me Apetece - T. Greguol","robots":{"index":"index","follow":"follow","max-snippet":"max-snippet:-1","max-image-preview":"max-image-preview:large","max-video-preview":"max-video-preview:-1"},"canonical":"https:\/\/www.tgreguol.com.br\/blog\/tudo-posso-naquele-que-me-apetece\/","og_locale":"pt_BR","og_type":"article","og_title":"Tudo Posso Naquele Que Me Apetece - T. Greguol","og_description":"Era uma daquelas coisas in\u00e9ditas que acontecem tantas vezes na \u2026 Leia Mais","og_url":"https:\/\/www.tgreguol.com.br\/blog\/tudo-posso-naquele-que-me-apetece\/","og_site_name":"T. Greguol","article_publisher":"https:\/\/www.facebook.com\/tgreguol","article_modified_time":"2016-02-15T21:26:37+00:00","twitter_card":"summary_large_image","twitter_site":"@katarse","twitter_misc":{"Est. tempo de leitura":"1 minuto"},"schema":{"@context":"https:\/\/schema.org","@graph":[{"@type":"WebPage","@id":"https:\/\/www.tgreguol.com.br\/blog\/tudo-posso-naquele-que-me-apetece\/","url":"https:\/\/www.tgreguol.com.br\/blog\/tudo-posso-naquele-que-me-apetece\/","name":"Tudo Posso Naquele Que Me Apetece - T. Greguol","isPartOf":{"@id":"https:\/\/www.tgreguol.com.br\/blog\/#website"},"datePublished":"2016-01-29T22:05:08+00:00","dateModified":"2016-02-15T21:26:37+00:00","breadcrumb":{"@id":"https:\/\/www.tgreguol.com.br\/blog\/tudo-posso-naquele-que-me-apetece\/#breadcrumb"},"inLanguage":"pt-BR","potentialAction":[{"@type":"ReadAction","target":["https:\/\/www.tgreguol.com.br\/blog\/tudo-posso-naquele-que-me-apetece\/"]}]},{"@type":"BreadcrumbList","@id":"https:\/\/www.tgreguol.com.br\/blog\/tudo-posso-naquele-que-me-apetece\/#breadcrumb","itemListElement":[{"@type":"ListItem","position":1,"name":"In\u00edcio","item":"https:\/\/www.tgreguol.com.br\/blog\/"},{"@type":"ListItem","position":2,"name":"Tudo Posso Naquele Que Me Apetece"}]},{"@type":"WebSite","@id":"https:\/\/www.tgreguol.com.br\/blog\/#website","url":"https:\/\/www.tgreguol.com.br\/blog\/","name":"T. Greguol","description":"Imaginador","potentialAction":[{"@type":"SearchAction","target":{"@type":"EntryPoint","urlTemplate":"https:\/\/www.tgreguol.com.br\/blog\/?s={search_term_string}"},"query-input":{"@type":"PropertyValueSpecification","valueRequired":true,"valueName":"search_term_string"}}],"inLanguage":"pt-BR"}]}},"_links":{"self":[{"href":"https:\/\/www.tgreguol.com.br\/blog\/wp-json\/wp\/v2\/pages\/1274","targetHints":{"allow":["GET"]}}],"collection":[{"href":"https:\/\/www.tgreguol.com.br\/blog\/wp-json\/wp\/v2\/pages"}],"about":[{"href":"https:\/\/www.tgreguol.com.br\/blog\/wp-json\/wp\/v2\/types\/page"}],"author":[{"embeddable":true,"href":"https:\/\/www.tgreguol.com.br\/blog\/wp-json\/wp\/v2\/users\/1"}],"replies":[{"embeddable":true,"href":"https:\/\/www.tgreguol.com.br\/blog\/wp-json\/wp\/v2\/comments?post=1274"}],"version-history":[{"count":4,"href":"https:\/\/www.tgreguol.com.br\/blog\/wp-json\/wp\/v2\/pages\/1274\/revisions"}],"predecessor-version":[{"id":1450,"href":"https:\/\/www.tgreguol.com.br\/blog\/wp-json\/wp\/v2\/pages\/1274\/revisions\/1450"}],"wp:attachment":[{"href":"https:\/\/www.tgreguol.com.br\/blog\/wp-json\/wp\/v2\/media?parent=1274"}],"curies":[{"name":"wp","href":"https:\/\/api.w.org\/{rel}","templated":true}]}}