{"id":1233,"date":"2016-01-29T21:25:48","date_gmt":"2016-01-29T21:25:48","guid":{"rendered":"https:\/\/www.tgreguol.com.br\/blog\/?page_id=1233"},"modified":"2016-02-15T17:43:20","modified_gmt":"2016-02-15T17:43:20","slug":"eu-sou-um-cara-razoavelmente-raso","status":"publish","type":"page","link":"https:\/\/www.tgreguol.com.br\/blog\/eu-sou-um-cara-razoavelmente-raso\/","title":{"rendered":"Eu Sou Um Cara Razoavelmente Raso"},"content":{"rendered":"<p style=\"text-align: justify;\">N\u00e3o presto para discuss\u00f5es e nem exposi\u00e7\u00f5es de ideias. N\u00e3o gosto de e n\u00e3o me interesso por assuntos de gente grande. \u00c9 um t\u00e9dio profundo pol\u00edtica, bolsa de valores e campeonatos. N\u00e3o quero mais julgar. Tenho minha opini\u00e3o, prefiro fazer gra\u00e7a. Eu queria casar, ter filhos e trabalhar em paz, mas eu sou eu e sei que isso n\u00e3o vai acontecer e, se acontecer, n\u00e3o ser\u00e1 como quero. Queria Deus, algo maior, macumba, magia, feiti\u00e7aria, uma pessoa s\u00e1bia, super poderes. No final sou Eu, eu, eu, eu&#8230; Voc\u00ea, voc\u00ea, voc\u00ea, voc\u00ea&#8230; Ela, ele, eles, elas&#8230; Eu, eu, eu, eu, eu&#8230; N\u00e3o \u00e9 ruim. N\u00e3o \u00e9 bom. Quando acabar foi curto. E l\u00e1 vamos n\u00f3s.<\/p>\n","protected":false},"excerpt":{"rendered":"<p>N\u00e3o presto para discuss\u00f5es e nem exposi\u00e7\u00f5es de ideias. N\u00e3o \u2026<\/p>\n<p class=\"continue-reading-button\"> <a class=\"continue-reading-link\" href=\"https:\/\/www.tgreguol.com.br\/blog\/eu-sou-um-cara-razoavelmente-raso\/\">Leia Mais<i class=\"crycon-right-dir\"><\/i><\/a><\/p>\n","protected":false},"author":1,"featured_media":0,"parent":0,"menu_order":0,"comment_status":"closed","ping_status":"closed","template":"","meta":{"nf_dc_page":"","_exactmetrics_skip_tracking":false,"_exactmetrics_sitenote_active":false,"_exactmetrics_sitenote_note":"","_exactmetrics_sitenote_category":0,"footnotes":""},"class_list":["post-1233","page","type-page","status-publish","hentry"],"yoast_head":"<!-- This site is optimized with the Yoast SEO plugin v27.5 - https:\/\/yoast.com\/product\/yoast-seo-wordpress\/ -->\n<title>Eu Sou Um Cara Razoavelmente Raso - T. Greguol<\/title>\n<meta name=\"robots\" content=\"index, follow, max-snippet:-1, max-image-preview:large, max-video-preview:-1\" \/>\n<link rel=\"canonical\" href=\"https:\/\/www.tgreguol.com.br\/blog\/eu-sou-um-cara-razoavelmente-raso\/\" \/>\n<meta property=\"og:locale\" content=\"pt_BR\" \/>\n<meta property=\"og:type\" content=\"article\" \/>\n<meta property=\"og:title\" content=\"Eu Sou Um Cara Razoavelmente Raso - T. Greguol\" \/>\n<meta property=\"og:description\" content=\"N\u00e3o presto para discuss\u00f5es e nem exposi\u00e7\u00f5es de ideias. N\u00e3o \u2026 Leia Mais\" \/>\n<meta property=\"og:url\" content=\"https:\/\/www.tgreguol.com.br\/blog\/eu-sou-um-cara-razoavelmente-raso\/\" \/>\n<meta property=\"og:site_name\" content=\"T. Greguol\" \/>\n<meta property=\"article:publisher\" content=\"https:\/\/www.facebook.com\/tgreguol\" \/>\n<meta property=\"article:modified_time\" content=\"2016-02-15T17:43:20+00:00\" \/>\n<meta name=\"twitter:card\" content=\"summary_large_image\" \/>\n<meta name=\"twitter:site\" content=\"@katarse\" \/>\n<meta name=\"twitter:label1\" content=\"Est. tempo de leitura\" \/>\n\t<meta name=\"twitter:data1\" content=\"1 minuto\" \/>\n<script type=\"application\/ld+json\" class=\"yoast-schema-graph\">{\"@context\":\"https:\\\/\\\/schema.org\",\"@graph\":[{\"@type\":\"WebPage\",\"@id\":\"https:\\\/\\\/www.tgreguol.com.br\\\/blog\\\/eu-sou-um-cara-razoavelmente-raso\\\/\",\"url\":\"https:\\\/\\\/www.tgreguol.com.br\\\/blog\\\/eu-sou-um-cara-razoavelmente-raso\\\/\",\"name\":\"Eu Sou Um Cara Razoavelmente Raso - T. Greguol\",\"isPartOf\":{\"@id\":\"https:\\\/\\\/www.tgreguol.com.br\\\/blog\\\/#website\"},\"datePublished\":\"2016-01-29T21:25:48+00:00\",\"dateModified\":\"2016-02-15T17:43:20+00:00\",\"breadcrumb\":{\"@id\":\"https:\\\/\\\/www.tgreguol.com.br\\\/blog\\\/eu-sou-um-cara-razoavelmente-raso\\\/#breadcrumb\"},\"inLanguage\":\"pt-BR\",\"potentialAction\":[{\"@type\":\"ReadAction\",\"target\":[\"https:\\\/\\\/www.tgreguol.com.br\\\/blog\\\/eu-sou-um-cara-razoavelmente-raso\\\/\"]}]},{\"@type\":\"BreadcrumbList\",\"@id\":\"https:\\\/\\\/www.tgreguol.com.br\\\/blog\\\/eu-sou-um-cara-razoavelmente-raso\\\/#breadcrumb\",\"itemListElement\":[{\"@type\":\"ListItem\",\"position\":1,\"name\":\"In\u00edcio\",\"item\":\"https:\\\/\\\/www.tgreguol.com.br\\\/blog\\\/\"},{\"@type\":\"ListItem\",\"position\":2,\"name\":\"Eu Sou Um Cara Razoavelmente Raso\"}]},{\"@type\":\"WebSite\",\"@id\":\"https:\\\/\\\/www.tgreguol.com.br\\\/blog\\\/#website\",\"url\":\"https:\\\/\\\/www.tgreguol.com.br\\\/blog\\\/\",\"name\":\"T. Greguol\",\"description\":\"Imaginador\",\"potentialAction\":[{\"@type\":\"SearchAction\",\"target\":{\"@type\":\"EntryPoint\",\"urlTemplate\":\"https:\\\/\\\/www.tgreguol.com.br\\\/blog\\\/?s={search_term_string}\"},\"query-input\":{\"@type\":\"PropertyValueSpecification\",\"valueRequired\":true,\"valueName\":\"search_term_string\"}}],\"inLanguage\":\"pt-BR\"}]}<\/script>\n<!-- \/ Yoast SEO plugin. -->","yoast_head_json":{"title":"Eu Sou Um Cara Razoavelmente Raso - T. Greguol","robots":{"index":"index","follow":"follow","max-snippet":"max-snippet:-1","max-image-preview":"max-image-preview:large","max-video-preview":"max-video-preview:-1"},"canonical":"https:\/\/www.tgreguol.com.br\/blog\/eu-sou-um-cara-razoavelmente-raso\/","og_locale":"pt_BR","og_type":"article","og_title":"Eu Sou Um Cara Razoavelmente Raso - T. Greguol","og_description":"N\u00e3o presto para discuss\u00f5es e nem exposi\u00e7\u00f5es de ideias. N\u00e3o \u2026 Leia Mais","og_url":"https:\/\/www.tgreguol.com.br\/blog\/eu-sou-um-cara-razoavelmente-raso\/","og_site_name":"T. Greguol","article_publisher":"https:\/\/www.facebook.com\/tgreguol","article_modified_time":"2016-02-15T17:43:20+00:00","twitter_card":"summary_large_image","twitter_site":"@katarse","twitter_misc":{"Est. tempo de leitura":"1 minuto"},"schema":{"@context":"https:\/\/schema.org","@graph":[{"@type":"WebPage","@id":"https:\/\/www.tgreguol.com.br\/blog\/eu-sou-um-cara-razoavelmente-raso\/","url":"https:\/\/www.tgreguol.com.br\/blog\/eu-sou-um-cara-razoavelmente-raso\/","name":"Eu Sou Um Cara Razoavelmente Raso - T. Greguol","isPartOf":{"@id":"https:\/\/www.tgreguol.com.br\/blog\/#website"},"datePublished":"2016-01-29T21:25:48+00:00","dateModified":"2016-02-15T17:43:20+00:00","breadcrumb":{"@id":"https:\/\/www.tgreguol.com.br\/blog\/eu-sou-um-cara-razoavelmente-raso\/#breadcrumb"},"inLanguage":"pt-BR","potentialAction":[{"@type":"ReadAction","target":["https:\/\/www.tgreguol.com.br\/blog\/eu-sou-um-cara-razoavelmente-raso\/"]}]},{"@type":"BreadcrumbList","@id":"https:\/\/www.tgreguol.com.br\/blog\/eu-sou-um-cara-razoavelmente-raso\/#breadcrumb","itemListElement":[{"@type":"ListItem","position":1,"name":"In\u00edcio","item":"https:\/\/www.tgreguol.com.br\/blog\/"},{"@type":"ListItem","position":2,"name":"Eu Sou Um Cara Razoavelmente Raso"}]},{"@type":"WebSite","@id":"https:\/\/www.tgreguol.com.br\/blog\/#website","url":"https:\/\/www.tgreguol.com.br\/blog\/","name":"T. Greguol","description":"Imaginador","potentialAction":[{"@type":"SearchAction","target":{"@type":"EntryPoint","urlTemplate":"https:\/\/www.tgreguol.com.br\/blog\/?s={search_term_string}"},"query-input":{"@type":"PropertyValueSpecification","valueRequired":true,"valueName":"search_term_string"}}],"inLanguage":"pt-BR"}]}},"_links":{"self":[{"href":"https:\/\/www.tgreguol.com.br\/blog\/wp-json\/wp\/v2\/pages\/1233","targetHints":{"allow":["GET"]}}],"collection":[{"href":"https:\/\/www.tgreguol.com.br\/blog\/wp-json\/wp\/v2\/pages"}],"about":[{"href":"https:\/\/www.tgreguol.com.br\/blog\/wp-json\/wp\/v2\/types\/page"}],"author":[{"embeddable":true,"href":"https:\/\/www.tgreguol.com.br\/blog\/wp-json\/wp\/v2\/users\/1"}],"replies":[{"embeddable":true,"href":"https:\/\/www.tgreguol.com.br\/blog\/wp-json\/wp\/v2\/comments?post=1233"}],"version-history":[{"count":3,"href":"https:\/\/www.tgreguol.com.br\/blog\/wp-json\/wp\/v2\/pages\/1233\/revisions"}],"predecessor-version":[{"id":1382,"href":"https:\/\/www.tgreguol.com.br\/blog\/wp-json\/wp\/v2\/pages\/1233\/revisions\/1382"}],"wp:attachment":[{"href":"https:\/\/www.tgreguol.com.br\/blog\/wp-json\/wp\/v2\/media?parent=1233"}],"curies":[{"name":"wp","href":"https:\/\/api.w.org\/{rel}","templated":true}]}}