{"id":1222,"date":"2016-01-29T20:50:40","date_gmt":"2016-01-29T20:50:40","guid":{"rendered":"https:\/\/www.tgreguol.com.br\/blog\/?page_id=1222"},"modified":"2016-02-15T17:24:47","modified_gmt":"2016-02-15T17:24:47","slug":"contando-dias-contados","status":"publish","type":"page","link":"https:\/\/www.tgreguol.com.br\/blog\/contando-dias-contados\/","title":{"rendered":"Contando Os Dias Contados"},"content":{"rendered":"<p>Era uma tardezinha de primavera. A menina sorridente n\u00e3o sorria mesmo, de forma alguma. Quais seriam os motivos que transformaram seus problemas &#8211; min\u00fasculos comparados ao Universo &#8211; em l\u00e1grimas t\u00e3o gigantes assim? Mesmo tristonha ela parecia feliz. Era muito feliz mesmo. Se n\u00e3o era, parecia. Ent\u00e3o, antes de dormir (com os olhinhos inchados, coitada!) ela desejou muito que n\u00e3o houvesse dia seguinte. Mas desejou e desejou. E ent\u00e3o desejou de novo. E quem pode dizer se um pouco antes de pegar no sono n\u00e3o desejou mais uma vez? Pode ser que tenha at\u00e9 sonhado com isso e falado&#8230; Mas se alguma menina sozinha fala dormindo num quarto no meio da noite, ser\u00e1 que algu\u00e9m ouve?<br \/>\nO fato \u00e9 que no outro dia ela acordou, vestiu-se, comeu um bolo e, ainda mais uma vez antes de ir para a escola, co\u00e7ou a ideia na cabe\u00e7a &#8211; queria que hoje n\u00e3o existisse&#8230;<br \/>\nO tempo passou. Ela cresceu.<br \/>\nSe ela casou e teve filhos, ningu\u00e9m sabe. Se foi feliz a maior parte do tempo, tamb\u00e9m ningu\u00e9m sabe, mas ningu\u00e9m poderia ser infeliz tendo sido t\u00e3o alegre um dia.<br \/>\nMas o tempo passa para todos e, certamente, antes de morrer ela se esqueceu do que um dia desejara tanto.<br \/>\nEla morreu,e todos de sua \u00e9poca tamb\u00e9m. E das \u00e9pocas futuras tamb\u00e9m,e assim por diante. At\u00e9 que tudo morreu (ou se \u2018transformou\u2019, como diria Lavoisier).<br \/>\nE no dia do ju\u00edzo final, Deus notou que faltava um dia.<\/p>\n","protected":false},"excerpt":{"rendered":"<p>Era uma tardezinha de primavera. A menina sorridente n\u00e3o sorria \u2026<\/p>\n<p class=\"continue-reading-button\"> <a class=\"continue-reading-link\" href=\"https:\/\/www.tgreguol.com.br\/blog\/contando-dias-contados\/\">Leia Mais<i class=\"crycon-right-dir\"><\/i><\/a><\/p>\n","protected":false},"author":1,"featured_media":0,"parent":0,"menu_order":0,"comment_status":"closed","ping_status":"closed","template":"","meta":{"nf_dc_page":"","_exactmetrics_skip_tracking":false,"_exactmetrics_sitenote_active":false,"_exactmetrics_sitenote_note":"","_exactmetrics_sitenote_category":0,"footnotes":""},"class_list":["post-1222","page","type-page","status-publish","hentry"],"yoast_head":"<!-- This site is optimized with the Yoast SEO plugin v27.5 - https:\/\/yoast.com\/product\/yoast-seo-wordpress\/ -->\n<title>Contando Os Dias Contados - T. Greguol<\/title>\n<meta name=\"robots\" content=\"index, follow, max-snippet:-1, max-image-preview:large, max-video-preview:-1\" \/>\n<link rel=\"canonical\" href=\"https:\/\/www.tgreguol.com.br\/blog\/contando-dias-contados\/\" \/>\n<meta property=\"og:locale\" content=\"pt_BR\" \/>\n<meta property=\"og:type\" content=\"article\" \/>\n<meta property=\"og:title\" content=\"Contando Os Dias Contados - T. Greguol\" \/>\n<meta property=\"og:description\" content=\"Era uma tardezinha de primavera. A menina sorridente n\u00e3o sorria \u2026 Leia Mais\" \/>\n<meta property=\"og:url\" content=\"https:\/\/www.tgreguol.com.br\/blog\/contando-dias-contados\/\" \/>\n<meta property=\"og:site_name\" content=\"T. Greguol\" \/>\n<meta property=\"article:publisher\" content=\"https:\/\/www.facebook.com\/tgreguol\" \/>\n<meta property=\"article:modified_time\" content=\"2016-02-15T17:24:47+00:00\" \/>\n<meta name=\"twitter:card\" content=\"summary_large_image\" \/>\n<meta name=\"twitter:site\" content=\"@katarse\" \/>\n<meta name=\"twitter:label1\" content=\"Est. tempo de leitura\" \/>\n\t<meta name=\"twitter:data1\" content=\"1 minuto\" \/>\n<script type=\"application\/ld+json\" class=\"yoast-schema-graph\">{\"@context\":\"https:\\\/\\\/schema.org\",\"@graph\":[{\"@type\":\"WebPage\",\"@id\":\"https:\\\/\\\/www.tgreguol.com.br\\\/blog\\\/contando-dias-contados\\\/\",\"url\":\"https:\\\/\\\/www.tgreguol.com.br\\\/blog\\\/contando-dias-contados\\\/\",\"name\":\"Contando Os Dias Contados - T. Greguol\",\"isPartOf\":{\"@id\":\"https:\\\/\\\/www.tgreguol.com.br\\\/blog\\\/#website\"},\"datePublished\":\"2016-01-29T20:50:40+00:00\",\"dateModified\":\"2016-02-15T17:24:47+00:00\",\"breadcrumb\":{\"@id\":\"https:\\\/\\\/www.tgreguol.com.br\\\/blog\\\/contando-dias-contados\\\/#breadcrumb\"},\"inLanguage\":\"pt-BR\",\"potentialAction\":[{\"@type\":\"ReadAction\",\"target\":[\"https:\\\/\\\/www.tgreguol.com.br\\\/blog\\\/contando-dias-contados\\\/\"]}]},{\"@type\":\"BreadcrumbList\",\"@id\":\"https:\\\/\\\/www.tgreguol.com.br\\\/blog\\\/contando-dias-contados\\\/#breadcrumb\",\"itemListElement\":[{\"@type\":\"ListItem\",\"position\":1,\"name\":\"In\u00edcio\",\"item\":\"https:\\\/\\\/www.tgreguol.com.br\\\/blog\\\/\"},{\"@type\":\"ListItem\",\"position\":2,\"name\":\"Contando Os Dias Contados\"}]},{\"@type\":\"WebSite\",\"@id\":\"https:\\\/\\\/www.tgreguol.com.br\\\/blog\\\/#website\",\"url\":\"https:\\\/\\\/www.tgreguol.com.br\\\/blog\\\/\",\"name\":\"T. Greguol\",\"description\":\"Imaginador\",\"potentialAction\":[{\"@type\":\"SearchAction\",\"target\":{\"@type\":\"EntryPoint\",\"urlTemplate\":\"https:\\\/\\\/www.tgreguol.com.br\\\/blog\\\/?s={search_term_string}\"},\"query-input\":{\"@type\":\"PropertyValueSpecification\",\"valueRequired\":true,\"valueName\":\"search_term_string\"}}],\"inLanguage\":\"pt-BR\"}]}<\/script>\n<!-- \/ Yoast SEO plugin. -->","yoast_head_json":{"title":"Contando Os Dias Contados - T. Greguol","robots":{"index":"index","follow":"follow","max-snippet":"max-snippet:-1","max-image-preview":"max-image-preview:large","max-video-preview":"max-video-preview:-1"},"canonical":"https:\/\/www.tgreguol.com.br\/blog\/contando-dias-contados\/","og_locale":"pt_BR","og_type":"article","og_title":"Contando Os Dias Contados - T. Greguol","og_description":"Era uma tardezinha de primavera. A menina sorridente n\u00e3o sorria \u2026 Leia Mais","og_url":"https:\/\/www.tgreguol.com.br\/blog\/contando-dias-contados\/","og_site_name":"T. Greguol","article_publisher":"https:\/\/www.facebook.com\/tgreguol","article_modified_time":"2016-02-15T17:24:47+00:00","twitter_card":"summary_large_image","twitter_site":"@katarse","twitter_misc":{"Est. tempo de leitura":"1 minuto"},"schema":{"@context":"https:\/\/schema.org","@graph":[{"@type":"WebPage","@id":"https:\/\/www.tgreguol.com.br\/blog\/contando-dias-contados\/","url":"https:\/\/www.tgreguol.com.br\/blog\/contando-dias-contados\/","name":"Contando Os Dias Contados - T. Greguol","isPartOf":{"@id":"https:\/\/www.tgreguol.com.br\/blog\/#website"},"datePublished":"2016-01-29T20:50:40+00:00","dateModified":"2016-02-15T17:24:47+00:00","breadcrumb":{"@id":"https:\/\/www.tgreguol.com.br\/blog\/contando-dias-contados\/#breadcrumb"},"inLanguage":"pt-BR","potentialAction":[{"@type":"ReadAction","target":["https:\/\/www.tgreguol.com.br\/blog\/contando-dias-contados\/"]}]},{"@type":"BreadcrumbList","@id":"https:\/\/www.tgreguol.com.br\/blog\/contando-dias-contados\/#breadcrumb","itemListElement":[{"@type":"ListItem","position":1,"name":"In\u00edcio","item":"https:\/\/www.tgreguol.com.br\/blog\/"},{"@type":"ListItem","position":2,"name":"Contando Os Dias Contados"}]},{"@type":"WebSite","@id":"https:\/\/www.tgreguol.com.br\/blog\/#website","url":"https:\/\/www.tgreguol.com.br\/blog\/","name":"T. Greguol","description":"Imaginador","potentialAction":[{"@type":"SearchAction","target":{"@type":"EntryPoint","urlTemplate":"https:\/\/www.tgreguol.com.br\/blog\/?s={search_term_string}"},"query-input":{"@type":"PropertyValueSpecification","valueRequired":true,"valueName":"search_term_string"}}],"inLanguage":"pt-BR"}]}},"_links":{"self":[{"href":"https:\/\/www.tgreguol.com.br\/blog\/wp-json\/wp\/v2\/pages\/1222","targetHints":{"allow":["GET"]}}],"collection":[{"href":"https:\/\/www.tgreguol.com.br\/blog\/wp-json\/wp\/v2\/pages"}],"about":[{"href":"https:\/\/www.tgreguol.com.br\/blog\/wp-json\/wp\/v2\/types\/page"}],"author":[{"embeddable":true,"href":"https:\/\/www.tgreguol.com.br\/blog\/wp-json\/wp\/v2\/users\/1"}],"replies":[{"embeddable":true,"href":"https:\/\/www.tgreguol.com.br\/blog\/wp-json\/wp\/v2\/comments?post=1222"}],"version-history":[{"count":3,"href":"https:\/\/www.tgreguol.com.br\/blog\/wp-json\/wp\/v2\/pages\/1222\/revisions"}],"predecessor-version":[{"id":1374,"href":"https:\/\/www.tgreguol.com.br\/blog\/wp-json\/wp\/v2\/pages\/1222\/revisions\/1374"}],"wp:attachment":[{"href":"https:\/\/www.tgreguol.com.br\/blog\/wp-json\/wp\/v2\/media?parent=1222"}],"curies":[{"name":"wp","href":"https:\/\/api.w.org\/{rel}","templated":true}]}}

<p>Era uma tardezinha de primavera. A menina sorridente não sorria mesmo, de forma alguma. Quais seriam os motivos que transformaram seus problemas &#8211; minúsculos comparados ao Universo &#8211; em lágrimas tão gigantes assim? Mesmo tristonha ela parecia feliz. Era muito feliz mesmo. Se não era, parecia. Então, antes de dormir (com os olhinhos inchados, coitada!) ela desejou muito que não houvesse dia seguinte. Mas desejou e desejou. E então desejou de novo. E quem pode dizer se um pouco antes de pegar no sono não desejou mais uma vez? Pode ser que tenha até sonhado com isso e falado&#8230; Mas se alguma menina sozinha fala dormindo num quarto no meio da noite, será que alguém ouve?<br />
O fato é que no outro dia ela acordou, vestiu-se, comeu um bolo e, ainda mais uma vez antes de ir para a escola, coçou a ideia na cabeça &#8211; queria que hoje não existisse&#8230;<br />
O tempo passou. Ela cresceu.<br />
Se ela casou e teve filhos, ninguém sabe. Se foi feliz a maior parte do tempo, também ninguém sabe, mas ninguém poderia ser infeliz tendo sido tão alegre um dia.<br />
Mas o tempo passa para todos e, certamente, antes de morrer ela se esqueceu do que um dia desejara tanto.<br />
Ela morreu,e todos de sua época também. E das épocas futuras também,e assim por diante. Até que tudo morreu (ou se ‘transformou’, como diria Lavoisier).<br />
E no dia do juízo final, Deus notou que faltava um dia.</p>

<p>Era uma tardezinha de primavera. A menina sorridente não sorria …</p>
<p class="continue-reading-button"> <a class="continue-reading-link" href="https://www.tgreguol.com.br/blog/contando-dias-contados/">Leia Mais<i class="crycon-right-dir"></i></a></p>

<!-- This site is optimized with the Yoast SEO plugin v27.5 - https://yoast.com/product/yoast-seo-wordpress/ -->
<title>Contando Os Dias Contados - T. Greguol</title>
<meta name="robots" content="index, follow, max-snippet:-1, max-image-preview:large, max-video-preview:-1" />
<link rel="canonical" href="https://www.tgreguol.com.br/blog/contando-dias-contados/" />
<meta property="og:locale" content="pt_BR" />
<meta property="og:type" content="article" />
<meta property="og:title" content="Contando Os Dias Contados - T. Greguol" />
<meta property="og:description" content="Era uma tardezinha de primavera. A menina sorridente não sorria … Leia Mais" />
<meta property="og:url" content="https://www.tgreguol.com.br/blog/contando-dias-contados/" />
<meta property="og:site_name" content="T. Greguol" />
<meta property="article:publisher" content="https://www.facebook.com/tgreguol" />
<meta property="article:modified_time" content="2016-02-15T17:24:47+00:00" />
<meta name="twitter:card" content="summary_large_image" />
<meta name="twitter:site" content="@katarse" />
<meta name="twitter:label1" content="Est. tempo de leitura" />
	<meta name="twitter:data1" content="1 minuto" />
<script type="application/ld+json" class="yoast-schema-graph">{"@context":"https:\/\/schema.org","@graph":[{"@type":"WebPage","@id":"https:\/\/www.tgreguol.com.br\/blog\/contando-dias-contados\/","url":"https:\/\/www.tgreguol.com.br\/blog\/contando-dias-contados\/","name":"Contando Os Dias Contados - T. Greguol","isPartOf":{"@id":"https:\/\/www.tgreguol.com.br\/blog\/#website"},"datePublished":"2016-01-29T20:50:40+00:00","dateModified":"2016-02-15T17:24:47+00:00","breadcrumb":{"@id":"https:\/\/www.tgreguol.com.br\/blog\/contando-dias-contados\/#breadcrumb"},"inLanguage":"pt-BR","potentialAction":[{"@type":"ReadAction","target":["https:\/\/www.tgreguol.com.br\/blog\/contando-dias-contados\/"]}]},{"@type":"BreadcrumbList","@id":"https:\/\/www.tgreguol.com.br\/blog\/contando-dias-contados\/#breadcrumb","itemListElement":[{"@type":"ListItem","position":1,"name":"Início","item":"https:\/\/www.tgreguol.com.br\/blog\/"},{"@type":"ListItem","position":2,"name":"Contando Os Dias Contados"}]},{"@type":"WebSite","@id":"https:\/\/www.tgreguol.com.br\/blog\/#website","url":"https:\/\/www.tgreguol.com.br\/blog\/","name":"T. Greguol","description":"Imaginador","potentialAction":[{"@type":"SearchAction","target":{"@type":"EntryPoint","urlTemplate":"https:\/\/www.tgreguol.com.br\/blog\/?s={search_term_string}"},"query-input":{"@type":"PropertyValueSpecification","valueRequired":true,"valueName":"search_term_string"}}],"inLanguage":"pt-BR"}]}</script>
<!-- / Yoast SEO plugin. -->

Era uma tardezinha de primavera. A menina sorridente não sorria … Leia Mais

Início
